{"id":255443,"date":"2023-11-20T16:02:27","date_gmt":"2023-11-20T15:02:27","guid":{"rendered":"https:\/\/webdesi-gn.fr\/dev_deltalabo\/?post_type=product&#038;p=255443"},"modified":"2025-12-10T11:10:12","modified_gmt":"2025-12-10T10:10:12","slug":"mesure-de-lindice-cetane-par-analyseur-afida","status":"publish","type":"product","link":"https:\/\/webdesi-gn.fr\/dev_deltalabo\/produits\/cat-produit\/mesure-de-lindice-cetane-par-analyseur-afida\/","title":{"rendered":"Analyseur d&rsquo;indice c\u00e9tane STANHOPE SETA &#8211; AFIDA SA6000-0"},"content":{"rendered":"","protected":false},"excerpt":{"rendered":"<p><strong>Analyseur d&rsquo;indice c\u00e9tane Stanhope Seta AFIDA (Advanced Fuel Ignition Delay Analyser) SA6000-0 :<\/strong><\/p>\n<p>L&rsquo;analyseur AFIDA permet la d\u00e9termination de l&rsquo;indice c\u00e9tane r\u00e9el (et non d\u00e9riv\u00e9), \u00e9galement appel\u00e9 Generic Cetane Number (G-CN) selon les normes ASTM D8183, ASTM D4054, IP 617, EN 17155.<\/p>\n<p>La norme EN 17155 figure dans les sp\u00e9cifications des carburants diesel EN 590 et des gazoles paraffiniques de synth\u00e8se EN 15940-2023.<\/p>\n<p id=\"tw-target-text\" class=\"tw-data-text tw-text-large tw-ta\" dir=\"ltr\" data-placeholder=\"Traduction\" data-ved=\"2ahUKEwjN9Ijhiq-NAxWod6QEHWGnDLsQ3ewLegQICRAV\" aria-label=\"Texte traduit\u00a0: IP 617 mesure l'indice de c\u00e9tane indiqu\u00e9 (ICN) pour \u00e9valuer les caract\u00e9ristiques d'inflammation du carburant. Les valeurs ICN vont de 35 \u00e0 60, ce qui correspond aux recommandations des constructeurs d'avions et de moteurs pour att\u00e9nuer les risques tels que le Lean Blowout (LBO), une condition ind\u00e9sirable dans laquelle le rapport carburant-air diminue jusqu'au point d'extinction de la flamme dans une turbine \u00e0 gaz.\"><span class=\"Y2IQFc\" lang=\"fr\">Plage de mesure : 35 \u00e0 85 ICN.<\/span><\/p>\n<p>L&rsquo;analyseur AFIDA utilise les \u00e9talons de fuel primaires et dispose d&rsquo;un passeur automatique 36 positions. Un test ne dure que 24 minutes. Il offre d&rsquo;excellentes corr\u00e9lations avec l&rsquo;ASTM D613, EN ISO 5165 et DIN 51773.<\/p>\n<p><strong>T\u00e9l\u00e9charger la brochure produit :<\/strong> <a href=\"https:\/\/www.deltalabo.fr\/wp-content\/uploads\/2025\/05\/Doc-AFIDA-05.25-engl-DL.pdf\">Analyseur Stanhope Seta AFIDA SA6000-0<\/a><\/p>\n<p><strong>T\u00e9l\u00e9charger la brochure des normes :<\/strong> <a href=\"https:\/\/www.deltalabo.fr\/wp-content\/uploads\/2025\/03\/AFIDA-application-guide-04.18-engl-DL-2021.pdf\">Normes Stanhope Seta AFIDA SA6000-0<\/a><\/p>\n","protected":false},"featured_media":262349,"template":"","meta":{"_acf_changed":false,"site-sidebar-layout":"default","site-content-layout":"","ast-site-content-layout":"default","site-content-style":"default","site-sidebar-style":"default","ast-global-header-display":"","ast-banner-title-visibility":"","ast-main-header-display":"","ast-hfb-above-header-display":"","ast-hfb-below-header-display":"","ast-hfb-mobile-header-display":"","site-post-title":"","ast-breadcrumbs-content":"","ast-featured-img":"","footer-sml-layout":"","ast-disable-related-posts":"","theme-transparent-header-meta":"default","adv-header-id-meta":"","stick-header-meta":"","header-above-stick-meta":"","header-main-stick-meta":"","header-below-stick-meta":"","astra-migrate-meta-layouts":"set","ast-page-background-enabled":"default","ast-page-background-meta":{"desktop":{"background-color":"var(--ast-global-color-5)","background-image":"","background-repeat":"repeat","background-position":"center center","background-size":"auto","background-attachment":"scroll","background-type":"","background-media":"","overlay-type":"","overlay-color":"","overlay-opacity":"","overlay-gradient":""},"tablet":{"background-color":"","background-image":"","background-repeat":"repeat","background-position":"center center","background-size":"auto","background-attachment":"scroll","background-type":"","background-media":"","overlay-type":"","overlay-color":"","overlay-opacity":"","overlay-gradient":""},"mobile":{"background-color":"","background-image":"","background-repeat":"repeat","background-position":"center center","background-size":"auto","background-attachment":"scroll","background-type":"","background-media":"","overlay-type":"","overlay-color":"","overlay-opacity":"","overlay-gradient":""}},"ast-content-background-meta":{"desktop":{"background-color":"var(--ast-global-color-4)","background-image":"","background-repeat":"repeat","background-position":"center center","background-size":"auto","background-attachment":"scroll","background-type":"","background-media":"","overlay-type":"","overlay-color":"","overlay-opacity":"","overlay-gradient":""},"tablet":{"background-color":"var(--ast-global-color-4)","background-image":"","background-repeat":"repeat","background-position":"center center","background-size":"auto","background-attachment":"scroll","background-type":"","background-media":"","overlay-type":"","overlay-color":"","overlay-opacity":"","overlay-gradient":""},"mobile":{"background-color":"var(--ast-global-color-4)","background-image":"","background-repeat":"repeat","background-position":"center center","background-size":"auto","background-attachment":"scroll","background-type":"","background-media":"","overlay-type":"","overlay-color":"","overlay-opacity":"","overlay-gradient":""}}},"domaine":[],"normes":[3333,3388,17135,13261,17141],"product_brand":[],"product_cat":[15],"product_tag":[],"class_list":{"0":"post-255443","1":"product","2":"type-product","3":"status-publish","4":"has-post-thumbnail","6":"normes-d4054","7":"normes-d8183","8":"normes-din-51562","9":"normes-en-17155","10":"normes-ip-617","11":"product_cat-cat-produit","12":"desktop-align-left","13":"tablet-align-left","14":"mobile-align-left","16":"first","17":"instock","18":"shipping-taxable","19":"product-type-simple"},"acf":[],"yoast_head":"<!-- This site is optimized with the Yoast SEO plugin v27.4 - https:\/\/yoast.com\/product\/yoast-seo-wordpress\/ -->\n<title>Analyseur d&#039;indice c\u00e9tane STANHOPE SETA - AFIDA SA6000-0 | DeltaLabo<\/title>\n<meta name=\"robots\" content=\"noindex, follow, max-snippet:-1, max-image-preview:large, max-video-preview:-1\" \/>\n<meta property=\"og:locale\" content=\"fr_FR\" \/>\n<meta property=\"og:type\" content=\"article\" \/>\n<meta property=\"og:title\" content=\"Analyseur d&#039;indice c\u00e9tane STANHOPE SETA - AFIDA SA6000-0 | DeltaLabo\" \/>\n<meta property=\"og:description\" content=\"Analyseur d&#039;indice c\u00e9tane Stanhope Seta AFIDA (Advanced Fuel Ignition Delay Analyser) SA6000-0 :  L&#039;analyseur AFIDA permet la d\u00e9termination de l&#039;indice c\u00e9tane r\u00e9el (et non d\u00e9riv\u00e9), \u00e9galement appel\u00e9 Generic Cetane Number (G-CN) selon les normes ASTM D8183, ASTM D4054, IP 617, EN 17155.  La norme EN 17155 figure dans les sp\u00e9cifications des carburants diesel EN 590 et des gazoles paraffiniques de synth\u00e8se EN 15940-2023. Plage de mesure : 35 \u00e0 85 ICN. L&#039;analyseur AFIDA utilise les \u00e9talons de fuel primaires et dispose d&#039;un passeur automatique 36 positions. Un test ne dure que 24 minutes. Il offre d&#039;excellentes corr\u00e9lations avec l&#039;ASTM D613, EN ISO 5165 et DIN 51773.  T\u00e9l\u00e9charger la brochure produit : Analyseur Stanhope Seta AFIDA SA6000-0  T\u00e9l\u00e9charger la brochure des normes : Normes Stanhope Seta AFIDA SA6000-0\" \/>\n<meta property=\"og:url\" content=\"https:\/\/webdesi-gn.fr\/dev_deltalabo\/produits\/cat-produit\/mesure-de-lindice-cetane-par-analyseur-afida\/\" \/>\n<meta property=\"og:site_name\" content=\"DeltaLabo\" \/>\n<meta property=\"article:modified_time\" content=\"2025-12-10T10:10:12+00:00\" \/>\n<meta property=\"og:image\" content=\"https:\/\/webdesi-gn.fr\/dev_deltalabo\/wp-content\/uploads\/2025\/11\/DELTA-LABO-Mesure-de-lindice-cetane-par-analyseur-AFIDA.jpg\" \/>\n\t<meta property=\"og:image:width\" content=\"731\" \/>\n\t<meta property=\"og:image:height\" content=\"641\" \/>\n\t<meta property=\"og:image:type\" content=\"image\/jpeg\" \/>\n<meta name=\"twitter:card\" content=\"summary_large_image\" \/>\n<meta name=\"twitter:label1\" content=\"Dur\u00e9e de lecture estim\u00e9e\" \/>\n\t<meta name=\"twitter:data1\" content=\"1 minute\" \/>\n<script type=\"application\/ld+json\" class=\"yoast-schema-graph\">{\"@context\":\"https:\\\/\\\/schema.org\",\"@graph\":[{\"@type\":\"WebPage\",\"@id\":\"https:\\\/\\\/webdesi-gn.fr\\\/dev_deltalabo\\\/produits\\\/cat-produit\\\/mesure-de-lindice-cetane-par-analyseur-afida\\\/\",\"url\":\"https:\\\/\\\/webdesi-gn.fr\\\/dev_deltalabo\\\/produits\\\/cat-produit\\\/mesure-de-lindice-cetane-par-analyseur-afida\\\/\",\"name\":\"Analyseur d'indice c\u00e9tane STANHOPE SETA - AFIDA SA6000-0 | DeltaLabo\",\"isPartOf\":{\"@id\":\"https:\\\/\\\/webdesi-gn.fr\\\/dev_deltalabo\\\/#website\"},\"primaryImageOfPage\":{\"@id\":\"https:\\\/\\\/webdesi-gn.fr\\\/dev_deltalabo\\\/produits\\\/cat-produit\\\/mesure-de-lindice-cetane-par-analyseur-afida\\\/#primaryimage\"},\"image\":{\"@id\":\"https:\\\/\\\/webdesi-gn.fr\\\/dev_deltalabo\\\/produits\\\/cat-produit\\\/mesure-de-lindice-cetane-par-analyseur-afida\\\/#primaryimage\"},\"thumbnailUrl\":\"https:\\\/\\\/webdesi-gn.fr\\\/dev_deltalabo\\\/wp-content\\\/uploads\\\/2025\\\/11\\\/DELTA-LABO-Mesure-de-lindice-cetane-par-analyseur-AFIDA.jpg\",\"datePublished\":\"2023-11-20T15:02:27+00:00\",\"dateModified\":\"2025-12-10T10:10:12+00:00\",\"breadcrumb\":{\"@id\":\"https:\\\/\\\/webdesi-gn.fr\\\/dev_deltalabo\\\/produits\\\/cat-produit\\\/mesure-de-lindice-cetane-par-analyseur-afida\\\/#breadcrumb\"},\"inLanguage\":\"fr-FR\",\"potentialAction\":[{\"@type\":\"ReadAction\",\"target\":[\"https:\\\/\\\/webdesi-gn.fr\\\/dev_deltalabo\\\/produits\\\/cat-produit\\\/mesure-de-lindice-cetane-par-analyseur-afida\\\/\"]}]},{\"@type\":\"ImageObject\",\"inLanguage\":\"fr-FR\",\"@id\":\"https:\\\/\\\/webdesi-gn.fr\\\/dev_deltalabo\\\/produits\\\/cat-produit\\\/mesure-de-lindice-cetane-par-analyseur-afida\\\/#primaryimage\",\"url\":\"https:\\\/\\\/webdesi-gn.fr\\\/dev_deltalabo\\\/wp-content\\\/uploads\\\/2025\\\/11\\\/DELTA-LABO-Mesure-de-lindice-cetane-par-analyseur-AFIDA.jpg\",\"contentUrl\":\"https:\\\/\\\/webdesi-gn.fr\\\/dev_deltalabo\\\/wp-content\\\/uploads\\\/2025\\\/11\\\/DELTA-LABO-Mesure-de-lindice-cetane-par-analyseur-AFIDA.jpg\",\"width\":731,\"height\":641},{\"@type\":\"BreadcrumbList\",\"@id\":\"https:\\\/\\\/webdesi-gn.fr\\\/dev_deltalabo\\\/produits\\\/cat-produit\\\/mesure-de-lindice-cetane-par-analyseur-afida\\\/#breadcrumb\",\"itemListElement\":[{\"@type\":\"ListItem\",\"position\":1,\"name\":\"Accueil\",\"item\":\"https:\\\/\\\/webdesi-gn.fr\\\/dev_deltalabo\\\/\"},{\"@type\":\"ListItem\",\"position\":2,\"name\":\"Produits\",\"item\":\"https:\\\/\\\/webdesi-gn.fr\\\/dev_deltalabo\\\/produits\\\/\"},{\"@type\":\"ListItem\",\"position\":3,\"name\":\"Analyseur d&rsquo;indice c\u00e9tane STANHOPE SETA &#8211; AFIDA SA6000-0\"}]},{\"@type\":\"WebSite\",\"@id\":\"https:\\\/\\\/webdesi-gn.fr\\\/dev_deltalabo\\\/#website\",\"url\":\"https:\\\/\\\/webdesi-gn.fr\\\/dev_deltalabo\\\/\",\"name\":\"Delta Labo\",\"description\":\"Un site utilisant WordPress\",\"publisher\":{\"@id\":\"https:\\\/\\\/webdesi-gn.fr\\\/dev_deltalabo\\\/#organization\"},\"alternateName\":\"Delta Labo\",\"potentialAction\":[{\"@type\":\"SearchAction\",\"target\":{\"@type\":\"EntryPoint\",\"urlTemplate\":\"https:\\\/\\\/webdesi-gn.fr\\\/dev_deltalabo\\\/?s={search_term_string}\"},\"query-input\":{\"@type\":\"PropertyValueSpecification\",\"valueRequired\":true,\"valueName\":\"search_term_string\"}}],\"inLanguage\":\"fr-FR\"},{\"@type\":\"Organization\",\"@id\":\"https:\\\/\\\/webdesi-gn.fr\\\/dev_deltalabo\\\/#organization\",\"name\":\"DeltaLabo\",\"url\":\"https:\\\/\\\/webdesi-gn.fr\\\/dev_deltalabo\\\/\",\"logo\":{\"@type\":\"ImageObject\",\"inLanguage\":\"fr-FR\",\"@id\":\"https:\\\/\\\/webdesi-gn.fr\\\/dev_deltalabo\\\/#\\\/schema\\\/logo\\\/image\\\/\",\"url\":\"https:\\\/\\\/webdesi-gn.fr\\\/dev_deltalabo\\\/wp-content\\\/uploads\\\/2022\\\/07\\\/logo-deltalabo.png\",\"contentUrl\":\"https:\\\/\\\/webdesi-gn.fr\\\/dev_deltalabo\\\/wp-content\\\/uploads\\\/2022\\\/07\\\/logo-deltalabo.png\",\"width\":694,\"height\":306,\"caption\":\"DeltaLabo\"},\"image\":{\"@id\":\"https:\\\/\\\/webdesi-gn.fr\\\/dev_deltalabo\\\/#\\\/schema\\\/logo\\\/image\\\/\"}}]}<\/script>\n<!-- \/ Yoast SEO plugin. -->","yoast_head_json":{"title":"Analyseur d'indice c\u00e9tane STANHOPE SETA - AFIDA SA6000-0 | DeltaLabo","robots":{"index":"noindex","follow":"follow","max-snippet":"max-snippet:-1","max-image-preview":"max-image-preview:large","max-video-preview":"max-video-preview:-1"},"og_locale":"fr_FR","og_type":"article","og_title":"Analyseur d'indice c\u00e9tane STANHOPE SETA - AFIDA SA6000-0 | DeltaLabo","og_description":"Analyseur d'indice c\u00e9tane Stanhope Seta AFIDA (Advanced Fuel Ignition Delay Analyser) SA6000-0 :  L'analyseur AFIDA permet la d\u00e9termination de l'indice c\u00e9tane r\u00e9el (et non d\u00e9riv\u00e9), \u00e9galement appel\u00e9 Generic Cetane Number (G-CN) selon les normes ASTM D8183, ASTM D4054, IP 617, EN 17155.  La norme EN 17155 figure dans les sp\u00e9cifications des carburants diesel EN 590 et des gazoles paraffiniques de synth\u00e8se EN 15940-2023. Plage de mesure : 35 \u00e0 85 ICN. L'analyseur AFIDA utilise les \u00e9talons de fuel primaires et dispose d'un passeur automatique 36 positions. Un test ne dure que 24 minutes. Il offre d'excellentes corr\u00e9lations avec l'ASTM D613, EN ISO 5165 et DIN 51773.  T\u00e9l\u00e9charger la brochure produit : Analyseur Stanhope Seta AFIDA SA6000-0  T\u00e9l\u00e9charger la brochure des normes : Normes Stanhope Seta AFIDA SA6000-0","og_url":"https:\/\/webdesi-gn.fr\/dev_deltalabo\/produits\/cat-produit\/mesure-de-lindice-cetane-par-analyseur-afida\/","og_site_name":"DeltaLabo","article_modified_time":"2025-12-10T10:10:12+00:00","og_image":[{"width":731,"height":641,"url":"https:\/\/webdesi-gn.fr\/dev_deltalabo\/wp-content\/uploads\/2025\/11\/DELTA-LABO-Mesure-de-lindice-cetane-par-analyseur-AFIDA.jpg","type":"image\/jpeg"}],"twitter_card":"summary_large_image","twitter_misc":{"Dur\u00e9e de lecture estim\u00e9e":"1 minute"},"schema":{"@context":"https:\/\/schema.org","@graph":[{"@type":"WebPage","@id":"https:\/\/webdesi-gn.fr\/dev_deltalabo\/produits\/cat-produit\/mesure-de-lindice-cetane-par-analyseur-afida\/","url":"https:\/\/webdesi-gn.fr\/dev_deltalabo\/produits\/cat-produit\/mesure-de-lindice-cetane-par-analyseur-afida\/","name":"Analyseur d'indice c\u00e9tane STANHOPE SETA - AFIDA SA6000-0 | DeltaLabo","isPartOf":{"@id":"https:\/\/webdesi-gn.fr\/dev_deltalabo\/#website"},"primaryImageOfPage":{"@id":"https:\/\/webdesi-gn.fr\/dev_deltalabo\/produits\/cat-produit\/mesure-de-lindice-cetane-par-analyseur-afida\/#primaryimage"},"image":{"@id":"https:\/\/webdesi-gn.fr\/dev_deltalabo\/produits\/cat-produit\/mesure-de-lindice-cetane-par-analyseur-afida\/#primaryimage"},"thumbnailUrl":"https:\/\/webdesi-gn.fr\/dev_deltalabo\/wp-content\/uploads\/2025\/11\/DELTA-LABO-Mesure-de-lindice-cetane-par-analyseur-AFIDA.jpg","datePublished":"2023-11-20T15:02:27+00:00","dateModified":"2025-12-10T10:10:12+00:00","breadcrumb":{"@id":"https:\/\/webdesi-gn.fr\/dev_deltalabo\/produits\/cat-produit\/mesure-de-lindice-cetane-par-analyseur-afida\/#breadcrumb"},"inLanguage":"fr-FR","potentialAction":[{"@type":"ReadAction","target":["https:\/\/webdesi-gn.fr\/dev_deltalabo\/produits\/cat-produit\/mesure-de-lindice-cetane-par-analyseur-afida\/"]}]},{"@type":"ImageObject","inLanguage":"fr-FR","@id":"https:\/\/webdesi-gn.fr\/dev_deltalabo\/produits\/cat-produit\/mesure-de-lindice-cetane-par-analyseur-afida\/#primaryimage","url":"https:\/\/webdesi-gn.fr\/dev_deltalabo\/wp-content\/uploads\/2025\/11\/DELTA-LABO-Mesure-de-lindice-cetane-par-analyseur-AFIDA.jpg","contentUrl":"https:\/\/webdesi-gn.fr\/dev_deltalabo\/wp-content\/uploads\/2025\/11\/DELTA-LABO-Mesure-de-lindice-cetane-par-analyseur-AFIDA.jpg","width":731,"height":641},{"@type":"BreadcrumbList","@id":"https:\/\/webdesi-gn.fr\/dev_deltalabo\/produits\/cat-produit\/mesure-de-lindice-cetane-par-analyseur-afida\/#breadcrumb","itemListElement":[{"@type":"ListItem","position":1,"name":"Accueil","item":"https:\/\/webdesi-gn.fr\/dev_deltalabo\/"},{"@type":"ListItem","position":2,"name":"Produits","item":"https:\/\/webdesi-gn.fr\/dev_deltalabo\/produits\/"},{"@type":"ListItem","position":3,"name":"Analyseur d&rsquo;indice c\u00e9tane STANHOPE SETA &#8211; AFIDA SA6000-0"}]},{"@type":"WebSite","@id":"https:\/\/webdesi-gn.fr\/dev_deltalabo\/#website","url":"https:\/\/webdesi-gn.fr\/dev_deltalabo\/","name":"Delta Labo","description":"Un site utilisant WordPress","publisher":{"@id":"https:\/\/webdesi-gn.fr\/dev_deltalabo\/#organization"},"alternateName":"Delta Labo","potentialAction":[{"@type":"SearchAction","target":{"@type":"EntryPoint","urlTemplate":"https:\/\/webdesi-gn.fr\/dev_deltalabo\/?s={search_term_string}"},"query-input":{"@type":"PropertyValueSpecification","valueRequired":true,"valueName":"search_term_string"}}],"inLanguage":"fr-FR"},{"@type":"Organization","@id":"https:\/\/webdesi-gn.fr\/dev_deltalabo\/#organization","name":"DeltaLabo","url":"https:\/\/webdesi-gn.fr\/dev_deltalabo\/","logo":{"@type":"ImageObject","inLanguage":"fr-FR","@id":"https:\/\/webdesi-gn.fr\/dev_deltalabo\/#\/schema\/logo\/image\/","url":"https:\/\/webdesi-gn.fr\/dev_deltalabo\/wp-content\/uploads\/2022\/07\/logo-deltalabo.png","contentUrl":"https:\/\/webdesi-gn.fr\/dev_deltalabo\/wp-content\/uploads\/2022\/07\/logo-deltalabo.png","width":694,"height":306,"caption":"DeltaLabo"},"image":{"@id":"https:\/\/webdesi-gn.fr\/dev_deltalabo\/#\/schema\/logo\/image\/"}}]}},"_links":{"self":[{"href":"https:\/\/webdesi-gn.fr\/dev_deltalabo\/wp-json\/wp\/v2\/product\/255443","targetHints":{"allow":["GET"]}}],"collection":[{"href":"https:\/\/webdesi-gn.fr\/dev_deltalabo\/wp-json\/wp\/v2\/product"}],"about":[{"href":"https:\/\/webdesi-gn.fr\/dev_deltalabo\/wp-json\/wp\/v2\/types\/product"}],"wp:featuredmedia":[{"embeddable":true,"href":"https:\/\/webdesi-gn.fr\/dev_deltalabo\/wp-json\/wp\/v2\/media\/262349"}],"wp:attachment":[{"href":"https:\/\/webdesi-gn.fr\/dev_deltalabo\/wp-json\/wp\/v2\/media?parent=255443"}],"wp:term":[{"taxonomy":"domaine","embeddable":true,"href":"https:\/\/webdesi-gn.fr\/dev_deltalabo\/wp-json\/wp\/v2\/domaine?post=255443"},{"taxonomy":"normes","embeddable":true,"href":"https:\/\/webdesi-gn.fr\/dev_deltalabo\/wp-json\/wp\/v2\/normes?post=255443"},{"taxonomy":"product_brand","embeddable":true,"href":"https:\/\/webdesi-gn.fr\/dev_deltalabo\/wp-json\/wp\/v2\/product_brand?post=255443"},{"taxonomy":"product_cat","embeddable":true,"href":"https:\/\/webdesi-gn.fr\/dev_deltalabo\/wp-json\/wp\/v2\/product_cat?post=255443"},{"taxonomy":"product_tag","embeddable":true,"href":"https:\/\/webdesi-gn.fr\/dev_deltalabo\/wp-json\/wp\/v2\/product_tag?post=255443"}],"curies":[{"name":"wp","href":"https:\/\/api.w.org\/{rel}","templated":true}]}}