{"id":255552,"date":"2024-01-08T16:53:36","date_gmt":"2024-01-08T15:53:36","guid":{"rendered":"https:\/\/webdesi-gn.fr\/dev_deltalabo\/?post_type=product&#038;p=255552"},"modified":"2025-11-24T13:56:43","modified_gmt":"2025-11-24T12:56:43","slug":"salinometre-pour-petrole-brut-selon-astm-d3230","status":"publish","type":"product","link":"https:\/\/webdesi-gn.fr\/dev_deltalabo\/produits\/categories\/salinometre-pour-petrole-brut-selon-astm-d3230\/","title":{"rendered":"Salinom\u00e8tre pour p\u00e9trole brut STANHOPE SETA &#8211; 99700-6"},"content":{"rendered":"","protected":false},"excerpt":{"rendered":"<p><strong>Salinom\u00e8tre pour p\u00e9trole brut Stanhope Seta &#8211; 99700-6 :<\/strong><\/p>\n<p>Le salinom\u00e8tre pour p\u00e9trole brut Stanhope Seta &#8211; 99700-6 est un analyseur robuste et portable permettant de d\u00e9terminer la teneur en chlorure (sel) des p\u00e9troles bruts en conformit\u00e9 avec les normes ASTM D3230 et IP 265. L&rsquo;analyse du sel contenu dans le p\u00e9trole brut est tr\u00e8s important car cela permet d&rsquo;\u00e9valuer le potentiel de corrosion sur les \u00e9quipements et les pipelines.<\/p>\n<p><span dir=\"auto\">Le salinom\u00e8tre pour p\u00e9trole brut Stanhope Seta &#8211; 99700-6 est pr\u00e9-calibr\u00e9 et affiche automatiquement les mesures de concentration en sel en g\/m3 ou en lbs\/1000bbl (livres par mille barils), ce qui \u00e9vite d&rsquo;avoir \u00e0 m\u00e9langer des solutions \u00e9talons de sel et rend le test simple et rapide.<\/span><\/p>\n<p><span dir=\"auto\">Fourni avec des supports pour b\u00e9cher et capteur, un support de table est \u00e9galement disponible en option. L&rsquo;analyseur est dot\u00e9 d&rsquo;un capteur enfichable interchangeable.<\/span><\/p>\n<p>Caract\u00e9ristiques :<\/p>\n<ul>\n<li>plage de mesures : de 0.0 \u00e0 430.0 g\/m3<\/li>\n<li>plage de temp\u00e9rature : -20\u00b0C \u00e0 +150\u00b0C<\/li>\n<li>alimentation de 9Vdc par pile ou adaptateur secteur<\/li>\n<\/ul>\n<p><strong>T\u00e9l\u00e9charger la brochure produit :<\/strong> <a href=\"https:\/\/www.deltalabo.fr\/wp-content\/uploads\/2025\/11\/Doc-salinometre-99700-6_Salt-In-Crude-engl-DL-2025.pdf\">Salinom\u00e8tre pour p\u00e9trole brut Stanhope Seta &#8211; 99700-6<\/a><\/p>\n","protected":false},"featured_media":262308,"template":"","meta":{"_acf_changed":false,"site-sidebar-layout":"default","site-content-layout":"","ast-site-content-layout":"default","site-content-style":"default","site-sidebar-style":"default","ast-global-header-display":"","ast-banner-title-visibility":"","ast-main-header-display":"","ast-hfb-above-header-display":"","ast-hfb-below-header-display":"","ast-hfb-mobile-header-display":"","site-post-title":"","ast-breadcrumbs-content":"","ast-featured-img":"","footer-sml-layout":"","ast-disable-related-posts":"","theme-transparent-header-meta":"","adv-header-id-meta":"","stick-header-meta":"","header-above-stick-meta":"","header-main-stick-meta":"","header-below-stick-meta":"","astra-migrate-meta-layouts":"default","ast-page-background-enabled":"default","ast-page-background-meta":{"desktop":{"background-color":"var(--ast-global-color-5)","background-image":"","background-repeat":"repeat","background-position":"center center","background-size":"auto","background-attachment":"scroll","background-type":"","background-media":"","overlay-type":"","overlay-color":"","overlay-opacity":"","overlay-gradient":""},"tablet":{"background-color":"","background-image":"","background-repeat":"repeat","background-position":"center center","background-size":"auto","background-attachment":"scroll","background-type":"","background-media":"","overlay-type":"","overlay-color":"","overlay-opacity":"","overlay-gradient":""},"mobile":{"background-color":"","background-image":"","background-repeat":"repeat","background-position":"center center","background-size":"auto","background-attachment":"scroll","background-type":"","background-media":"","overlay-type":"","overlay-color":"","overlay-opacity":"","overlay-gradient":""}},"ast-content-background-meta":{"desktop":{"background-color":"var(--ast-global-color-4)","background-image":"","background-repeat":"repeat","background-position":"center center","background-size":"auto","background-attachment":"scroll","background-type":"","background-media":"","overlay-type":"","overlay-color":"","overlay-opacity":"","overlay-gradient":""},"tablet":{"background-color":"var(--ast-global-color-4)","background-image":"","background-repeat":"repeat","background-position":"center center","background-size":"auto","background-attachment":"scroll","background-type":"","background-media":"","overlay-type":"","overlay-color":"","overlay-opacity":"","overlay-gradient":""},"mobile":{"background-color":"var(--ast-global-color-4)","background-image":"","background-repeat":"repeat","background-position":"center center","background-size":"auto","background-attachment":"scroll","background-type":"","background-media":"","overlay-type":"","overlay-color":"","overlay-opacity":"","overlay-gradient":""}}},"domaine":[],"normes":[17135],"product_brand":[],"product_cat":[17240],"product_tag":[],"class_list":{"0":"post-255552","1":"product","2":"type-product","3":"status-publish","4":"has-post-thumbnail","6":"normes-din-51562","7":"product_cat-categories","8":"desktop-align-left","9":"tablet-align-left","10":"mobile-align-left","12":"first","13":"instock","14":"shipping-taxable","15":"product-type-simple"},"acf":[],"yoast_head":"<!-- This site is optimized with the Yoast SEO plugin v27.4 - https:\/\/yoast.com\/product\/yoast-seo-wordpress\/ -->\n<title>Salinom\u00e8tre pour p\u00e9trole brut STANHOPE SETA - 99700-6 | DeltaLabo<\/title>\n<meta name=\"robots\" content=\"noindex, follow, max-snippet:-1, max-image-preview:large, max-video-preview:-1\" \/>\n<meta property=\"og:locale\" content=\"fr_FR\" \/>\n<meta property=\"og:type\" content=\"article\" \/>\n<meta property=\"og:title\" content=\"Salinom\u00e8tre pour p\u00e9trole brut STANHOPE SETA - 99700-6 | DeltaLabo\" \/>\n<meta property=\"og:description\" content=\"Salinom\u00e8tre pour p\u00e9trole brut Stanhope Seta - 99700-6 :  Le salinom\u00e8tre pour p\u00e9trole brut Stanhope Seta - 99700-6 est un analyseur robuste et portable permettant de d\u00e9terminer la teneur en chlorure (sel) des p\u00e9troles bruts en conformit\u00e9 avec les normes ASTM D3230 et IP 265. L&#039;analyse du sel contenu dans le p\u00e9trole brut est tr\u00e8s important car cela permet d&#039;\u00e9valuer le potentiel de corrosion sur les \u00e9quipements et les pipelines.  Le salinom\u00e8tre pour p\u00e9trole brut Stanhope Seta - 99700-6 est pr\u00e9-calibr\u00e9 et affiche automatiquement les mesures de concentration en sel en g\/m3 ou en lbs\/1000bbl (livres par mille barils), ce qui \u00e9vite d&#039;avoir \u00e0 m\u00e9langer des solutions \u00e9talons de sel et rend le test simple et rapide.  Fourni avec des supports pour b\u00e9cher et capteur, un support de table est \u00e9galement disponible en option. L&#039;analyseur est dot\u00e9 d&#039;un capteur enfichable interchangeable.  Caract\u00e9ristiques :   plage de mesures : de 0.0 \u00e0 430.0 g\/m3  plage de temp\u00e9rature : -20\u00b0C \u00e0 +150\u00b0C  alimentation de 9Vdc par pile ou adaptateur secteur  T\u00e9l\u00e9charger la brochure produit : Salinom\u00e8tre pour p\u00e9trole brut Stanhope Seta - 99700-6\" \/>\n<meta property=\"og:url\" content=\"https:\/\/webdesi-gn.fr\/dev_deltalabo\/produits\/cat-produit\/salinometre-pour-petrole-brut-selon-astm-d3230\/\" \/>\n<meta property=\"og:site_name\" content=\"DeltaLabo\" \/>\n<meta property=\"article:modified_time\" content=\"2025-11-24T12:56:43+00:00\" \/>\n<meta property=\"og:image\" content=\"https:\/\/webdesi-gn.fr\/dev_deltalabo\/wp-content\/uploads\/2024\/01\/DELTA-LABO-Salinometre-pour-petrole-brut.jpg\" \/>\n\t<meta property=\"og:image:width\" content=\"753\" \/>\n\t<meta property=\"og:image:height\" content=\"657\" \/>\n\t<meta property=\"og:image:type\" content=\"image\/jpeg\" \/>\n<meta name=\"twitter:card\" content=\"summary_large_image\" \/>\n<meta name=\"twitter:label1\" content=\"Dur\u00e9e de lecture estim\u00e9e\" \/>\n\t<meta name=\"twitter:data1\" content=\"1 minute\" \/>\n<script type=\"application\/ld+json\" class=\"yoast-schema-graph\">{\"@context\":\"https:\\\/\\\/schema.org\",\"@graph\":[{\"@type\":\"WebPage\",\"@id\":\"https:\\\/\\\/webdesi-gn.fr\\\/dev_deltalabo\\\/produits\\\/cat-produit\\\/salinometre-pour-petrole-brut-selon-astm-d3230\\\/\",\"url\":\"https:\\\/\\\/webdesi-gn.fr\\\/dev_deltalabo\\\/produits\\\/cat-produit\\\/salinometre-pour-petrole-brut-selon-astm-d3230\\\/\",\"name\":\"Salinom\u00e8tre pour p\u00e9trole brut STANHOPE SETA - 99700-6 | DeltaLabo\",\"isPartOf\":{\"@id\":\"https:\\\/\\\/webdesi-gn.fr\\\/dev_deltalabo\\\/#website\"},\"primaryImageOfPage\":{\"@id\":\"https:\\\/\\\/webdesi-gn.fr\\\/dev_deltalabo\\\/produits\\\/cat-produit\\\/salinometre-pour-petrole-brut-selon-astm-d3230\\\/#primaryimage\"},\"image\":{\"@id\":\"https:\\\/\\\/webdesi-gn.fr\\\/dev_deltalabo\\\/produits\\\/cat-produit\\\/salinometre-pour-petrole-brut-selon-astm-d3230\\\/#primaryimage\"},\"thumbnailUrl\":\"https:\\\/\\\/webdesi-gn.fr\\\/dev_deltalabo\\\/wp-content\\\/uploads\\\/2025\\\/11\\\/DELTA-LABO-Salinometre-pour-petrole-brut.jpg\",\"datePublished\":\"2024-01-08T15:53:36+00:00\",\"dateModified\":\"2025-11-24T12:56:43+00:00\",\"breadcrumb\":{\"@id\":\"https:\\\/\\\/webdesi-gn.fr\\\/dev_deltalabo\\\/produits\\\/cat-produit\\\/salinometre-pour-petrole-brut-selon-astm-d3230\\\/#breadcrumb\"},\"inLanguage\":\"fr-FR\",\"potentialAction\":[{\"@type\":\"ReadAction\",\"target\":[\"https:\\\/\\\/webdesi-gn.fr\\\/dev_deltalabo\\\/produits\\\/cat-produit\\\/salinometre-pour-petrole-brut-selon-astm-d3230\\\/\"]}]},{\"@type\":\"ImageObject\",\"inLanguage\":\"fr-FR\",\"@id\":\"https:\\\/\\\/webdesi-gn.fr\\\/dev_deltalabo\\\/produits\\\/cat-produit\\\/salinometre-pour-petrole-brut-selon-astm-d3230\\\/#primaryimage\",\"url\":\"https:\\\/\\\/webdesi-gn.fr\\\/dev_deltalabo\\\/wp-content\\\/uploads\\\/2025\\\/11\\\/DELTA-LABO-Salinometre-pour-petrole-brut.jpg\",\"contentUrl\":\"https:\\\/\\\/webdesi-gn.fr\\\/dev_deltalabo\\\/wp-content\\\/uploads\\\/2025\\\/11\\\/DELTA-LABO-Salinometre-pour-petrole-brut.jpg\",\"width\":753,\"height\":657},{\"@type\":\"BreadcrumbList\",\"@id\":\"https:\\\/\\\/webdesi-gn.fr\\\/dev_deltalabo\\\/produits\\\/cat-produit\\\/salinometre-pour-petrole-brut-selon-astm-d3230\\\/#breadcrumb\",\"itemListElement\":[{\"@type\":\"ListItem\",\"position\":1,\"name\":\"Accueil\",\"item\":\"https:\\\/\\\/webdesi-gn.fr\\\/dev_deltalabo\\\/\"},{\"@type\":\"ListItem\",\"position\":2,\"name\":\"Produits\",\"item\":\"https:\\\/\\\/webdesi-gn.fr\\\/dev_deltalabo\\\/produits\\\/\"},{\"@type\":\"ListItem\",\"position\":3,\"name\":\"Salinom\u00e8tre pour p\u00e9trole brut STANHOPE SETA &#8211; 99700-6\"}]},{\"@type\":\"WebSite\",\"@id\":\"https:\\\/\\\/webdesi-gn.fr\\\/dev_deltalabo\\\/#website\",\"url\":\"https:\\\/\\\/webdesi-gn.fr\\\/dev_deltalabo\\\/\",\"name\":\"Delta Labo\",\"description\":\"Un site utilisant WordPress\",\"publisher\":{\"@id\":\"https:\\\/\\\/webdesi-gn.fr\\\/dev_deltalabo\\\/#organization\"},\"alternateName\":\"Delta Labo\",\"potentialAction\":[{\"@type\":\"SearchAction\",\"target\":{\"@type\":\"EntryPoint\",\"urlTemplate\":\"https:\\\/\\\/webdesi-gn.fr\\\/dev_deltalabo\\\/?s={search_term_string}\"},\"query-input\":{\"@type\":\"PropertyValueSpecification\",\"valueRequired\":true,\"valueName\":\"search_term_string\"}}],\"inLanguage\":\"fr-FR\"},{\"@type\":\"Organization\",\"@id\":\"https:\\\/\\\/webdesi-gn.fr\\\/dev_deltalabo\\\/#organization\",\"name\":\"DeltaLabo\",\"url\":\"https:\\\/\\\/webdesi-gn.fr\\\/dev_deltalabo\\\/\",\"logo\":{\"@type\":\"ImageObject\",\"inLanguage\":\"fr-FR\",\"@id\":\"https:\\\/\\\/webdesi-gn.fr\\\/dev_deltalabo\\\/#\\\/schema\\\/logo\\\/image\\\/\",\"url\":\"https:\\\/\\\/webdesi-gn.fr\\\/dev_deltalabo\\\/wp-content\\\/uploads\\\/2022\\\/07\\\/logo-deltalabo.png\",\"contentUrl\":\"https:\\\/\\\/webdesi-gn.fr\\\/dev_deltalabo\\\/wp-content\\\/uploads\\\/2022\\\/07\\\/logo-deltalabo.png\",\"width\":694,\"height\":306,\"caption\":\"DeltaLabo\"},\"image\":{\"@id\":\"https:\\\/\\\/webdesi-gn.fr\\\/dev_deltalabo\\\/#\\\/schema\\\/logo\\\/image\\\/\"}}]}<\/script>\n<!-- \/ Yoast SEO plugin. -->","yoast_head_json":{"title":"Salinom\u00e8tre pour p\u00e9trole brut STANHOPE SETA - 99700-6 | DeltaLabo","robots":{"index":"noindex","follow":"follow","max-snippet":"max-snippet:-1","max-image-preview":"max-image-preview:large","max-video-preview":"max-video-preview:-1"},"og_locale":"fr_FR","og_type":"article","og_title":"Salinom\u00e8tre pour p\u00e9trole brut STANHOPE SETA - 99700-6 | DeltaLabo","og_description":"Salinom\u00e8tre pour p\u00e9trole brut Stanhope Seta - 99700-6 :  Le salinom\u00e8tre pour p\u00e9trole brut Stanhope Seta - 99700-6 est un analyseur robuste et portable permettant de d\u00e9terminer la teneur en chlorure (sel) des p\u00e9troles bruts en conformit\u00e9 avec les normes ASTM D3230 et IP 265. L'analyse du sel contenu dans le p\u00e9trole brut est tr\u00e8s important car cela permet d'\u00e9valuer le potentiel de corrosion sur les \u00e9quipements et les pipelines.  Le salinom\u00e8tre pour p\u00e9trole brut Stanhope Seta - 99700-6 est pr\u00e9-calibr\u00e9 et affiche automatiquement les mesures de concentration en sel en g\/m3 ou en lbs\/1000bbl (livres par mille barils), ce qui \u00e9vite d'avoir \u00e0 m\u00e9langer des solutions \u00e9talons de sel et rend le test simple et rapide.  Fourni avec des supports pour b\u00e9cher et capteur, un support de table est \u00e9galement disponible en option. L'analyseur est dot\u00e9 d'un capteur enfichable interchangeable.  Caract\u00e9ristiques :   plage de mesures : de 0.0 \u00e0 430.0 g\/m3  plage de temp\u00e9rature : -20\u00b0C \u00e0 +150\u00b0C  alimentation de 9Vdc par pile ou adaptateur secteur  T\u00e9l\u00e9charger la brochure produit : Salinom\u00e8tre pour p\u00e9trole brut Stanhope Seta - 99700-6","og_url":"https:\/\/webdesi-gn.fr\/dev_deltalabo\/produits\/cat-produit\/salinometre-pour-petrole-brut-selon-astm-d3230\/","og_site_name":"DeltaLabo","article_modified_time":"2025-11-24T12:56:43+00:00","og_image":[{"width":753,"height":657,"url":"https:\/\/webdesi-gn.fr\/dev_deltalabo\/wp-content\/uploads\/2024\/01\/DELTA-LABO-Salinometre-pour-petrole-brut.jpg","type":"image\/jpeg"}],"twitter_card":"summary_large_image","twitter_misc":{"Dur\u00e9e de lecture estim\u00e9e":"1 minute"},"schema":{"@context":"https:\/\/schema.org","@graph":[{"@type":"WebPage","@id":"https:\/\/webdesi-gn.fr\/dev_deltalabo\/produits\/cat-produit\/salinometre-pour-petrole-brut-selon-astm-d3230\/","url":"https:\/\/webdesi-gn.fr\/dev_deltalabo\/produits\/cat-produit\/salinometre-pour-petrole-brut-selon-astm-d3230\/","name":"Salinom\u00e8tre pour p\u00e9trole brut STANHOPE SETA - 99700-6 | DeltaLabo","isPartOf":{"@id":"https:\/\/webdesi-gn.fr\/dev_deltalabo\/#website"},"primaryImageOfPage":{"@id":"https:\/\/webdesi-gn.fr\/dev_deltalabo\/produits\/cat-produit\/salinometre-pour-petrole-brut-selon-astm-d3230\/#primaryimage"},"image":{"@id":"https:\/\/webdesi-gn.fr\/dev_deltalabo\/produits\/cat-produit\/salinometre-pour-petrole-brut-selon-astm-d3230\/#primaryimage"},"thumbnailUrl":"https:\/\/webdesi-gn.fr\/dev_deltalabo\/wp-content\/uploads\/2025\/11\/DELTA-LABO-Salinometre-pour-petrole-brut.jpg","datePublished":"2024-01-08T15:53:36+00:00","dateModified":"2025-11-24T12:56:43+00:00","breadcrumb":{"@id":"https:\/\/webdesi-gn.fr\/dev_deltalabo\/produits\/cat-produit\/salinometre-pour-petrole-brut-selon-astm-d3230\/#breadcrumb"},"inLanguage":"fr-FR","potentialAction":[{"@type":"ReadAction","target":["https:\/\/webdesi-gn.fr\/dev_deltalabo\/produits\/cat-produit\/salinometre-pour-petrole-brut-selon-astm-d3230\/"]}]},{"@type":"ImageObject","inLanguage":"fr-FR","@id":"https:\/\/webdesi-gn.fr\/dev_deltalabo\/produits\/cat-produit\/salinometre-pour-petrole-brut-selon-astm-d3230\/#primaryimage","url":"https:\/\/webdesi-gn.fr\/dev_deltalabo\/wp-content\/uploads\/2025\/11\/DELTA-LABO-Salinometre-pour-petrole-brut.jpg","contentUrl":"https:\/\/webdesi-gn.fr\/dev_deltalabo\/wp-content\/uploads\/2025\/11\/DELTA-LABO-Salinometre-pour-petrole-brut.jpg","width":753,"height":657},{"@type":"BreadcrumbList","@id":"https:\/\/webdesi-gn.fr\/dev_deltalabo\/produits\/cat-produit\/salinometre-pour-petrole-brut-selon-astm-d3230\/#breadcrumb","itemListElement":[{"@type":"ListItem","position":1,"name":"Accueil","item":"https:\/\/webdesi-gn.fr\/dev_deltalabo\/"},{"@type":"ListItem","position":2,"name":"Produits","item":"https:\/\/webdesi-gn.fr\/dev_deltalabo\/produits\/"},{"@type":"ListItem","position":3,"name":"Salinom\u00e8tre pour p\u00e9trole brut STANHOPE SETA &#8211; 99700-6"}]},{"@type":"WebSite","@id":"https:\/\/webdesi-gn.fr\/dev_deltalabo\/#website","url":"https:\/\/webdesi-gn.fr\/dev_deltalabo\/","name":"Delta Labo","description":"Un site utilisant WordPress","publisher":{"@id":"https:\/\/webdesi-gn.fr\/dev_deltalabo\/#organization"},"alternateName":"Delta Labo","potentialAction":[{"@type":"SearchAction","target":{"@type":"EntryPoint","urlTemplate":"https:\/\/webdesi-gn.fr\/dev_deltalabo\/?s={search_term_string}"},"query-input":{"@type":"PropertyValueSpecification","valueRequired":true,"valueName":"search_term_string"}}],"inLanguage":"fr-FR"},{"@type":"Organization","@id":"https:\/\/webdesi-gn.fr\/dev_deltalabo\/#organization","name":"DeltaLabo","url":"https:\/\/webdesi-gn.fr\/dev_deltalabo\/","logo":{"@type":"ImageObject","inLanguage":"fr-FR","@id":"https:\/\/webdesi-gn.fr\/dev_deltalabo\/#\/schema\/logo\/image\/","url":"https:\/\/webdesi-gn.fr\/dev_deltalabo\/wp-content\/uploads\/2022\/07\/logo-deltalabo.png","contentUrl":"https:\/\/webdesi-gn.fr\/dev_deltalabo\/wp-content\/uploads\/2022\/07\/logo-deltalabo.png","width":694,"height":306,"caption":"DeltaLabo"},"image":{"@id":"https:\/\/webdesi-gn.fr\/dev_deltalabo\/#\/schema\/logo\/image\/"}}]}},"_links":{"self":[{"href":"https:\/\/webdesi-gn.fr\/dev_deltalabo\/wp-json\/wp\/v2\/product\/255552","targetHints":{"allow":["GET"]}}],"collection":[{"href":"https:\/\/webdesi-gn.fr\/dev_deltalabo\/wp-json\/wp\/v2\/product"}],"about":[{"href":"https:\/\/webdesi-gn.fr\/dev_deltalabo\/wp-json\/wp\/v2\/types\/product"}],"wp:featuredmedia":[{"embeddable":true,"href":"https:\/\/webdesi-gn.fr\/dev_deltalabo\/wp-json\/wp\/v2\/media\/262308"}],"wp:attachment":[{"href":"https:\/\/webdesi-gn.fr\/dev_deltalabo\/wp-json\/wp\/v2\/media?parent=255552"}],"wp:term":[{"taxonomy":"domaine","embeddable":true,"href":"https:\/\/webdesi-gn.fr\/dev_deltalabo\/wp-json\/wp\/v2\/domaine?post=255552"},{"taxonomy":"normes","embeddable":true,"href":"https:\/\/webdesi-gn.fr\/dev_deltalabo\/wp-json\/wp\/v2\/normes?post=255552"},{"taxonomy":"product_brand","embeddable":true,"href":"https:\/\/webdesi-gn.fr\/dev_deltalabo\/wp-json\/wp\/v2\/product_brand?post=255552"},{"taxonomy":"product_cat","embeddable":true,"href":"https:\/\/webdesi-gn.fr\/dev_deltalabo\/wp-json\/wp\/v2\/product_cat?post=255552"},{"taxonomy":"product_tag","embeddable":true,"href":"https:\/\/webdesi-gn.fr\/dev_deltalabo\/wp-json\/wp\/v2\/product_tag?post=255552"}],"curies":[{"name":"wp","href":"https:\/\/api.w.org\/{rel}","templated":true}]}}