{"id":255752,"date":"2024-01-17T12:38:19","date_gmt":"2024-01-17T11:38:19","guid":{"rendered":"https:\/\/webdesi-gn.fr\/dev_deltalabo\/?post_type=product&#038;p=255752"},"modified":"2025-11-24T13:55:20","modified_gmt":"2025-11-24T12:55:20","slug":"polarimetre-automatique-bellingham-stanley-modele-adp-410","status":"publish","type":"product","link":"https:\/\/webdesi-gn.fr\/dev_deltalabo\/produits\/categories\/polarimetre-automatique-bellingham-stanley-modele-adp-410\/","title":{"rendered":"Polarim\u00e8tre num\u00e9rique Bellingham &#038; Stanley &#8211; s\u00e9rie ADP600 Peltier"},"content":{"rendered":"","protected":false},"excerpt":{"rendered":"<p><strong>Polarim\u00e8tre num\u00e9rique Bellingham &amp; Stanley &#8211; s\u00e9rie ADP600 Peltier :<\/strong><\/p>\n<p>Les polarim\u00e8tres de la s\u00e9rie ADP 600 Peltier avec contr\u00f4le de la temp\u00e9rature existe en diff\u00e9rentes versions, de 1 \u00e0 7 longueurs d&rsquo;ondes. Ils sont con\u00e7us pour mesurer le pouvoir rotatoire avec une tr\u00e8s grande pr\u00e9cision et une tra\u00e7abilit\u00e9 compl\u00e8te en accord avec la Pharmacop\u00e9e Europ\u00e9enne et la FDA.<\/p>\n<p>Caract\u00e9ristiques :<\/p>\n<ul>\n<li>R\u00e9solution jusqu&rsquo;\u00e0 quatre d\u00e9cimales<\/li>\n<li>\u00c9cran tactile LCD haute r\u00e9solution de 7,4 pouces<\/li>\n<li>Conforme aux normes US\/EP\/BP\/JP<\/li>\n<li>Conforme \u00e0 la r\u00e9glementation FDA 21 CFR Part 11<\/li>\n<li>Convient aux tubes standard et \u00e0 faible volume<\/li>\n<li>Choix de temp\u00e9ratures de travail : pr\u00e9-r\u00e9gl\u00e9 \u00e0 20\u00b0C et 25\u00b0C selon la pharmacop\u00e9e Europ\u00e9enne et la FDA, ou au choix, entre 15\u00b0C et 35\u00b0C<\/li>\n<\/ul>\n<p><strong>T\u00e9l\u00e9charger la brochure produit :<\/strong> <a href=\"https:\/\/www.deltalabo.fr\/wp-content\/uploads\/2025\/07\/Doc-Polarimetre-ADP600-fr-DL.pdf\">Polarim\u00e8tre num\u00e9rique Bellingham &amp; Stanley &#8211; s\u00e9rie ADP600 Peltier<\/a><\/p>\n<p><strong>T\u00e9l\u00e9charger la brochure produit \u00ab\u00a0\u00e9talons de r\u00e9f\u00e9rence certifi\u00e9s\u00a0\u00bb :<\/strong>\u00a0<a href=\"https:\/\/www.deltalabo.fr\/wp-content\/uploads\/2025\/08\/Brochure-etalons-de-reference-certifies-fr-DL.pdf\">Etalons de r\u00e9f\u00e9rence certifi\u00e9s<\/a><\/p>\n","protected":false},"featured_media":262284,"template":"","meta":{"_acf_changed":false,"site-sidebar-layout":"default","site-content-layout":"","ast-site-content-layout":"default","site-content-style":"default","site-sidebar-style":"default","ast-global-header-display":"","ast-banner-title-visibility":"","ast-main-header-display":"","ast-hfb-above-header-display":"","ast-hfb-below-header-display":"","ast-hfb-mobile-header-display":"","site-post-title":"","ast-breadcrumbs-content":"","ast-featured-img":"","footer-sml-layout":"","ast-disable-related-posts":"","theme-transparent-header-meta":"","adv-header-id-meta":"","stick-header-meta":"","header-above-stick-meta":"","header-main-stick-meta":"","header-below-stick-meta":"","astra-migrate-meta-layouts":"default","ast-page-background-enabled":"default","ast-page-background-meta":{"desktop":{"background-color":"var(--ast-global-color-5)","background-image":"","background-repeat":"repeat","background-position":"center center","background-size":"auto","background-attachment":"scroll","background-type":"","background-media":"","overlay-type":"","overlay-color":"","overlay-opacity":"","overlay-gradient":""},"tablet":{"background-color":"","background-image":"","background-repeat":"repeat","background-position":"center center","background-size":"auto","background-attachment":"scroll","background-type":"","background-media":"","overlay-type":"","overlay-color":"","overlay-opacity":"","overlay-gradient":""},"mobile":{"background-color":"","background-image":"","background-repeat":"repeat","background-position":"center center","background-size":"auto","background-attachment":"scroll","background-type":"","background-media":"","overlay-type":"","overlay-color":"","overlay-opacity":"","overlay-gradient":""}},"ast-content-background-meta":{"desktop":{"background-color":"var(--ast-global-color-4)","background-image":"","background-repeat":"repeat","background-position":"center center","background-size":"auto","background-attachment":"scroll","background-type":"","background-media":"","overlay-type":"","overlay-color":"","overlay-opacity":"","overlay-gradient":""},"tablet":{"background-color":"var(--ast-global-color-4)","background-image":"","background-repeat":"repeat","background-position":"center center","background-size":"auto","background-attachment":"scroll","background-type":"","background-media":"","overlay-type":"","overlay-color":"","overlay-opacity":"","overlay-gradient":""},"mobile":{"background-color":"var(--ast-global-color-4)","background-image":"","background-repeat":"repeat","background-position":"center center","background-size":"auto","background-attachment":"scroll","background-type":"","background-media":"","overlay-type":"","overlay-color":"","overlay-opacity":"","overlay-gradient":""}}},"domaine":[17183,17186],"normes":[],"product_brand":[],"product_cat":[17240],"product_tag":[],"class_list":{"0":"post-255752","1":"product","2":"type-product","3":"status-publish","4":"has-post-thumbnail","6":"domaine-analyses-physico-chimiques","7":"domaine-recherche-et-developpement","8":"product_cat-categories","9":"desktop-align-left","10":"tablet-align-left","11":"mobile-align-left","13":"first","14":"instock","15":"shipping-taxable","16":"product-type-simple"},"acf":[],"yoast_head":"<!-- This site is optimized with the Yoast SEO plugin v27.4 - https:\/\/yoast.com\/product\/yoast-seo-wordpress\/ -->\n<title>Polarim\u00e8tre num\u00e9rique Bellingham &amp; Stanley - s\u00e9rie ADP600 Peltier | DeltaLabo<\/title>\n<meta name=\"robots\" content=\"noindex, follow, max-snippet:-1, max-image-preview:large, max-video-preview:-1\" \/>\n<meta property=\"og:locale\" content=\"fr_FR\" \/>\n<meta property=\"og:type\" content=\"article\" \/>\n<meta property=\"og:title\" content=\"Polarim\u00e8tre num\u00e9rique Bellingham &amp; Stanley - s\u00e9rie ADP600 Peltier | DeltaLabo\" \/>\n<meta property=\"og:description\" content=\"Polarim\u00e8tre num\u00e9rique Bellingham &amp; Stanley - s\u00e9rie ADP600 Peltier :  Les polarim\u00e8tres de la s\u00e9rie ADP 600 Peltier avec contr\u00f4le de la temp\u00e9rature existe en diff\u00e9rentes versions, de 1 \u00e0 7 longueurs d&#039;ondes. Ils sont con\u00e7us pour mesurer le pouvoir rotatoire avec une tr\u00e8s grande pr\u00e9cision et une tra\u00e7abilit\u00e9 compl\u00e8te en accord avec la Pharmacop\u00e9e Europ\u00e9enne et la FDA.  Caract\u00e9ristiques :   R\u00e9solution jusqu&#039;\u00e0 quatre d\u00e9cimales  \u00c9cran tactile LCD haute r\u00e9solution de 7,4 pouces  Conforme aux normes US\/EP\/BP\/JP  Conforme \u00e0 la r\u00e9glementation FDA 21 CFR Part 11  Convient aux tubes standard et \u00e0 faible volume  Choix de temp\u00e9ratures de travail : pr\u00e9-r\u00e9gl\u00e9 \u00e0 20\u00b0C et 25\u00b0C selon la pharmacop\u00e9e Europ\u00e9enne et la FDA, ou au choix, entre 15\u00b0C et 35\u00b0C  T\u00e9l\u00e9charger la brochure produit : Polarim\u00e8tre num\u00e9rique Bellingham &amp; Stanley - s\u00e9rie ADP600 Peltier  T\u00e9l\u00e9charger la brochure produit \u00ab\u00a0\u00e9talons de r\u00e9f\u00e9rence certifi\u00e9s\u00a0\u00bb :\u00a0Etalons de r\u00e9f\u00e9rence certifi\u00e9s\" \/>\n<meta property=\"og:url\" content=\"https:\/\/webdesi-gn.fr\/dev_deltalabo\/produits\/biotechnologies\/polarimetre-automatique-bellingham-stanley-modele-adp-410\/\" \/>\n<meta property=\"og:site_name\" content=\"DeltaLabo\" \/>\n<meta property=\"article:modified_time\" content=\"2025-11-24T12:55:20+00:00\" \/>\n<meta property=\"og:image\" content=\"https:\/\/webdesi-gn.fr\/dev_deltalabo\/wp-content\/uploads\/2024\/01\/DELTA-LABO-Polarimetre-Bellingham-and-Stanley-ADP-410-1.jpg\" \/>\n\t<meta property=\"og:image:width\" content=\"622\" \/>\n\t<meta property=\"og:image:height\" content=\"423\" \/>\n\t<meta property=\"og:image:type\" content=\"image\/jpeg\" \/>\n<meta name=\"twitter:card\" content=\"summary_large_image\" \/>\n<meta name=\"twitter:label1\" content=\"Dur\u00e9e de lecture estim\u00e9e\" \/>\n\t<meta name=\"twitter:data1\" content=\"1 minute\" \/>\n<script type=\"application\/ld+json\" class=\"yoast-schema-graph\">{\"@context\":\"https:\\\/\\\/schema.org\",\"@graph\":[{\"@type\":\"WebPage\",\"@id\":\"https:\\\/\\\/webdesi-gn.fr\\\/dev_deltalabo\\\/produits\\\/biotechnologies\\\/polarimetre-automatique-bellingham-stanley-modele-adp-410\\\/\",\"url\":\"https:\\\/\\\/webdesi-gn.fr\\\/dev_deltalabo\\\/produits\\\/biotechnologies\\\/polarimetre-automatique-bellingham-stanley-modele-adp-410\\\/\",\"name\":\"Polarim\u00e8tre num\u00e9rique Bellingham & Stanley - s\u00e9rie ADP600 Peltier | DeltaLabo\",\"isPartOf\":{\"@id\":\"https:\\\/\\\/webdesi-gn.fr\\\/dev_deltalabo\\\/#website\"},\"primaryImageOfPage\":{\"@id\":\"https:\\\/\\\/webdesi-gn.fr\\\/dev_deltalabo\\\/produits\\\/biotechnologies\\\/polarimetre-automatique-bellingham-stanley-modele-adp-410\\\/#primaryimage\"},\"image\":{\"@id\":\"https:\\\/\\\/webdesi-gn.fr\\\/dev_deltalabo\\\/produits\\\/biotechnologies\\\/polarimetre-automatique-bellingham-stanley-modele-adp-410\\\/#primaryimage\"},\"thumbnailUrl\":\"https:\\\/\\\/webdesi-gn.fr\\\/dev_deltalabo\\\/wp-content\\\/uploads\\\/2025\\\/11\\\/DELTA-LABO-ADP600.jpg\",\"datePublished\":\"2024-01-17T11:38:19+00:00\",\"dateModified\":\"2025-11-24T12:55:20+00:00\",\"breadcrumb\":{\"@id\":\"https:\\\/\\\/webdesi-gn.fr\\\/dev_deltalabo\\\/produits\\\/biotechnologies\\\/polarimetre-automatique-bellingham-stanley-modele-adp-410\\\/#breadcrumb\"},\"inLanguage\":\"fr-FR\",\"potentialAction\":[{\"@type\":\"ReadAction\",\"target\":[\"https:\\\/\\\/webdesi-gn.fr\\\/dev_deltalabo\\\/produits\\\/biotechnologies\\\/polarimetre-automatique-bellingham-stanley-modele-adp-410\\\/\"]}]},{\"@type\":\"ImageObject\",\"inLanguage\":\"fr-FR\",\"@id\":\"https:\\\/\\\/webdesi-gn.fr\\\/dev_deltalabo\\\/produits\\\/biotechnologies\\\/polarimetre-automatique-bellingham-stanley-modele-adp-410\\\/#primaryimage\",\"url\":\"https:\\\/\\\/webdesi-gn.fr\\\/dev_deltalabo\\\/wp-content\\\/uploads\\\/2025\\\/11\\\/DELTA-LABO-ADP600.jpg\",\"contentUrl\":\"https:\\\/\\\/webdesi-gn.fr\\\/dev_deltalabo\\\/wp-content\\\/uploads\\\/2025\\\/11\\\/DELTA-LABO-ADP600.jpg\",\"width\":600,\"height\":600},{\"@type\":\"BreadcrumbList\",\"@id\":\"https:\\\/\\\/webdesi-gn.fr\\\/dev_deltalabo\\\/produits\\\/biotechnologies\\\/polarimetre-automatique-bellingham-stanley-modele-adp-410\\\/#breadcrumb\",\"itemListElement\":[{\"@type\":\"ListItem\",\"position\":1,\"name\":\"Accueil\",\"item\":\"https:\\\/\\\/webdesi-gn.fr\\\/dev_deltalabo\\\/\"},{\"@type\":\"ListItem\",\"position\":2,\"name\":\"Produits\",\"item\":\"https:\\\/\\\/webdesi-gn.fr\\\/dev_deltalabo\\\/produits\\\/\"},{\"@type\":\"ListItem\",\"position\":3,\"name\":\"Polarim\u00e8tre num\u00e9rique Bellingham &#038; Stanley &#8211; s\u00e9rie ADP600 Peltier\"}]},{\"@type\":\"WebSite\",\"@id\":\"https:\\\/\\\/webdesi-gn.fr\\\/dev_deltalabo\\\/#website\",\"url\":\"https:\\\/\\\/webdesi-gn.fr\\\/dev_deltalabo\\\/\",\"name\":\"Delta Labo\",\"description\":\"Un site utilisant WordPress\",\"publisher\":{\"@id\":\"https:\\\/\\\/webdesi-gn.fr\\\/dev_deltalabo\\\/#organization\"},\"alternateName\":\"Delta Labo\",\"potentialAction\":[{\"@type\":\"SearchAction\",\"target\":{\"@type\":\"EntryPoint\",\"urlTemplate\":\"https:\\\/\\\/webdesi-gn.fr\\\/dev_deltalabo\\\/?s={search_term_string}\"},\"query-input\":{\"@type\":\"PropertyValueSpecification\",\"valueRequired\":true,\"valueName\":\"search_term_string\"}}],\"inLanguage\":\"fr-FR\"},{\"@type\":\"Organization\",\"@id\":\"https:\\\/\\\/webdesi-gn.fr\\\/dev_deltalabo\\\/#organization\",\"name\":\"DeltaLabo\",\"url\":\"https:\\\/\\\/webdesi-gn.fr\\\/dev_deltalabo\\\/\",\"logo\":{\"@type\":\"ImageObject\",\"inLanguage\":\"fr-FR\",\"@id\":\"https:\\\/\\\/webdesi-gn.fr\\\/dev_deltalabo\\\/#\\\/schema\\\/logo\\\/image\\\/\",\"url\":\"https:\\\/\\\/webdesi-gn.fr\\\/dev_deltalabo\\\/wp-content\\\/uploads\\\/2022\\\/07\\\/logo-deltalabo.png\",\"contentUrl\":\"https:\\\/\\\/webdesi-gn.fr\\\/dev_deltalabo\\\/wp-content\\\/uploads\\\/2022\\\/07\\\/logo-deltalabo.png\",\"width\":694,\"height\":306,\"caption\":\"DeltaLabo\"},\"image\":{\"@id\":\"https:\\\/\\\/webdesi-gn.fr\\\/dev_deltalabo\\\/#\\\/schema\\\/logo\\\/image\\\/\"}}]}<\/script>\n<!-- \/ Yoast SEO plugin. -->","yoast_head_json":{"title":"Polarim\u00e8tre num\u00e9rique Bellingham & Stanley - s\u00e9rie ADP600 Peltier | DeltaLabo","robots":{"index":"noindex","follow":"follow","max-snippet":"max-snippet:-1","max-image-preview":"max-image-preview:large","max-video-preview":"max-video-preview:-1"},"og_locale":"fr_FR","og_type":"article","og_title":"Polarim\u00e8tre num\u00e9rique Bellingham & Stanley - s\u00e9rie ADP600 Peltier | DeltaLabo","og_description":"Polarim\u00e8tre num\u00e9rique Bellingham &amp; Stanley - s\u00e9rie ADP600 Peltier :  Les polarim\u00e8tres de la s\u00e9rie ADP 600 Peltier avec contr\u00f4le de la temp\u00e9rature existe en diff\u00e9rentes versions, de 1 \u00e0 7 longueurs d'ondes. Ils sont con\u00e7us pour mesurer le pouvoir rotatoire avec une tr\u00e8s grande pr\u00e9cision et une tra\u00e7abilit\u00e9 compl\u00e8te en accord avec la Pharmacop\u00e9e Europ\u00e9enne et la FDA.  Caract\u00e9ristiques :   R\u00e9solution jusqu'\u00e0 quatre d\u00e9cimales  \u00c9cran tactile LCD haute r\u00e9solution de 7,4 pouces  Conforme aux normes US\/EP\/BP\/JP  Conforme \u00e0 la r\u00e9glementation FDA 21 CFR Part 11  Convient aux tubes standard et \u00e0 faible volume  Choix de temp\u00e9ratures de travail : pr\u00e9-r\u00e9gl\u00e9 \u00e0 20\u00b0C et 25\u00b0C selon la pharmacop\u00e9e Europ\u00e9enne et la FDA, ou au choix, entre 15\u00b0C et 35\u00b0C  T\u00e9l\u00e9charger la brochure produit : Polarim\u00e8tre num\u00e9rique Bellingham &amp; Stanley - s\u00e9rie ADP600 Peltier  T\u00e9l\u00e9charger la brochure produit \u00ab\u00a0\u00e9talons de r\u00e9f\u00e9rence certifi\u00e9s\u00a0\u00bb :\u00a0Etalons de r\u00e9f\u00e9rence certifi\u00e9s","og_url":"https:\/\/webdesi-gn.fr\/dev_deltalabo\/produits\/biotechnologies\/polarimetre-automatique-bellingham-stanley-modele-adp-410\/","og_site_name":"DeltaLabo","article_modified_time":"2025-11-24T12:55:20+00:00","og_image":[{"width":622,"height":423,"url":"https:\/\/webdesi-gn.fr\/dev_deltalabo\/wp-content\/uploads\/2024\/01\/DELTA-LABO-Polarimetre-Bellingham-and-Stanley-ADP-410-1.jpg","type":"image\/jpeg"}],"twitter_card":"summary_large_image","twitter_misc":{"Dur\u00e9e de lecture estim\u00e9e":"1 minute"},"schema":{"@context":"https:\/\/schema.org","@graph":[{"@type":"WebPage","@id":"https:\/\/webdesi-gn.fr\/dev_deltalabo\/produits\/biotechnologies\/polarimetre-automatique-bellingham-stanley-modele-adp-410\/","url":"https:\/\/webdesi-gn.fr\/dev_deltalabo\/produits\/biotechnologies\/polarimetre-automatique-bellingham-stanley-modele-adp-410\/","name":"Polarim\u00e8tre num\u00e9rique Bellingham & Stanley - s\u00e9rie ADP600 Peltier | DeltaLabo","isPartOf":{"@id":"https:\/\/webdesi-gn.fr\/dev_deltalabo\/#website"},"primaryImageOfPage":{"@id":"https:\/\/webdesi-gn.fr\/dev_deltalabo\/produits\/biotechnologies\/polarimetre-automatique-bellingham-stanley-modele-adp-410\/#primaryimage"},"image":{"@id":"https:\/\/webdesi-gn.fr\/dev_deltalabo\/produits\/biotechnologies\/polarimetre-automatique-bellingham-stanley-modele-adp-410\/#primaryimage"},"thumbnailUrl":"https:\/\/webdesi-gn.fr\/dev_deltalabo\/wp-content\/uploads\/2025\/11\/DELTA-LABO-ADP600.jpg","datePublished":"2024-01-17T11:38:19+00:00","dateModified":"2025-11-24T12:55:20+00:00","breadcrumb":{"@id":"https:\/\/webdesi-gn.fr\/dev_deltalabo\/produits\/biotechnologies\/polarimetre-automatique-bellingham-stanley-modele-adp-410\/#breadcrumb"},"inLanguage":"fr-FR","potentialAction":[{"@type":"ReadAction","target":["https:\/\/webdesi-gn.fr\/dev_deltalabo\/produits\/biotechnologies\/polarimetre-automatique-bellingham-stanley-modele-adp-410\/"]}]},{"@type":"ImageObject","inLanguage":"fr-FR","@id":"https:\/\/webdesi-gn.fr\/dev_deltalabo\/produits\/biotechnologies\/polarimetre-automatique-bellingham-stanley-modele-adp-410\/#primaryimage","url":"https:\/\/webdesi-gn.fr\/dev_deltalabo\/wp-content\/uploads\/2025\/11\/DELTA-LABO-ADP600.jpg","contentUrl":"https:\/\/webdesi-gn.fr\/dev_deltalabo\/wp-content\/uploads\/2025\/11\/DELTA-LABO-ADP600.jpg","width":600,"height":600},{"@type":"BreadcrumbList","@id":"https:\/\/webdesi-gn.fr\/dev_deltalabo\/produits\/biotechnologies\/polarimetre-automatique-bellingham-stanley-modele-adp-410\/#breadcrumb","itemListElement":[{"@type":"ListItem","position":1,"name":"Accueil","item":"https:\/\/webdesi-gn.fr\/dev_deltalabo\/"},{"@type":"ListItem","position":2,"name":"Produits","item":"https:\/\/webdesi-gn.fr\/dev_deltalabo\/produits\/"},{"@type":"ListItem","position":3,"name":"Polarim\u00e8tre num\u00e9rique Bellingham &#038; Stanley &#8211; s\u00e9rie ADP600 Peltier"}]},{"@type":"WebSite","@id":"https:\/\/webdesi-gn.fr\/dev_deltalabo\/#website","url":"https:\/\/webdesi-gn.fr\/dev_deltalabo\/","name":"Delta Labo","description":"Un site utilisant WordPress","publisher":{"@id":"https:\/\/webdesi-gn.fr\/dev_deltalabo\/#organization"},"alternateName":"Delta Labo","potentialAction":[{"@type":"SearchAction","target":{"@type":"EntryPoint","urlTemplate":"https:\/\/webdesi-gn.fr\/dev_deltalabo\/?s={search_term_string}"},"query-input":{"@type":"PropertyValueSpecification","valueRequired":true,"valueName":"search_term_string"}}],"inLanguage":"fr-FR"},{"@type":"Organization","@id":"https:\/\/webdesi-gn.fr\/dev_deltalabo\/#organization","name":"DeltaLabo","url":"https:\/\/webdesi-gn.fr\/dev_deltalabo\/","logo":{"@type":"ImageObject","inLanguage":"fr-FR","@id":"https:\/\/webdesi-gn.fr\/dev_deltalabo\/#\/schema\/logo\/image\/","url":"https:\/\/webdesi-gn.fr\/dev_deltalabo\/wp-content\/uploads\/2022\/07\/logo-deltalabo.png","contentUrl":"https:\/\/webdesi-gn.fr\/dev_deltalabo\/wp-content\/uploads\/2022\/07\/logo-deltalabo.png","width":694,"height":306,"caption":"DeltaLabo"},"image":{"@id":"https:\/\/webdesi-gn.fr\/dev_deltalabo\/#\/schema\/logo\/image\/"}}]}},"_links":{"self":[{"href":"https:\/\/webdesi-gn.fr\/dev_deltalabo\/wp-json\/wp\/v2\/product\/255752","targetHints":{"allow":["GET"]}}],"collection":[{"href":"https:\/\/webdesi-gn.fr\/dev_deltalabo\/wp-json\/wp\/v2\/product"}],"about":[{"href":"https:\/\/webdesi-gn.fr\/dev_deltalabo\/wp-json\/wp\/v2\/types\/product"}],"wp:featuredmedia":[{"embeddable":true,"href":"https:\/\/webdesi-gn.fr\/dev_deltalabo\/wp-json\/wp\/v2\/media\/262284"}],"wp:attachment":[{"href":"https:\/\/webdesi-gn.fr\/dev_deltalabo\/wp-json\/wp\/v2\/media?parent=255752"}],"wp:term":[{"taxonomy":"domaine","embeddable":true,"href":"https:\/\/webdesi-gn.fr\/dev_deltalabo\/wp-json\/wp\/v2\/domaine?post=255752"},{"taxonomy":"normes","embeddable":true,"href":"https:\/\/webdesi-gn.fr\/dev_deltalabo\/wp-json\/wp\/v2\/normes?post=255752"},{"taxonomy":"product_brand","embeddable":true,"href":"https:\/\/webdesi-gn.fr\/dev_deltalabo\/wp-json\/wp\/v2\/product_brand?post=255752"},{"taxonomy":"product_cat","embeddable":true,"href":"https:\/\/webdesi-gn.fr\/dev_deltalabo\/wp-json\/wp\/v2\/product_cat?post=255752"},{"taxonomy":"product_tag","embeddable":true,"href":"https:\/\/webdesi-gn.fr\/dev_deltalabo\/wp-json\/wp\/v2\/product_tag?post=255752"}],"curies":[{"name":"wp","href":"https:\/\/api.w.org\/{rel}","templated":true}]}}