{"id":255825,"date":"2024-01-17T16:56:42","date_gmt":"2024-01-17T15:56:42","guid":{"rendered":"https:\/\/webdesi-gn.fr\/dev_deltalabo\/?post_type=product&#038;p=255825"},"modified":"2025-11-24T13:53:45","modified_gmt":"2025-11-24T12:53:45","slug":"broyeur-mixeur-homogeneisateur-a-couteaux-fritsch-modele-p11","status":"publish","type":"product","link":"https:\/\/webdesi-gn.fr\/dev_deltalabo\/produits\/categories\/broyeur-mixeur-homogeneisateur-a-couteaux-fritsch-modele-p11\/","title":{"rendered":"Broyeur mixeur homog\u00e9n\u00e9isateur \u00e0 couteaux FRITSCH PULVERISETTE 11"},"content":{"rendered":"","protected":false},"excerpt":{"rendered":"<p><strong>Broyeur mixeur homog\u00e9n\u00e9isateur \u00e0 couteaux FRITSCH Pulv\u00e9risette 11 :<\/strong><\/p>\n<p>Le nouveau mixeur homog\u00e9n\u00e9isateur \u00e0 couteaux FRITSCH Pulv\u00e9risette 11 est le broyeur de laboratoire id\u00e9al pour les \u00e9chantillons alimentaires humides, gras, secs, fibreux, mous, mi-durs (viande, poisson, chocolat etc&#8230;).<\/p>\n<p>Son moteur surpuissant et son couteau sp\u00e9cial muni de 4 lames permettent \u00e9galement le broyage de comprim\u00e9s, de jouets&#8230;<\/p>\n<p>Un bol de broyage en acier inox est \u00e9galement pr\u00e9vu pour les broyages extr\u00eames en pr\u00e9sence d&rsquo;azote liquide.<\/p>\n<p>Le couvercle de broyage ajustable Vario permet de r\u00e9duire le volume de la chambre de broyage et\/ou de comprimer &#8211; rel\u00e2cher l&rsquo;\u00e9chantillon pour une meilleure homog\u00e9n\u00e9it\u00e9.<\/p>\n<p><strong>T\u00e9l\u00e9charger la brochure produit :<\/strong> <a href=\"https:\/\/www.deltalabo.fr\/wp-content\/uploads\/2025\/07\/FRITSCH-Product-P11-engl-DL-2025.pdf\">Broyeur mixeur homog\u00e9n\u00e9isateur \u00e0 couteaux FRITSCH Pulv\u00e9risette 11<\/a><\/p>\n<p><strong>Visionner l&rsquo;utilisation du produit :<\/strong> <a href=\"https:\/\/youtu.be\/gS-wZcekNs8?t=14\">Broyeur mixeur homog\u00e9n\u00e9isateur \u00e0 couteaux FRITSCH Pulv\u00e9risette 11<\/a><\/p>\n","protected":false},"featured_media":262253,"template":"","meta":{"_acf_changed":false,"site-sidebar-layout":"default","site-content-layout":"","ast-site-content-layout":"default","site-content-style":"default","site-sidebar-style":"default","ast-global-header-display":"","ast-banner-title-visibility":"","ast-main-header-display":"","ast-hfb-above-header-display":"","ast-hfb-below-header-display":"","ast-hfb-mobile-header-display":"","site-post-title":"","ast-breadcrumbs-content":"","ast-featured-img":"","footer-sml-layout":"","ast-disable-related-posts":"","theme-transparent-header-meta":"","adv-header-id-meta":"","stick-header-meta":"","header-above-stick-meta":"","header-main-stick-meta":"","header-below-stick-meta":"","astra-migrate-meta-layouts":"default","ast-page-background-enabled":"default","ast-page-background-meta":{"desktop":{"background-color":"var(--ast-global-color-5)","background-image":"","background-repeat":"repeat","background-position":"center center","background-size":"auto","background-attachment":"scroll","background-type":"","background-media":"","overlay-type":"","overlay-color":"","overlay-opacity":"","overlay-gradient":""},"tablet":{"background-color":"","background-image":"","background-repeat":"repeat","background-position":"center center","background-size":"auto","background-attachment":"scroll","background-type":"","background-media":"","overlay-type":"","overlay-color":"","overlay-opacity":"","overlay-gradient":""},"mobile":{"background-color":"","background-image":"","background-repeat":"repeat","background-position":"center center","background-size":"auto","background-attachment":"scroll","background-type":"","background-media":"","overlay-type":"","overlay-color":"","overlay-opacity":"","overlay-gradient":""}},"ast-content-background-meta":{"desktop":{"background-color":"var(--ast-global-color-4)","background-image":"","background-repeat":"repeat","background-position":"center center","background-size":"auto","background-attachment":"scroll","background-type":"","background-media":"","overlay-type":"","overlay-color":"","overlay-opacity":"","overlay-gradient":""},"tablet":{"background-color":"var(--ast-global-color-4)","background-image":"","background-repeat":"repeat","background-position":"center center","background-size":"auto","background-attachment":"scroll","background-type":"","background-media":"","overlay-type":"","overlay-color":"","overlay-opacity":"","overlay-gradient":""},"mobile":{"background-color":"var(--ast-global-color-4)","background-image":"","background-repeat":"repeat","background-position":"center center","background-size":"auto","background-attachment":"scroll","background-type":"","background-media":"","overlay-type":"","overlay-color":"","overlay-opacity":"","overlay-gradient":""}}},"domaine":[],"normes":[17135],"product_brand":[],"product_cat":[17240],"product_tag":[],"class_list":{"0":"post-255825","1":"product","2":"type-product","3":"status-publish","4":"has-post-thumbnail","6":"normes-din-51562","7":"product_cat-categories","8":"desktop-align-left","9":"tablet-align-left","10":"mobile-align-left","12":"first","13":"instock","14":"shipping-taxable","15":"purchasable","16":"product-type-simple"},"acf":[],"yoast_head":"<!-- This site is optimized with the Yoast SEO plugin v27.4 - https:\/\/yoast.com\/product\/yoast-seo-wordpress\/ -->\n<title>Broyeur mixeur homog\u00e9n\u00e9isateur \u00e0 couteaux FRITSCH PULVERISETTE 11 | DeltaLabo<\/title>\n<meta name=\"robots\" content=\"noindex, follow, max-snippet:-1, max-image-preview:large, max-video-preview:-1\" \/>\n<meta property=\"og:locale\" content=\"fr_FR\" \/>\n<meta property=\"og:type\" content=\"article\" \/>\n<meta property=\"og:title\" content=\"Broyeur mixeur homog\u00e9n\u00e9isateur \u00e0 couteaux FRITSCH PULVERISETTE 11 | DeltaLabo\" \/>\n<meta property=\"og:description\" content=\"Broyeur mixeur homog\u00e9n\u00e9isateur \u00e0 couteaux FRITSCH Pulv\u00e9risette 11 :  Le nouveau mixeur homog\u00e9n\u00e9isateur \u00e0 couteaux FRITSCH Pulv\u00e9risette 11 est le broyeur de laboratoire id\u00e9al pour les \u00e9chantillons alimentaires humides, gras, secs, fibreux, mous, mi-durs (viande, poisson, chocolat etc...).  Son moteur surpuissant et son couteau sp\u00e9cial muni de 4 lames permettent \u00e9galement le broyage de comprim\u00e9s, de jouets...  Un bol de broyage en acier inox est \u00e9galement pr\u00e9vu pour les broyages extr\u00eames en pr\u00e9sence d&#039;azote liquide.  Le couvercle de broyage ajustable Vario permet de r\u00e9duire le volume de la chambre de broyage et\/ou de comprimer - rel\u00e2cher l&#039;\u00e9chantillon pour une meilleure homog\u00e9n\u00e9it\u00e9.  T\u00e9l\u00e9charger la brochure produit : Broyeur mixeur homog\u00e9n\u00e9isateur \u00e0 couteaux FRITSCH Pulv\u00e9risette 11  Visionner l&#039;utilisation du produit : Broyeur mixeur homog\u00e9n\u00e9isateur \u00e0 couteaux FRITSCH Pulv\u00e9risette 11\" \/>\n<meta property=\"og:url\" content=\"https:\/\/webdesi-gn.fr\/dev_deltalabo\/produits\/cat-produit\/broyeur-mixeur-homogeneisateur-a-couteaux-fritsch-modele-p11\/\" \/>\n<meta property=\"og:site_name\" content=\"DeltaLabo\" \/>\n<meta property=\"article:modified_time\" content=\"2025-11-24T12:53:45+00:00\" \/>\n<meta property=\"og:image\" content=\"https:\/\/webdesi-gn.fr\/dev_deltalabo\/wp-content\/uploads\/2024\/01\/DELTA-LABO-broyeur-mixeur-a-couteaux-Fritsch-P11.jpg\" \/>\n\t<meta property=\"og:image:width\" content=\"699\" \/>\n\t<meta property=\"og:image:height\" content=\"745\" \/>\n\t<meta property=\"og:image:type\" content=\"image\/jpeg\" \/>\n<meta name=\"twitter:card\" content=\"summary_large_image\" \/>\n<meta name=\"twitter:label1\" content=\"Dur\u00e9e de lecture estim\u00e9e\" \/>\n\t<meta name=\"twitter:data1\" content=\"1 minute\" \/>\n<script type=\"application\/ld+json\" class=\"yoast-schema-graph\">{\"@context\":\"https:\\\/\\\/schema.org\",\"@graph\":[{\"@type\":\"WebPage\",\"@id\":\"https:\\\/\\\/webdesi-gn.fr\\\/dev_deltalabo\\\/produits\\\/cat-produit\\\/broyeur-mixeur-homogeneisateur-a-couteaux-fritsch-modele-p11\\\/\",\"url\":\"https:\\\/\\\/webdesi-gn.fr\\\/dev_deltalabo\\\/produits\\\/cat-produit\\\/broyeur-mixeur-homogeneisateur-a-couteaux-fritsch-modele-p11\\\/\",\"name\":\"Broyeur mixeur homog\u00e9n\u00e9isateur \u00e0 couteaux FRITSCH PULVERISETTE 11 | DeltaLabo\",\"isPartOf\":{\"@id\":\"https:\\\/\\\/webdesi-gn.fr\\\/dev_deltalabo\\\/#website\"},\"primaryImageOfPage\":{\"@id\":\"https:\\\/\\\/webdesi-gn.fr\\\/dev_deltalabo\\\/produits\\\/cat-produit\\\/broyeur-mixeur-homogeneisateur-a-couteaux-fritsch-modele-p11\\\/#primaryimage\"},\"image\":{\"@id\":\"https:\\\/\\\/webdesi-gn.fr\\\/dev_deltalabo\\\/produits\\\/cat-produit\\\/broyeur-mixeur-homogeneisateur-a-couteaux-fritsch-modele-p11\\\/#primaryimage\"},\"thumbnailUrl\":\"https:\\\/\\\/webdesi-gn.fr\\\/dev_deltalabo\\\/wp-content\\\/uploads\\\/2025\\\/11\\\/DELTA-LABO-broyeur-mixeur-a-couteaux-Fritsch-P11.jpg\",\"datePublished\":\"2024-01-17T15:56:42+00:00\",\"dateModified\":\"2025-11-24T12:53:45+00:00\",\"breadcrumb\":{\"@id\":\"https:\\\/\\\/webdesi-gn.fr\\\/dev_deltalabo\\\/produits\\\/cat-produit\\\/broyeur-mixeur-homogeneisateur-a-couteaux-fritsch-modele-p11\\\/#breadcrumb\"},\"inLanguage\":\"fr-FR\",\"potentialAction\":[{\"@type\":\"ReadAction\",\"target\":[\"https:\\\/\\\/webdesi-gn.fr\\\/dev_deltalabo\\\/produits\\\/cat-produit\\\/broyeur-mixeur-homogeneisateur-a-couteaux-fritsch-modele-p11\\\/\"]}]},{\"@type\":\"ImageObject\",\"inLanguage\":\"fr-FR\",\"@id\":\"https:\\\/\\\/webdesi-gn.fr\\\/dev_deltalabo\\\/produits\\\/cat-produit\\\/broyeur-mixeur-homogeneisateur-a-couteaux-fritsch-modele-p11\\\/#primaryimage\",\"url\":\"https:\\\/\\\/webdesi-gn.fr\\\/dev_deltalabo\\\/wp-content\\\/uploads\\\/2025\\\/11\\\/DELTA-LABO-broyeur-mixeur-a-couteaux-Fritsch-P11.jpg\",\"contentUrl\":\"https:\\\/\\\/webdesi-gn.fr\\\/dev_deltalabo\\\/wp-content\\\/uploads\\\/2025\\\/11\\\/DELTA-LABO-broyeur-mixeur-a-couteaux-Fritsch-P11.jpg\",\"width\":699,\"height\":745},{\"@type\":\"BreadcrumbList\",\"@id\":\"https:\\\/\\\/webdesi-gn.fr\\\/dev_deltalabo\\\/produits\\\/cat-produit\\\/broyeur-mixeur-homogeneisateur-a-couteaux-fritsch-modele-p11\\\/#breadcrumb\",\"itemListElement\":[{\"@type\":\"ListItem\",\"position\":1,\"name\":\"Accueil\",\"item\":\"https:\\\/\\\/webdesi-gn.fr\\\/dev_deltalabo\\\/\"},{\"@type\":\"ListItem\",\"position\":2,\"name\":\"Produits\",\"item\":\"https:\\\/\\\/webdesi-gn.fr\\\/dev_deltalabo\\\/produits\\\/\"},{\"@type\":\"ListItem\",\"position\":3,\"name\":\"Broyeur mixeur homog\u00e9n\u00e9isateur \u00e0 couteaux FRITSCH PULVERISETTE 11\"}]},{\"@type\":\"WebSite\",\"@id\":\"https:\\\/\\\/webdesi-gn.fr\\\/dev_deltalabo\\\/#website\",\"url\":\"https:\\\/\\\/webdesi-gn.fr\\\/dev_deltalabo\\\/\",\"name\":\"Delta Labo\",\"description\":\"Un site utilisant WordPress\",\"publisher\":{\"@id\":\"https:\\\/\\\/webdesi-gn.fr\\\/dev_deltalabo\\\/#organization\"},\"alternateName\":\"Delta Labo\",\"potentialAction\":[{\"@type\":\"SearchAction\",\"target\":{\"@type\":\"EntryPoint\",\"urlTemplate\":\"https:\\\/\\\/webdesi-gn.fr\\\/dev_deltalabo\\\/?s={search_term_string}\"},\"query-input\":{\"@type\":\"PropertyValueSpecification\",\"valueRequired\":true,\"valueName\":\"search_term_string\"}}],\"inLanguage\":\"fr-FR\"},{\"@type\":\"Organization\",\"@id\":\"https:\\\/\\\/webdesi-gn.fr\\\/dev_deltalabo\\\/#organization\",\"name\":\"DeltaLabo\",\"url\":\"https:\\\/\\\/webdesi-gn.fr\\\/dev_deltalabo\\\/\",\"logo\":{\"@type\":\"ImageObject\",\"inLanguage\":\"fr-FR\",\"@id\":\"https:\\\/\\\/webdesi-gn.fr\\\/dev_deltalabo\\\/#\\\/schema\\\/logo\\\/image\\\/\",\"url\":\"https:\\\/\\\/webdesi-gn.fr\\\/dev_deltalabo\\\/wp-content\\\/uploads\\\/2022\\\/07\\\/logo-deltalabo.png\",\"contentUrl\":\"https:\\\/\\\/webdesi-gn.fr\\\/dev_deltalabo\\\/wp-content\\\/uploads\\\/2022\\\/07\\\/logo-deltalabo.png\",\"width\":694,\"height\":306,\"caption\":\"DeltaLabo\"},\"image\":{\"@id\":\"https:\\\/\\\/webdesi-gn.fr\\\/dev_deltalabo\\\/#\\\/schema\\\/logo\\\/image\\\/\"}}]}<\/script>\n<!-- \/ Yoast SEO plugin. -->","yoast_head_json":{"title":"Broyeur mixeur homog\u00e9n\u00e9isateur \u00e0 couteaux FRITSCH PULVERISETTE 11 | DeltaLabo","robots":{"index":"noindex","follow":"follow","max-snippet":"max-snippet:-1","max-image-preview":"max-image-preview:large","max-video-preview":"max-video-preview:-1"},"og_locale":"fr_FR","og_type":"article","og_title":"Broyeur mixeur homog\u00e9n\u00e9isateur \u00e0 couteaux FRITSCH PULVERISETTE 11 | DeltaLabo","og_description":"Broyeur mixeur homog\u00e9n\u00e9isateur \u00e0 couteaux FRITSCH Pulv\u00e9risette 11 :  Le nouveau mixeur homog\u00e9n\u00e9isateur \u00e0 couteaux FRITSCH Pulv\u00e9risette 11 est le broyeur de laboratoire id\u00e9al pour les \u00e9chantillons alimentaires humides, gras, secs, fibreux, mous, mi-durs (viande, poisson, chocolat etc...).  Son moteur surpuissant et son couteau sp\u00e9cial muni de 4 lames permettent \u00e9galement le broyage de comprim\u00e9s, de jouets...  Un bol de broyage en acier inox est \u00e9galement pr\u00e9vu pour les broyages extr\u00eames en pr\u00e9sence d'azote liquide.  Le couvercle de broyage ajustable Vario permet de r\u00e9duire le volume de la chambre de broyage et\/ou de comprimer - rel\u00e2cher l'\u00e9chantillon pour une meilleure homog\u00e9n\u00e9it\u00e9.  T\u00e9l\u00e9charger la brochure produit : Broyeur mixeur homog\u00e9n\u00e9isateur \u00e0 couteaux FRITSCH Pulv\u00e9risette 11  Visionner l'utilisation du produit : Broyeur mixeur homog\u00e9n\u00e9isateur \u00e0 couteaux FRITSCH Pulv\u00e9risette 11","og_url":"https:\/\/webdesi-gn.fr\/dev_deltalabo\/produits\/cat-produit\/broyeur-mixeur-homogeneisateur-a-couteaux-fritsch-modele-p11\/","og_site_name":"DeltaLabo","article_modified_time":"2025-11-24T12:53:45+00:00","og_image":[{"width":699,"height":745,"url":"https:\/\/webdesi-gn.fr\/dev_deltalabo\/wp-content\/uploads\/2024\/01\/DELTA-LABO-broyeur-mixeur-a-couteaux-Fritsch-P11.jpg","type":"image\/jpeg"}],"twitter_card":"summary_large_image","twitter_misc":{"Dur\u00e9e de lecture estim\u00e9e":"1 minute"},"schema":{"@context":"https:\/\/schema.org","@graph":[{"@type":"WebPage","@id":"https:\/\/webdesi-gn.fr\/dev_deltalabo\/produits\/cat-produit\/broyeur-mixeur-homogeneisateur-a-couteaux-fritsch-modele-p11\/","url":"https:\/\/webdesi-gn.fr\/dev_deltalabo\/produits\/cat-produit\/broyeur-mixeur-homogeneisateur-a-couteaux-fritsch-modele-p11\/","name":"Broyeur mixeur homog\u00e9n\u00e9isateur \u00e0 couteaux FRITSCH PULVERISETTE 11 | DeltaLabo","isPartOf":{"@id":"https:\/\/webdesi-gn.fr\/dev_deltalabo\/#website"},"primaryImageOfPage":{"@id":"https:\/\/webdesi-gn.fr\/dev_deltalabo\/produits\/cat-produit\/broyeur-mixeur-homogeneisateur-a-couteaux-fritsch-modele-p11\/#primaryimage"},"image":{"@id":"https:\/\/webdesi-gn.fr\/dev_deltalabo\/produits\/cat-produit\/broyeur-mixeur-homogeneisateur-a-couteaux-fritsch-modele-p11\/#primaryimage"},"thumbnailUrl":"https:\/\/webdesi-gn.fr\/dev_deltalabo\/wp-content\/uploads\/2025\/11\/DELTA-LABO-broyeur-mixeur-a-couteaux-Fritsch-P11.jpg","datePublished":"2024-01-17T15:56:42+00:00","dateModified":"2025-11-24T12:53:45+00:00","breadcrumb":{"@id":"https:\/\/webdesi-gn.fr\/dev_deltalabo\/produits\/cat-produit\/broyeur-mixeur-homogeneisateur-a-couteaux-fritsch-modele-p11\/#breadcrumb"},"inLanguage":"fr-FR","potentialAction":[{"@type":"ReadAction","target":["https:\/\/webdesi-gn.fr\/dev_deltalabo\/produits\/cat-produit\/broyeur-mixeur-homogeneisateur-a-couteaux-fritsch-modele-p11\/"]}]},{"@type":"ImageObject","inLanguage":"fr-FR","@id":"https:\/\/webdesi-gn.fr\/dev_deltalabo\/produits\/cat-produit\/broyeur-mixeur-homogeneisateur-a-couteaux-fritsch-modele-p11\/#primaryimage","url":"https:\/\/webdesi-gn.fr\/dev_deltalabo\/wp-content\/uploads\/2025\/11\/DELTA-LABO-broyeur-mixeur-a-couteaux-Fritsch-P11.jpg","contentUrl":"https:\/\/webdesi-gn.fr\/dev_deltalabo\/wp-content\/uploads\/2025\/11\/DELTA-LABO-broyeur-mixeur-a-couteaux-Fritsch-P11.jpg","width":699,"height":745},{"@type":"BreadcrumbList","@id":"https:\/\/webdesi-gn.fr\/dev_deltalabo\/produits\/cat-produit\/broyeur-mixeur-homogeneisateur-a-couteaux-fritsch-modele-p11\/#breadcrumb","itemListElement":[{"@type":"ListItem","position":1,"name":"Accueil","item":"https:\/\/webdesi-gn.fr\/dev_deltalabo\/"},{"@type":"ListItem","position":2,"name":"Produits","item":"https:\/\/webdesi-gn.fr\/dev_deltalabo\/produits\/"},{"@type":"ListItem","position":3,"name":"Broyeur mixeur homog\u00e9n\u00e9isateur \u00e0 couteaux FRITSCH PULVERISETTE 11"}]},{"@type":"WebSite","@id":"https:\/\/webdesi-gn.fr\/dev_deltalabo\/#website","url":"https:\/\/webdesi-gn.fr\/dev_deltalabo\/","name":"Delta Labo","description":"Un site utilisant WordPress","publisher":{"@id":"https:\/\/webdesi-gn.fr\/dev_deltalabo\/#organization"},"alternateName":"Delta Labo","potentialAction":[{"@type":"SearchAction","target":{"@type":"EntryPoint","urlTemplate":"https:\/\/webdesi-gn.fr\/dev_deltalabo\/?s={search_term_string}"},"query-input":{"@type":"PropertyValueSpecification","valueRequired":true,"valueName":"search_term_string"}}],"inLanguage":"fr-FR"},{"@type":"Organization","@id":"https:\/\/webdesi-gn.fr\/dev_deltalabo\/#organization","name":"DeltaLabo","url":"https:\/\/webdesi-gn.fr\/dev_deltalabo\/","logo":{"@type":"ImageObject","inLanguage":"fr-FR","@id":"https:\/\/webdesi-gn.fr\/dev_deltalabo\/#\/schema\/logo\/image\/","url":"https:\/\/webdesi-gn.fr\/dev_deltalabo\/wp-content\/uploads\/2022\/07\/logo-deltalabo.png","contentUrl":"https:\/\/webdesi-gn.fr\/dev_deltalabo\/wp-content\/uploads\/2022\/07\/logo-deltalabo.png","width":694,"height":306,"caption":"DeltaLabo"},"image":{"@id":"https:\/\/webdesi-gn.fr\/dev_deltalabo\/#\/schema\/logo\/image\/"}}]}},"_links":{"self":[{"href":"https:\/\/webdesi-gn.fr\/dev_deltalabo\/wp-json\/wp\/v2\/product\/255825","targetHints":{"allow":["GET"]}}],"collection":[{"href":"https:\/\/webdesi-gn.fr\/dev_deltalabo\/wp-json\/wp\/v2\/product"}],"about":[{"href":"https:\/\/webdesi-gn.fr\/dev_deltalabo\/wp-json\/wp\/v2\/types\/product"}],"wp:featuredmedia":[{"embeddable":true,"href":"https:\/\/webdesi-gn.fr\/dev_deltalabo\/wp-json\/wp\/v2\/media\/262253"}],"wp:attachment":[{"href":"https:\/\/webdesi-gn.fr\/dev_deltalabo\/wp-json\/wp\/v2\/media?parent=255825"}],"wp:term":[{"taxonomy":"domaine","embeddable":true,"href":"https:\/\/webdesi-gn.fr\/dev_deltalabo\/wp-json\/wp\/v2\/domaine?post=255825"},{"taxonomy":"normes","embeddable":true,"href":"https:\/\/webdesi-gn.fr\/dev_deltalabo\/wp-json\/wp\/v2\/normes?post=255825"},{"taxonomy":"product_brand","embeddable":true,"href":"https:\/\/webdesi-gn.fr\/dev_deltalabo\/wp-json\/wp\/v2\/product_brand?post=255825"},{"taxonomy":"product_cat","embeddable":true,"href":"https:\/\/webdesi-gn.fr\/dev_deltalabo\/wp-json\/wp\/v2\/product_cat?post=255825"},{"taxonomy":"product_tag","embeddable":true,"href":"https:\/\/webdesi-gn.fr\/dev_deltalabo\/wp-json\/wp\/v2\/product_tag?post=255825"}],"curies":[{"name":"wp","href":"https:\/\/api.w.org\/{rel}","templated":true}]}}