{"id":255848,"date":"2024-01-29T12:09:03","date_gmt":"2024-01-29T11:09:03","guid":{"rendered":"https:\/\/webdesi-gn.fr\/dev_deltalabo\/?post_type=product&#038;p=255848"},"modified":"2025-11-24T13:52:59","modified_gmt":"2025-11-24T12:52:59","slug":"micro-broyeur-a-vibration-fritsch-modele-p0","status":"publish","type":"product","link":"https:\/\/webdesi-gn.fr\/dev_deltalabo\/produits\/categories\/micro-broyeur-a-vibration-fritsch-modele-p0\/","title":{"rendered":"Micro-broyeur \u00e0 vibrations FRITSCH PULVERISETTE 0"},"content":{"rendered":"","protected":false},"excerpt":{"rendered":"<p><strong>Micro-broyeur \u00e0 vibrations FRITSCH PULVERISETTE 0 :<\/strong><\/p>\n<p>Un mortier est mis en vibration gr\u00e2ce \u00e0 un \u00e9lectro aimant. Ces vibrations sont transmises \u00e0 l&rsquo;\u00e9chantillon par l&rsquo;interm\u00e9diaire de la bille de broyage. Ce broyeur simple permet des broyages fins d&rsquo;\u00e9chantillons secs ou de substances en suspension.<\/p>\n<p>Il convient \u00e9galement \u00e0 l&rsquo;homog\u00e9n\u00e9isation d&rsquo;\u00e9mulsions ou de p\u00e2tes.<\/p>\n<p>Caract\u00e9ristiques :<\/p>\n<div class=\"col-xs-12 col-sm-8 main-col rowx\">\n<div class=\"description\">\n<div id=\"c60865\" class=\"csc-default\">\n<div class=\"parent-div\">\n<div id=\"slider-60865\" class=\"unoslider slider \">\n<ul>\n<li>Oscillations des bols de broyage 3\u00a0000 \u2013 3\u00a0600 oscillations\/min \u00e0 une amplitude de 1 \u2013 3\u00a0mm<\/li>\n<li>Pas de risque de formation d&rsquo;agglom\u00e9rats<\/li>\n<li>Clavier \u00e0 membrane ergonomique IP 65 prot\u00e9g\u00e9 des projections d&rsquo;eau<\/li>\n<li>Fen\u00eatre d&rsquo;observation de l&rsquo;avancement du broyage<\/li>\n<li>Minuterie num\u00e9rique<\/li>\n<li>Accessoires permettant de faire \u00e9voluer le mat\u00e9riel vers du cryobroyage<\/li>\n<\/ul>\n<\/div>\n<\/div>\n<\/div>\n<div id=\"c60856\" class=\"csc-default\">\n<div class=\"row teaserpanel-2col\">\n<div class=\"col1 col-xs-12 col-sm-6\">\n<div id=\"c60855\" class=\"csc-default\">\n<div><\/div>\n<div class=\"csc-header csc-header-n1\"><strong>T\u00e9l\u00e9charger la brochure g\u00e9n\u00e9rale :<\/strong> <a href=\"https:\/\/www.deltalabo.fr\/wp-content\/uploads\/2025\/04\/Doc-broyeurs-a-billes-P0-P23-fra-DL-2021.pdf\">Micro-broyeur \u00e0 vibrations FRITSCH<\/a><\/div>\n<\/div>\n<\/div>\n<div class=\"col2 col-xs-12 col-sm-6\">\n<div class=\"csc-default\"><strong>T\u00e9l\u00e9charger la brochure produit :<\/strong> <a href=\"https:\/\/www.deltalabo.fr\/wp-content\/uploads\/2025\/07\/FRITSCH-Product-profile-P0-P23-engl-DL.pdf\">Micro-broyeur \u00e0 vibrations FRITSCH PULVERISETTE 0<\/a><\/div>\n<div class=\"csc-default\"><strong>Visualiser l&rsquo;utilisation du produit :<\/strong> <a href=\"https:\/\/youtu.be\/tokk_zccgjg?t=12\">Micro-broyeur \u00e0 vibrations FRITSCH PULVERISETTE 0<\/a><\/div>\n<\/div>\n<\/div>\n<\/div>\n<\/div>\n<\/div>\n","protected":false},"featured_media":262241,"template":"","meta":{"_acf_changed":false,"site-sidebar-layout":"default","site-content-layout":"","ast-site-content-layout":"default","site-content-style":"default","site-sidebar-style":"default","ast-global-header-display":"","ast-banner-title-visibility":"","ast-main-header-display":"","ast-hfb-above-header-display":"","ast-hfb-below-header-display":"","ast-hfb-mobile-header-display":"","site-post-title":"","ast-breadcrumbs-content":"","ast-featured-img":"","footer-sml-layout":"","ast-disable-related-posts":"","theme-transparent-header-meta":"","adv-header-id-meta":"","stick-header-meta":"","header-above-stick-meta":"","header-main-stick-meta":"","header-below-stick-meta":"","astra-migrate-meta-layouts":"default","ast-page-background-enabled":"default","ast-page-background-meta":{"desktop":{"background-color":"var(--ast-global-color-5)","background-image":"","background-repeat":"repeat","background-position":"center center","background-size":"auto","background-attachment":"scroll","background-type":"","background-media":"","overlay-type":"","overlay-color":"","overlay-opacity":"","overlay-gradient":""},"tablet":{"background-color":"","background-image":"","background-repeat":"repeat","background-position":"center center","background-size":"auto","background-attachment":"scroll","background-type":"","background-media":"","overlay-type":"","overlay-color":"","overlay-opacity":"","overlay-gradient":""},"mobile":{"background-color":"","background-image":"","background-repeat":"repeat","background-position":"center center","background-size":"auto","background-attachment":"scroll","background-type":"","background-media":"","overlay-type":"","overlay-color":"","overlay-opacity":"","overlay-gradient":""}},"ast-content-background-meta":{"desktop":{"background-color":"var(--ast-global-color-4)","background-image":"","background-repeat":"repeat","background-position":"center center","background-size":"auto","background-attachment":"scroll","background-type":"","background-media":"","overlay-type":"","overlay-color":"","overlay-opacity":"","overlay-gradient":""},"tablet":{"background-color":"var(--ast-global-color-4)","background-image":"","background-repeat":"repeat","background-position":"center center","background-size":"auto","background-attachment":"scroll","background-type":"","background-media":"","overlay-type":"","overlay-color":"","overlay-opacity":"","overlay-gradient":""},"mobile":{"background-color":"var(--ast-global-color-4)","background-image":"","background-repeat":"repeat","background-position":"center center","background-size":"auto","background-attachment":"scroll","background-type":"","background-media":"","overlay-type":"","overlay-color":"","overlay-opacity":"","overlay-gradient":""}}},"domaine":[],"normes":[17135],"product_brand":[],"product_cat":[17240],"product_tag":[],"class_list":{"0":"post-255848","1":"product","2":"type-product","3":"status-publish","4":"has-post-thumbnail","6":"normes-din-51562","7":"product_cat-categories","8":"desktop-align-left","9":"tablet-align-left","10":"mobile-align-left","12":"first","13":"instock","14":"shipping-taxable","15":"purchasable","16":"product-type-simple"},"acf":[],"yoast_head":"<!-- This site is optimized with the Yoast SEO plugin v27.4 - https:\/\/yoast.com\/product\/yoast-seo-wordpress\/ -->\n<title>Micro-broyeur \u00e0 vibrations FRITSCH PULVERISETTE 0 | DeltaLabo<\/title>\n<meta name=\"robots\" content=\"noindex, follow, max-snippet:-1, max-image-preview:large, max-video-preview:-1\" \/>\n<meta property=\"og:locale\" content=\"fr_FR\" \/>\n<meta property=\"og:type\" content=\"article\" \/>\n<meta property=\"og:title\" content=\"Micro-broyeur \u00e0 vibrations FRITSCH PULVERISETTE 0 | DeltaLabo\" \/>\n<meta property=\"og:description\" content=\"Micro-broyeur \u00e0 vibrations FRITSCH PULVERISETTE 0 :  Un mortier est mis en vibration gr\u00e2ce \u00e0 un \u00e9lectro aimant. Ces vibrations sont transmises \u00e0 l&#039;\u00e9chantillon par l&#039;interm\u00e9diaire de la bille de broyage. Ce broyeur simple permet des broyages fins d&#039;\u00e9chantillons secs ou de substances en suspension.  Il convient \u00e9galement \u00e0 l&#039;homog\u00e9n\u00e9isation d&#039;\u00e9mulsions ou de p\u00e2tes.  Caract\u00e9ristiques :        Oscillations des bols de broyage 3\u00a0000 \u2013 3\u00a0600 oscillations\/min \u00e0 une amplitude de 1 \u2013 3\u00a0mm  Pas de risque de formation d&#039;agglom\u00e9rats  Clavier \u00e0 membrane ergonomique IP 65 prot\u00e9g\u00e9 des projections d&#039;eau  Fen\u00eatre d&#039;observation de l&#039;avancement du broyage  Minuterie num\u00e9rique  Accessoires permettant de faire \u00e9voluer le mat\u00e9riel vers du cryobroyage          T\u00e9l\u00e9charger la brochure g\u00e9n\u00e9rale : Micro-broyeur \u00e0 vibrations FRITSCH    T\u00e9l\u00e9charger la brochure produit : Micro-broyeur \u00e0 vibrations FRITSCH PULVERISETTE 0 Visualiser l&#039;utilisation du produit : Micro-broyeur \u00e0 vibrations FRITSCH PULVERISETTE 0\" \/>\n<meta property=\"og:url\" content=\"https:\/\/webdesi-gn.fr\/dev_deltalabo\/produits\/cat-produit\/micro-broyeur-a-vibration-fritsch-modele-p0\/\" \/>\n<meta property=\"og:site_name\" content=\"DeltaLabo\" \/>\n<meta property=\"article:modified_time\" content=\"2025-11-24T12:52:59+00:00\" \/>\n<meta property=\"og:image\" content=\"https:\/\/webdesi-gn.fr\/dev_deltalabo\/wp-content\/uploads\/2024\/01\/DELTA-LABO-Micro-broyeur-Pulverisette-0-Fritsch-1.jpg\" \/>\n\t<meta property=\"og:image:width\" content=\"600\" \/>\n\t<meta property=\"og:image:height\" content=\"600\" \/>\n\t<meta property=\"og:image:type\" content=\"image\/jpeg\" \/>\n<meta name=\"twitter:card\" content=\"summary_large_image\" \/>\n<meta name=\"twitter:label1\" content=\"Dur\u00e9e de lecture estim\u00e9e\" \/>\n\t<meta name=\"twitter:data1\" content=\"1 minute\" \/>\n<script type=\"application\/ld+json\" class=\"yoast-schema-graph\">{\"@context\":\"https:\\\/\\\/schema.org\",\"@graph\":[{\"@type\":\"WebPage\",\"@id\":\"https:\\\/\\\/webdesi-gn.fr\\\/dev_deltalabo\\\/produits\\\/cat-produit\\\/micro-broyeur-a-vibration-fritsch-modele-p0\\\/\",\"url\":\"https:\\\/\\\/webdesi-gn.fr\\\/dev_deltalabo\\\/produits\\\/cat-produit\\\/micro-broyeur-a-vibration-fritsch-modele-p0\\\/\",\"name\":\"Micro-broyeur \u00e0 vibrations FRITSCH PULVERISETTE 0 | DeltaLabo\",\"isPartOf\":{\"@id\":\"https:\\\/\\\/webdesi-gn.fr\\\/dev_deltalabo\\\/#website\"},\"primaryImageOfPage\":{\"@id\":\"https:\\\/\\\/webdesi-gn.fr\\\/dev_deltalabo\\\/produits\\\/cat-produit\\\/micro-broyeur-a-vibration-fritsch-modele-p0\\\/#primaryimage\"},\"image\":{\"@id\":\"https:\\\/\\\/webdesi-gn.fr\\\/dev_deltalabo\\\/produits\\\/cat-produit\\\/micro-broyeur-a-vibration-fritsch-modele-p0\\\/#primaryimage\"},\"thumbnailUrl\":\"https:\\\/\\\/webdesi-gn.fr\\\/dev_deltalabo\\\/wp-content\\\/uploads\\\/2025\\\/11\\\/DELTA-LABO-Micro-broyeur-Pulverisette-0-Fritsch-1.jpg\",\"datePublished\":\"2024-01-29T11:09:03+00:00\",\"dateModified\":\"2025-11-24T12:52:59+00:00\",\"breadcrumb\":{\"@id\":\"https:\\\/\\\/webdesi-gn.fr\\\/dev_deltalabo\\\/produits\\\/cat-produit\\\/micro-broyeur-a-vibration-fritsch-modele-p0\\\/#breadcrumb\"},\"inLanguage\":\"fr-FR\",\"potentialAction\":[{\"@type\":\"ReadAction\",\"target\":[\"https:\\\/\\\/webdesi-gn.fr\\\/dev_deltalabo\\\/produits\\\/cat-produit\\\/micro-broyeur-a-vibration-fritsch-modele-p0\\\/\"]}]},{\"@type\":\"ImageObject\",\"inLanguage\":\"fr-FR\",\"@id\":\"https:\\\/\\\/webdesi-gn.fr\\\/dev_deltalabo\\\/produits\\\/cat-produit\\\/micro-broyeur-a-vibration-fritsch-modele-p0\\\/#primaryimage\",\"url\":\"https:\\\/\\\/webdesi-gn.fr\\\/dev_deltalabo\\\/wp-content\\\/uploads\\\/2025\\\/11\\\/DELTA-LABO-Micro-broyeur-Pulverisette-0-Fritsch-1.jpg\",\"contentUrl\":\"https:\\\/\\\/webdesi-gn.fr\\\/dev_deltalabo\\\/wp-content\\\/uploads\\\/2025\\\/11\\\/DELTA-LABO-Micro-broyeur-Pulverisette-0-Fritsch-1.jpg\",\"width\":600,\"height\":600},{\"@type\":\"BreadcrumbList\",\"@id\":\"https:\\\/\\\/webdesi-gn.fr\\\/dev_deltalabo\\\/produits\\\/cat-produit\\\/micro-broyeur-a-vibration-fritsch-modele-p0\\\/#breadcrumb\",\"itemListElement\":[{\"@type\":\"ListItem\",\"position\":1,\"name\":\"Accueil\",\"item\":\"https:\\\/\\\/webdesi-gn.fr\\\/dev_deltalabo\\\/\"},{\"@type\":\"ListItem\",\"position\":2,\"name\":\"Produits\",\"item\":\"https:\\\/\\\/webdesi-gn.fr\\\/dev_deltalabo\\\/produits\\\/\"},{\"@type\":\"ListItem\",\"position\":3,\"name\":\"Micro-broyeur \u00e0 vibrations FRITSCH PULVERISETTE 0\"}]},{\"@type\":\"WebSite\",\"@id\":\"https:\\\/\\\/webdesi-gn.fr\\\/dev_deltalabo\\\/#website\",\"url\":\"https:\\\/\\\/webdesi-gn.fr\\\/dev_deltalabo\\\/\",\"name\":\"Delta Labo\",\"description\":\"Un site utilisant WordPress\",\"publisher\":{\"@id\":\"https:\\\/\\\/webdesi-gn.fr\\\/dev_deltalabo\\\/#organization\"},\"alternateName\":\"Delta Labo\",\"potentialAction\":[{\"@type\":\"SearchAction\",\"target\":{\"@type\":\"EntryPoint\",\"urlTemplate\":\"https:\\\/\\\/webdesi-gn.fr\\\/dev_deltalabo\\\/?s={search_term_string}\"},\"query-input\":{\"@type\":\"PropertyValueSpecification\",\"valueRequired\":true,\"valueName\":\"search_term_string\"}}],\"inLanguage\":\"fr-FR\"},{\"@type\":\"Organization\",\"@id\":\"https:\\\/\\\/webdesi-gn.fr\\\/dev_deltalabo\\\/#organization\",\"name\":\"DeltaLabo\",\"url\":\"https:\\\/\\\/webdesi-gn.fr\\\/dev_deltalabo\\\/\",\"logo\":{\"@type\":\"ImageObject\",\"inLanguage\":\"fr-FR\",\"@id\":\"https:\\\/\\\/webdesi-gn.fr\\\/dev_deltalabo\\\/#\\\/schema\\\/logo\\\/image\\\/\",\"url\":\"https:\\\/\\\/webdesi-gn.fr\\\/dev_deltalabo\\\/wp-content\\\/uploads\\\/2022\\\/07\\\/logo-deltalabo.png\",\"contentUrl\":\"https:\\\/\\\/webdesi-gn.fr\\\/dev_deltalabo\\\/wp-content\\\/uploads\\\/2022\\\/07\\\/logo-deltalabo.png\",\"width\":694,\"height\":306,\"caption\":\"DeltaLabo\"},\"image\":{\"@id\":\"https:\\\/\\\/webdesi-gn.fr\\\/dev_deltalabo\\\/#\\\/schema\\\/logo\\\/image\\\/\"}}]}<\/script>\n<!-- \/ Yoast SEO plugin. -->","yoast_head_json":{"title":"Micro-broyeur \u00e0 vibrations FRITSCH PULVERISETTE 0 | DeltaLabo","robots":{"index":"noindex","follow":"follow","max-snippet":"max-snippet:-1","max-image-preview":"max-image-preview:large","max-video-preview":"max-video-preview:-1"},"og_locale":"fr_FR","og_type":"article","og_title":"Micro-broyeur \u00e0 vibrations FRITSCH PULVERISETTE 0 | DeltaLabo","og_description":"Micro-broyeur \u00e0 vibrations FRITSCH PULVERISETTE 0 :  Un mortier est mis en vibration gr\u00e2ce \u00e0 un \u00e9lectro aimant. Ces vibrations sont transmises \u00e0 l'\u00e9chantillon par l'interm\u00e9diaire de la bille de broyage. Ce broyeur simple permet des broyages fins d'\u00e9chantillons secs ou de substances en suspension.  Il convient \u00e9galement \u00e0 l'homog\u00e9n\u00e9isation d'\u00e9mulsions ou de p\u00e2tes.  Caract\u00e9ristiques :        Oscillations des bols de broyage 3\u00a0000 \u2013 3\u00a0600 oscillations\/min \u00e0 une amplitude de 1 \u2013 3\u00a0mm  Pas de risque de formation d'agglom\u00e9rats  Clavier \u00e0 membrane ergonomique IP 65 prot\u00e9g\u00e9 des projections d'eau  Fen\u00eatre d'observation de l'avancement du broyage  Minuterie num\u00e9rique  Accessoires permettant de faire \u00e9voluer le mat\u00e9riel vers du cryobroyage          T\u00e9l\u00e9charger la brochure g\u00e9n\u00e9rale : Micro-broyeur \u00e0 vibrations FRITSCH    T\u00e9l\u00e9charger la brochure produit : Micro-broyeur \u00e0 vibrations FRITSCH PULVERISETTE 0 Visualiser l'utilisation du produit : Micro-broyeur \u00e0 vibrations FRITSCH PULVERISETTE 0","og_url":"https:\/\/webdesi-gn.fr\/dev_deltalabo\/produits\/cat-produit\/micro-broyeur-a-vibration-fritsch-modele-p0\/","og_site_name":"DeltaLabo","article_modified_time":"2025-11-24T12:52:59+00:00","og_image":[{"width":600,"height":600,"url":"https:\/\/webdesi-gn.fr\/dev_deltalabo\/wp-content\/uploads\/2024\/01\/DELTA-LABO-Micro-broyeur-Pulverisette-0-Fritsch-1.jpg","type":"image\/jpeg"}],"twitter_card":"summary_large_image","twitter_misc":{"Dur\u00e9e de lecture estim\u00e9e":"1 minute"},"schema":{"@context":"https:\/\/schema.org","@graph":[{"@type":"WebPage","@id":"https:\/\/webdesi-gn.fr\/dev_deltalabo\/produits\/cat-produit\/micro-broyeur-a-vibration-fritsch-modele-p0\/","url":"https:\/\/webdesi-gn.fr\/dev_deltalabo\/produits\/cat-produit\/micro-broyeur-a-vibration-fritsch-modele-p0\/","name":"Micro-broyeur \u00e0 vibrations FRITSCH PULVERISETTE 0 | DeltaLabo","isPartOf":{"@id":"https:\/\/webdesi-gn.fr\/dev_deltalabo\/#website"},"primaryImageOfPage":{"@id":"https:\/\/webdesi-gn.fr\/dev_deltalabo\/produits\/cat-produit\/micro-broyeur-a-vibration-fritsch-modele-p0\/#primaryimage"},"image":{"@id":"https:\/\/webdesi-gn.fr\/dev_deltalabo\/produits\/cat-produit\/micro-broyeur-a-vibration-fritsch-modele-p0\/#primaryimage"},"thumbnailUrl":"https:\/\/webdesi-gn.fr\/dev_deltalabo\/wp-content\/uploads\/2025\/11\/DELTA-LABO-Micro-broyeur-Pulverisette-0-Fritsch-1.jpg","datePublished":"2024-01-29T11:09:03+00:00","dateModified":"2025-11-24T12:52:59+00:00","breadcrumb":{"@id":"https:\/\/webdesi-gn.fr\/dev_deltalabo\/produits\/cat-produit\/micro-broyeur-a-vibration-fritsch-modele-p0\/#breadcrumb"},"inLanguage":"fr-FR","potentialAction":[{"@type":"ReadAction","target":["https:\/\/webdesi-gn.fr\/dev_deltalabo\/produits\/cat-produit\/micro-broyeur-a-vibration-fritsch-modele-p0\/"]}]},{"@type":"ImageObject","inLanguage":"fr-FR","@id":"https:\/\/webdesi-gn.fr\/dev_deltalabo\/produits\/cat-produit\/micro-broyeur-a-vibration-fritsch-modele-p0\/#primaryimage","url":"https:\/\/webdesi-gn.fr\/dev_deltalabo\/wp-content\/uploads\/2025\/11\/DELTA-LABO-Micro-broyeur-Pulverisette-0-Fritsch-1.jpg","contentUrl":"https:\/\/webdesi-gn.fr\/dev_deltalabo\/wp-content\/uploads\/2025\/11\/DELTA-LABO-Micro-broyeur-Pulverisette-0-Fritsch-1.jpg","width":600,"height":600},{"@type":"BreadcrumbList","@id":"https:\/\/webdesi-gn.fr\/dev_deltalabo\/produits\/cat-produit\/micro-broyeur-a-vibration-fritsch-modele-p0\/#breadcrumb","itemListElement":[{"@type":"ListItem","position":1,"name":"Accueil","item":"https:\/\/webdesi-gn.fr\/dev_deltalabo\/"},{"@type":"ListItem","position":2,"name":"Produits","item":"https:\/\/webdesi-gn.fr\/dev_deltalabo\/produits\/"},{"@type":"ListItem","position":3,"name":"Micro-broyeur \u00e0 vibrations FRITSCH PULVERISETTE 0"}]},{"@type":"WebSite","@id":"https:\/\/webdesi-gn.fr\/dev_deltalabo\/#website","url":"https:\/\/webdesi-gn.fr\/dev_deltalabo\/","name":"Delta Labo","description":"Un site utilisant WordPress","publisher":{"@id":"https:\/\/webdesi-gn.fr\/dev_deltalabo\/#organization"},"alternateName":"Delta Labo","potentialAction":[{"@type":"SearchAction","target":{"@type":"EntryPoint","urlTemplate":"https:\/\/webdesi-gn.fr\/dev_deltalabo\/?s={search_term_string}"},"query-input":{"@type":"PropertyValueSpecification","valueRequired":true,"valueName":"search_term_string"}}],"inLanguage":"fr-FR"},{"@type":"Organization","@id":"https:\/\/webdesi-gn.fr\/dev_deltalabo\/#organization","name":"DeltaLabo","url":"https:\/\/webdesi-gn.fr\/dev_deltalabo\/","logo":{"@type":"ImageObject","inLanguage":"fr-FR","@id":"https:\/\/webdesi-gn.fr\/dev_deltalabo\/#\/schema\/logo\/image\/","url":"https:\/\/webdesi-gn.fr\/dev_deltalabo\/wp-content\/uploads\/2022\/07\/logo-deltalabo.png","contentUrl":"https:\/\/webdesi-gn.fr\/dev_deltalabo\/wp-content\/uploads\/2022\/07\/logo-deltalabo.png","width":694,"height":306,"caption":"DeltaLabo"},"image":{"@id":"https:\/\/webdesi-gn.fr\/dev_deltalabo\/#\/schema\/logo\/image\/"}}]}},"_links":{"self":[{"href":"https:\/\/webdesi-gn.fr\/dev_deltalabo\/wp-json\/wp\/v2\/product\/255848","targetHints":{"allow":["GET"]}}],"collection":[{"href":"https:\/\/webdesi-gn.fr\/dev_deltalabo\/wp-json\/wp\/v2\/product"}],"about":[{"href":"https:\/\/webdesi-gn.fr\/dev_deltalabo\/wp-json\/wp\/v2\/types\/product"}],"wp:featuredmedia":[{"embeddable":true,"href":"https:\/\/webdesi-gn.fr\/dev_deltalabo\/wp-json\/wp\/v2\/media\/262241"}],"wp:attachment":[{"href":"https:\/\/webdesi-gn.fr\/dev_deltalabo\/wp-json\/wp\/v2\/media?parent=255848"}],"wp:term":[{"taxonomy":"domaine","embeddable":true,"href":"https:\/\/webdesi-gn.fr\/dev_deltalabo\/wp-json\/wp\/v2\/domaine?post=255848"},{"taxonomy":"normes","embeddable":true,"href":"https:\/\/webdesi-gn.fr\/dev_deltalabo\/wp-json\/wp\/v2\/normes?post=255848"},{"taxonomy":"product_brand","embeddable":true,"href":"https:\/\/webdesi-gn.fr\/dev_deltalabo\/wp-json\/wp\/v2\/product_brand?post=255848"},{"taxonomy":"product_cat","embeddable":true,"href":"https:\/\/webdesi-gn.fr\/dev_deltalabo\/wp-json\/wp\/v2\/product_cat?post=255848"},{"taxonomy":"product_tag","embeddable":true,"href":"https:\/\/webdesi-gn.fr\/dev_deltalabo\/wp-json\/wp\/v2\/product_tag?post=255848"}],"curies":[{"name":"wp","href":"https:\/\/api.w.org\/{rel}","templated":true}]}}