{"id":255876,"date":"2024-01-29T13:46:38","date_gmt":"2024-01-29T12:46:38","guid":{"rendered":"https:\/\/webdesi-gn.fr\/dev_deltalabo\/?post_type=product&#038;p=255876"},"modified":"2025-11-24T13:52:16","modified_gmt":"2025-11-24T12:52:16","slug":"diviseur-dechantillons-a-cone-rotatif-fritsch-l27","status":"publish","type":"product","link":"https:\/\/webdesi-gn.fr\/dev_deltalabo\/produits\/categories\/diviseur-dechantillons-a-cone-rotatif-fritsch-l27\/","title":{"rendered":"Diviseur d&rsquo;\u00e9chantillons \u00e0 c\u00f4ne rotatif FRITSCH L27"},"content":{"rendered":"","protected":false},"excerpt":{"rendered":"<p><strong>Diviseur d&rsquo;\u00e9chantillons \u00e0 c\u00f4ne rotatif FRITSCH mod\u00e8le Laborette 27 : <\/strong><\/p>\n<p>Le diviseur d&rsquo;\u00e9chantillon FRITSCH mod\u00e8le L27 est universellement reconnu dans le domaine de la division repr\u00e9sentative d&rsquo;\u00e9chantillons de mati\u00e8res solides et de suspensions.<\/p>\n<p>Principe de fonctionnement :<\/p>\n<p>Au travers d&rsquo;un entonnoir, l&rsquo;\u00e9chantillon est d&rsquo;abord amen\u00e9 vers un c\u00f4ne s\u00e9parateur dont la forme correspond aux proc\u00e9d\u00e9s de division \u00ab\u00a0en quatre\u00a0\u00bb et \u00ab\u00a0coniques\u00a0\u00bb. Sous l&rsquo;effet de rotation de l&rsquo;ensemble du syst\u00e8me, le mat\u00e9riau de l&rsquo;\u00e9chantillon est pr\u00e9cipit\u00e9 vers l&rsquo;ext\u00e9rieur puis r\u00e9parti dans, jusqu&rsquo;\u00e0 30 courants individuels par canaux de guidage. Les diff\u00e9rents \u00e9chantillons sont r\u00e9cup\u00e9r\u00e9s dans des flacons de verre \u00e0 couvercle viss\u00e9.<\/p>\n<p>Gr\u00e2ce \u00e0 la rotation de la t\u00eate de division, le nombre d&rsquo;\u00e9tapes de la division peut \u00eatre augment\u00e9 jusqu&rsquo;\u00e0 3000 phases par minute, si bien que chacun des \u00e9chantillons se compose d&rsquo;un tr\u00e8s grand nombre d&rsquo;\u00e9chantillons individuels (caract\u00e9ristique d&rsquo;une division d&rsquo;\u00e9chantillons de qualit\u00e9).<\/p>\n<p><strong>T\u00e9l\u00e9charger la brochure produit :<\/strong> <a href=\"https:\/\/www.deltalabo.fr\/wp-content\/uploads\/2025\/03\/Doc-diviseur-dechantillons-Laborette-27-fra-DL-2021.pdf\">Diviseur d&rsquo;\u00e9chantillons L27<\/a><\/p>\n","protected":false},"featured_media":262228,"template":"","meta":{"_acf_changed":false,"site-sidebar-layout":"default","site-content-layout":"","ast-site-content-layout":"default","site-content-style":"default","site-sidebar-style":"default","ast-global-header-display":"","ast-banner-title-visibility":"","ast-main-header-display":"","ast-hfb-above-header-display":"","ast-hfb-below-header-display":"","ast-hfb-mobile-header-display":"","site-post-title":"","ast-breadcrumbs-content":"","ast-featured-img":"","footer-sml-layout":"","ast-disable-related-posts":"","theme-transparent-header-meta":"","adv-header-id-meta":"","stick-header-meta":"","header-above-stick-meta":"","header-main-stick-meta":"","header-below-stick-meta":"","astra-migrate-meta-layouts":"default","ast-page-background-enabled":"default","ast-page-background-meta":{"desktop":{"background-color":"var(--ast-global-color-5)","background-image":"","background-repeat":"repeat","background-position":"center center","background-size":"auto","background-attachment":"scroll","background-type":"","background-media":"","overlay-type":"","overlay-color":"","overlay-opacity":"","overlay-gradient":""},"tablet":{"background-color":"","background-image":"","background-repeat":"repeat","background-position":"center center","background-size":"auto","background-attachment":"scroll","background-type":"","background-media":"","overlay-type":"","overlay-color":"","overlay-opacity":"","overlay-gradient":""},"mobile":{"background-color":"","background-image":"","background-repeat":"repeat","background-position":"center center","background-size":"auto","background-attachment":"scroll","background-type":"","background-media":"","overlay-type":"","overlay-color":"","overlay-opacity":"","overlay-gradient":""}},"ast-content-background-meta":{"desktop":{"background-color":"var(--ast-global-color-4)","background-image":"","background-repeat":"repeat","background-position":"center center","background-size":"auto","background-attachment":"scroll","background-type":"","background-media":"","overlay-type":"","overlay-color":"","overlay-opacity":"","overlay-gradient":""},"tablet":{"background-color":"var(--ast-global-color-4)","background-image":"","background-repeat":"repeat","background-position":"center center","background-size":"auto","background-attachment":"scroll","background-type":"","background-media":"","overlay-type":"","overlay-color":"","overlay-opacity":"","overlay-gradient":""},"mobile":{"background-color":"var(--ast-global-color-4)","background-image":"","background-repeat":"repeat","background-position":"center center","background-size":"auto","background-attachment":"scroll","background-type":"","background-media":"","overlay-type":"","overlay-color":"","overlay-opacity":"","overlay-gradient":""}}},"domaine":[],"normes":[17135],"product_brand":[],"product_cat":[17240],"product_tag":[],"class_list":{"0":"post-255876","1":"product","2":"type-product","3":"status-publish","4":"has-post-thumbnail","6":"normes-din-51562","7":"product_cat-categories","8":"desktop-align-left","9":"tablet-align-left","10":"mobile-align-left","12":"first","13":"instock","14":"shipping-taxable","15":"purchasable","16":"product-type-simple"},"acf":[],"yoast_head":"<!-- This site is optimized with the Yoast SEO plugin v27.4 - https:\/\/yoast.com\/product\/yoast-seo-wordpress\/ -->\n<title>Diviseur d&#039;\u00e9chantillons \u00e0 c\u00f4ne rotatif FRITSCH L27 | DeltaLabo<\/title>\n<meta name=\"robots\" content=\"noindex, follow, max-snippet:-1, max-image-preview:large, max-video-preview:-1\" \/>\n<meta property=\"og:locale\" content=\"fr_FR\" \/>\n<meta property=\"og:type\" content=\"article\" \/>\n<meta property=\"og:title\" content=\"Diviseur d&#039;\u00e9chantillons \u00e0 c\u00f4ne rotatif FRITSCH L27 | DeltaLabo\" \/>\n<meta property=\"og:description\" content=\"Diviseur d&#039;\u00e9chantillons \u00e0 c\u00f4ne rotatif FRITSCH mod\u00e8le Laborette 27 :   Le diviseur d&#039;\u00e9chantillon FRITSCH mod\u00e8le L27 est universellement reconnu dans le domaine de la division repr\u00e9sentative d&#039;\u00e9chantillons de mati\u00e8res solides et de suspensions.  Principe de fonctionnement :  Au travers d&#039;un entonnoir, l&#039;\u00e9chantillon est d&#039;abord amen\u00e9 vers un c\u00f4ne s\u00e9parateur dont la forme correspond aux proc\u00e9d\u00e9s de division &quot;en quatre&quot; et &quot;coniques&quot;. Sous l&#039;effet de rotation de l&#039;ensemble du syst\u00e8me, le mat\u00e9riau de l&#039;\u00e9chantillon est pr\u00e9cipit\u00e9 vers l&#039;ext\u00e9rieur puis r\u00e9parti dans, jusqu&#039;\u00e0 30 courants individuels par canaux de guidage. Les diff\u00e9rents \u00e9chantillons sont r\u00e9cup\u00e9r\u00e9s dans des flacons de verre \u00e0 couvercle viss\u00e9.  Gr\u00e2ce \u00e0 la rotation de la t\u00eate de division, le nombre d&#039;\u00e9tapes de la division peut \u00eatre augment\u00e9 jusqu&#039;\u00e0 3000 phases par minute, si bien que chacun des \u00e9chantillons se compose d&#039;un tr\u00e8s grand nombre d&#039;\u00e9chantillons individuels (caract\u00e9ristique d&#039;une division d&#039;\u00e9chantillons de qualit\u00e9).  T\u00e9l\u00e9charger la brochure produit : Diviseur d&#039;\u00e9chantillons L27\" \/>\n<meta property=\"og:url\" content=\"https:\/\/webdesi-gn.fr\/dev_deltalabo\/produits\/cat-produit\/diviseur-dechantillons-a-cone-rotatif-fritsch-l27\/\" \/>\n<meta property=\"og:site_name\" content=\"DeltaLabo\" \/>\n<meta property=\"article:modified_time\" content=\"2025-11-24T12:52:16+00:00\" \/>\n<meta property=\"og:image\" content=\"https:\/\/webdesi-gn.fr\/dev_deltalabo\/wp-content\/uploads\/2024\/01\/DELTALABO-Diviseur-dechantillons-Laborette-27-1.jpg\" \/>\n\t<meta property=\"og:image:width\" content=\"577\" \/>\n\t<meta property=\"og:image:height\" content=\"589\" \/>\n\t<meta property=\"og:image:type\" content=\"image\/jpeg\" \/>\n<meta name=\"twitter:card\" content=\"summary_large_image\" \/>\n<meta name=\"twitter:label1\" content=\"Dur\u00e9e de lecture estim\u00e9e\" \/>\n\t<meta name=\"twitter:data1\" content=\"1 minute\" \/>\n<script type=\"application\/ld+json\" class=\"yoast-schema-graph\">{\"@context\":\"https:\\\/\\\/schema.org\",\"@graph\":[{\"@type\":\"WebPage\",\"@id\":\"https:\\\/\\\/webdesi-gn.fr\\\/dev_deltalabo\\\/produits\\\/cat-produit\\\/diviseur-dechantillons-a-cone-rotatif-fritsch-l27\\\/\",\"url\":\"https:\\\/\\\/webdesi-gn.fr\\\/dev_deltalabo\\\/produits\\\/cat-produit\\\/diviseur-dechantillons-a-cone-rotatif-fritsch-l27\\\/\",\"name\":\"Diviseur d'\u00e9chantillons \u00e0 c\u00f4ne rotatif FRITSCH L27 | DeltaLabo\",\"isPartOf\":{\"@id\":\"https:\\\/\\\/webdesi-gn.fr\\\/dev_deltalabo\\\/#website\"},\"primaryImageOfPage\":{\"@id\":\"https:\\\/\\\/webdesi-gn.fr\\\/dev_deltalabo\\\/produits\\\/cat-produit\\\/diviseur-dechantillons-a-cone-rotatif-fritsch-l27\\\/#primaryimage\"},\"image\":{\"@id\":\"https:\\\/\\\/webdesi-gn.fr\\\/dev_deltalabo\\\/produits\\\/cat-produit\\\/diviseur-dechantillons-a-cone-rotatif-fritsch-l27\\\/#primaryimage\"},\"thumbnailUrl\":\"https:\\\/\\\/webdesi-gn.fr\\\/dev_deltalabo\\\/wp-content\\\/uploads\\\/2025\\\/11\\\/DELTALABO-Diviseur-dechantillons-Laborette-27-1.jpg\",\"datePublished\":\"2024-01-29T12:46:38+00:00\",\"dateModified\":\"2025-11-24T12:52:16+00:00\",\"breadcrumb\":{\"@id\":\"https:\\\/\\\/webdesi-gn.fr\\\/dev_deltalabo\\\/produits\\\/cat-produit\\\/diviseur-dechantillons-a-cone-rotatif-fritsch-l27\\\/#breadcrumb\"},\"inLanguage\":\"fr-FR\",\"potentialAction\":[{\"@type\":\"ReadAction\",\"target\":[\"https:\\\/\\\/webdesi-gn.fr\\\/dev_deltalabo\\\/produits\\\/cat-produit\\\/diviseur-dechantillons-a-cone-rotatif-fritsch-l27\\\/\"]}]},{\"@type\":\"ImageObject\",\"inLanguage\":\"fr-FR\",\"@id\":\"https:\\\/\\\/webdesi-gn.fr\\\/dev_deltalabo\\\/produits\\\/cat-produit\\\/diviseur-dechantillons-a-cone-rotatif-fritsch-l27\\\/#primaryimage\",\"url\":\"https:\\\/\\\/webdesi-gn.fr\\\/dev_deltalabo\\\/wp-content\\\/uploads\\\/2025\\\/11\\\/DELTALABO-Diviseur-dechantillons-Laborette-27-1.jpg\",\"contentUrl\":\"https:\\\/\\\/webdesi-gn.fr\\\/dev_deltalabo\\\/wp-content\\\/uploads\\\/2025\\\/11\\\/DELTALABO-Diviseur-dechantillons-Laborette-27-1.jpg\",\"width\":577,\"height\":589},{\"@type\":\"BreadcrumbList\",\"@id\":\"https:\\\/\\\/webdesi-gn.fr\\\/dev_deltalabo\\\/produits\\\/cat-produit\\\/diviseur-dechantillons-a-cone-rotatif-fritsch-l27\\\/#breadcrumb\",\"itemListElement\":[{\"@type\":\"ListItem\",\"position\":1,\"name\":\"Accueil\",\"item\":\"https:\\\/\\\/webdesi-gn.fr\\\/dev_deltalabo\\\/\"},{\"@type\":\"ListItem\",\"position\":2,\"name\":\"Produits\",\"item\":\"https:\\\/\\\/webdesi-gn.fr\\\/dev_deltalabo\\\/produits\\\/\"},{\"@type\":\"ListItem\",\"position\":3,\"name\":\"Diviseur d&rsquo;\u00e9chantillons \u00e0 c\u00f4ne rotatif FRITSCH L27\"}]},{\"@type\":\"WebSite\",\"@id\":\"https:\\\/\\\/webdesi-gn.fr\\\/dev_deltalabo\\\/#website\",\"url\":\"https:\\\/\\\/webdesi-gn.fr\\\/dev_deltalabo\\\/\",\"name\":\"Delta Labo\",\"description\":\"Un site utilisant WordPress\",\"publisher\":{\"@id\":\"https:\\\/\\\/webdesi-gn.fr\\\/dev_deltalabo\\\/#organization\"},\"alternateName\":\"Delta Labo\",\"potentialAction\":[{\"@type\":\"SearchAction\",\"target\":{\"@type\":\"EntryPoint\",\"urlTemplate\":\"https:\\\/\\\/webdesi-gn.fr\\\/dev_deltalabo\\\/?s={search_term_string}\"},\"query-input\":{\"@type\":\"PropertyValueSpecification\",\"valueRequired\":true,\"valueName\":\"search_term_string\"}}],\"inLanguage\":\"fr-FR\"},{\"@type\":\"Organization\",\"@id\":\"https:\\\/\\\/webdesi-gn.fr\\\/dev_deltalabo\\\/#organization\",\"name\":\"DeltaLabo\",\"url\":\"https:\\\/\\\/webdesi-gn.fr\\\/dev_deltalabo\\\/\",\"logo\":{\"@type\":\"ImageObject\",\"inLanguage\":\"fr-FR\",\"@id\":\"https:\\\/\\\/webdesi-gn.fr\\\/dev_deltalabo\\\/#\\\/schema\\\/logo\\\/image\\\/\",\"url\":\"https:\\\/\\\/webdesi-gn.fr\\\/dev_deltalabo\\\/wp-content\\\/uploads\\\/2022\\\/07\\\/logo-deltalabo.png\",\"contentUrl\":\"https:\\\/\\\/webdesi-gn.fr\\\/dev_deltalabo\\\/wp-content\\\/uploads\\\/2022\\\/07\\\/logo-deltalabo.png\",\"width\":694,\"height\":306,\"caption\":\"DeltaLabo\"},\"image\":{\"@id\":\"https:\\\/\\\/webdesi-gn.fr\\\/dev_deltalabo\\\/#\\\/schema\\\/logo\\\/image\\\/\"}}]}<\/script>\n<!-- \/ Yoast SEO plugin. -->","yoast_head_json":{"title":"Diviseur d'\u00e9chantillons \u00e0 c\u00f4ne rotatif FRITSCH L27 | DeltaLabo","robots":{"index":"noindex","follow":"follow","max-snippet":"max-snippet:-1","max-image-preview":"max-image-preview:large","max-video-preview":"max-video-preview:-1"},"og_locale":"fr_FR","og_type":"article","og_title":"Diviseur d'\u00e9chantillons \u00e0 c\u00f4ne rotatif FRITSCH L27 | DeltaLabo","og_description":"Diviseur d'\u00e9chantillons \u00e0 c\u00f4ne rotatif FRITSCH mod\u00e8le Laborette 27 :   Le diviseur d'\u00e9chantillon FRITSCH mod\u00e8le L27 est universellement reconnu dans le domaine de la division repr\u00e9sentative d'\u00e9chantillons de mati\u00e8res solides et de suspensions.  Principe de fonctionnement :  Au travers d'un entonnoir, l'\u00e9chantillon est d'abord amen\u00e9 vers un c\u00f4ne s\u00e9parateur dont la forme correspond aux proc\u00e9d\u00e9s de division \"en quatre\" et \"coniques\". Sous l'effet de rotation de l'ensemble du syst\u00e8me, le mat\u00e9riau de l'\u00e9chantillon est pr\u00e9cipit\u00e9 vers l'ext\u00e9rieur puis r\u00e9parti dans, jusqu'\u00e0 30 courants individuels par canaux de guidage. Les diff\u00e9rents \u00e9chantillons sont r\u00e9cup\u00e9r\u00e9s dans des flacons de verre \u00e0 couvercle viss\u00e9.  Gr\u00e2ce \u00e0 la rotation de la t\u00eate de division, le nombre d'\u00e9tapes de la division peut \u00eatre augment\u00e9 jusqu'\u00e0 3000 phases par minute, si bien que chacun des \u00e9chantillons se compose d'un tr\u00e8s grand nombre d'\u00e9chantillons individuels (caract\u00e9ristique d'une division d'\u00e9chantillons de qualit\u00e9).  T\u00e9l\u00e9charger la brochure produit : Diviseur d'\u00e9chantillons L27","og_url":"https:\/\/webdesi-gn.fr\/dev_deltalabo\/produits\/cat-produit\/diviseur-dechantillons-a-cone-rotatif-fritsch-l27\/","og_site_name":"DeltaLabo","article_modified_time":"2025-11-24T12:52:16+00:00","og_image":[{"width":577,"height":589,"url":"https:\/\/webdesi-gn.fr\/dev_deltalabo\/wp-content\/uploads\/2024\/01\/DELTALABO-Diviseur-dechantillons-Laborette-27-1.jpg","type":"image\/jpeg"}],"twitter_card":"summary_large_image","twitter_misc":{"Dur\u00e9e de lecture estim\u00e9e":"1 minute"},"schema":{"@context":"https:\/\/schema.org","@graph":[{"@type":"WebPage","@id":"https:\/\/webdesi-gn.fr\/dev_deltalabo\/produits\/cat-produit\/diviseur-dechantillons-a-cone-rotatif-fritsch-l27\/","url":"https:\/\/webdesi-gn.fr\/dev_deltalabo\/produits\/cat-produit\/diviseur-dechantillons-a-cone-rotatif-fritsch-l27\/","name":"Diviseur d'\u00e9chantillons \u00e0 c\u00f4ne rotatif FRITSCH L27 | DeltaLabo","isPartOf":{"@id":"https:\/\/webdesi-gn.fr\/dev_deltalabo\/#website"},"primaryImageOfPage":{"@id":"https:\/\/webdesi-gn.fr\/dev_deltalabo\/produits\/cat-produit\/diviseur-dechantillons-a-cone-rotatif-fritsch-l27\/#primaryimage"},"image":{"@id":"https:\/\/webdesi-gn.fr\/dev_deltalabo\/produits\/cat-produit\/diviseur-dechantillons-a-cone-rotatif-fritsch-l27\/#primaryimage"},"thumbnailUrl":"https:\/\/webdesi-gn.fr\/dev_deltalabo\/wp-content\/uploads\/2025\/11\/DELTALABO-Diviseur-dechantillons-Laborette-27-1.jpg","datePublished":"2024-01-29T12:46:38+00:00","dateModified":"2025-11-24T12:52:16+00:00","breadcrumb":{"@id":"https:\/\/webdesi-gn.fr\/dev_deltalabo\/produits\/cat-produit\/diviseur-dechantillons-a-cone-rotatif-fritsch-l27\/#breadcrumb"},"inLanguage":"fr-FR","potentialAction":[{"@type":"ReadAction","target":["https:\/\/webdesi-gn.fr\/dev_deltalabo\/produits\/cat-produit\/diviseur-dechantillons-a-cone-rotatif-fritsch-l27\/"]}]},{"@type":"ImageObject","inLanguage":"fr-FR","@id":"https:\/\/webdesi-gn.fr\/dev_deltalabo\/produits\/cat-produit\/diviseur-dechantillons-a-cone-rotatif-fritsch-l27\/#primaryimage","url":"https:\/\/webdesi-gn.fr\/dev_deltalabo\/wp-content\/uploads\/2025\/11\/DELTALABO-Diviseur-dechantillons-Laborette-27-1.jpg","contentUrl":"https:\/\/webdesi-gn.fr\/dev_deltalabo\/wp-content\/uploads\/2025\/11\/DELTALABO-Diviseur-dechantillons-Laborette-27-1.jpg","width":577,"height":589},{"@type":"BreadcrumbList","@id":"https:\/\/webdesi-gn.fr\/dev_deltalabo\/produits\/cat-produit\/diviseur-dechantillons-a-cone-rotatif-fritsch-l27\/#breadcrumb","itemListElement":[{"@type":"ListItem","position":1,"name":"Accueil","item":"https:\/\/webdesi-gn.fr\/dev_deltalabo\/"},{"@type":"ListItem","position":2,"name":"Produits","item":"https:\/\/webdesi-gn.fr\/dev_deltalabo\/produits\/"},{"@type":"ListItem","position":3,"name":"Diviseur d&rsquo;\u00e9chantillons \u00e0 c\u00f4ne rotatif FRITSCH L27"}]},{"@type":"WebSite","@id":"https:\/\/webdesi-gn.fr\/dev_deltalabo\/#website","url":"https:\/\/webdesi-gn.fr\/dev_deltalabo\/","name":"Delta Labo","description":"Un site utilisant WordPress","publisher":{"@id":"https:\/\/webdesi-gn.fr\/dev_deltalabo\/#organization"},"alternateName":"Delta Labo","potentialAction":[{"@type":"SearchAction","target":{"@type":"EntryPoint","urlTemplate":"https:\/\/webdesi-gn.fr\/dev_deltalabo\/?s={search_term_string}"},"query-input":{"@type":"PropertyValueSpecification","valueRequired":true,"valueName":"search_term_string"}}],"inLanguage":"fr-FR"},{"@type":"Organization","@id":"https:\/\/webdesi-gn.fr\/dev_deltalabo\/#organization","name":"DeltaLabo","url":"https:\/\/webdesi-gn.fr\/dev_deltalabo\/","logo":{"@type":"ImageObject","inLanguage":"fr-FR","@id":"https:\/\/webdesi-gn.fr\/dev_deltalabo\/#\/schema\/logo\/image\/","url":"https:\/\/webdesi-gn.fr\/dev_deltalabo\/wp-content\/uploads\/2022\/07\/logo-deltalabo.png","contentUrl":"https:\/\/webdesi-gn.fr\/dev_deltalabo\/wp-content\/uploads\/2022\/07\/logo-deltalabo.png","width":694,"height":306,"caption":"DeltaLabo"},"image":{"@id":"https:\/\/webdesi-gn.fr\/dev_deltalabo\/#\/schema\/logo\/image\/"}}]}},"_links":{"self":[{"href":"https:\/\/webdesi-gn.fr\/dev_deltalabo\/wp-json\/wp\/v2\/product\/255876","targetHints":{"allow":["GET"]}}],"collection":[{"href":"https:\/\/webdesi-gn.fr\/dev_deltalabo\/wp-json\/wp\/v2\/product"}],"about":[{"href":"https:\/\/webdesi-gn.fr\/dev_deltalabo\/wp-json\/wp\/v2\/types\/product"}],"wp:featuredmedia":[{"embeddable":true,"href":"https:\/\/webdesi-gn.fr\/dev_deltalabo\/wp-json\/wp\/v2\/media\/262228"}],"wp:attachment":[{"href":"https:\/\/webdesi-gn.fr\/dev_deltalabo\/wp-json\/wp\/v2\/media?parent=255876"}],"wp:term":[{"taxonomy":"domaine","embeddable":true,"href":"https:\/\/webdesi-gn.fr\/dev_deltalabo\/wp-json\/wp\/v2\/domaine?post=255876"},{"taxonomy":"normes","embeddable":true,"href":"https:\/\/webdesi-gn.fr\/dev_deltalabo\/wp-json\/wp\/v2\/normes?post=255876"},{"taxonomy":"product_brand","embeddable":true,"href":"https:\/\/webdesi-gn.fr\/dev_deltalabo\/wp-json\/wp\/v2\/product_brand?post=255876"},{"taxonomy":"product_cat","embeddable":true,"href":"https:\/\/webdesi-gn.fr\/dev_deltalabo\/wp-json\/wp\/v2\/product_cat?post=255876"},{"taxonomy":"product_tag","embeddable":true,"href":"https:\/\/webdesi-gn.fr\/dev_deltalabo\/wp-json\/wp\/v2\/product_tag?post=255876"}],"curies":[{"name":"wp","href":"https:\/\/api.w.org\/{rel}","templated":true}]}}