{"id":255879,"date":"2024-01-29T13:49:06","date_gmt":"2024-01-29T12:49:06","guid":{"rendered":"https:\/\/webdesi-gn.fr\/dev_deltalabo\/?post_type=product&#038;p=255879"},"modified":"2026-03-27T09:48:47","modified_gmt":"2026-03-27T08:48:47","slug":"tremie-dalimentation-a-vibrations-fritsch-l24","status":"publish","type":"product","link":"https:\/\/webdesi-gn.fr\/dev_deltalabo\/produits\/cosmetique-huile-essentielle\/broyage-cosmetique-huile-essentielle\/tremie-dalimentation-a-vibrations-fritsch-l24\/","title":{"rendered":"Tr\u00e9mie d&rsquo;alimentation \u00e0 vibrations FRITSCH LABORETTE 24"},"content":{"rendered":"","protected":false},"excerpt":{"rendered":"<p><strong>Tr\u00e9mie d&rsquo;alimentation \u00e0 vibrations FRITSCH Laborette 24 : <\/strong><\/p>\n<p>La tr\u00e9mie d&rsquo;alimentation \u00e0 vibrations FRITSCH Laborette 24 permet une alimentation lente et uniforme des mat\u00e9riaux pulv\u00e9rulents. Elle permet ainsi un dosage pr\u00e9cis dans de nombreuses applications : alimentation de broyeurs, de m\u00e9langeurs, de r\u00e9acteurs, de balances etc&#8230;<\/p>\n<p>Les substances pulv\u00e9rulentes descendent dans un entonnoir sous l&rsquo;effet de vibrations transmises \u00e0 une goulotte en acier inox et sont achemin\u00e9es vers l&rsquo;extr\u00e9mit\u00e9 libre de la goulotte. L&rsquo;amplitude de vibration est r\u00e9glable sur un r\u00e9gulateur s\u00e9par\u00e9 ce qui permet une alimentation absolument uniforme m\u00eame de tr\u00e8s faible quantit\u00e9.<\/p>\n<p>La version en U de la tr\u00e9mie d&rsquo;alimentation \u00e0 vibrations FRITSCH Laborette 24 garantit une uniformit\u00e9 du flux de mat\u00e9riaux compris entre 5 g\/min et 2500 g\/min.<\/p>\n<p><strong>T\u00e9l\u00e9charger la brochure produit :<\/strong> <a href=\"https:\/\/www.deltalabo.fr\/wp-content\/uploads\/2025\/07\/Laborette-24-fr-DL.pdf\">Tr\u00e9mie d&rsquo;alimentation \u00e0 vibration FRITSCH Laborette 24<\/a><\/p>\n<p><strong>Visualiser l&rsquo;utilisation du produit :<\/strong>\u00a0<a href=\"https:\/\/youtu.be\/-QerU6EHx44?t=42\">Tr\u00e9mie d\u2019alimentation \u00e0 vibration FRITSCH Laborette 24<\/a><\/p>\n","protected":false},"featured_media":262225,"template":"","meta":{"_acf_changed":false,"site-sidebar-layout":"default","site-content-layout":"","ast-site-content-layout":"default","site-content-style":"default","site-sidebar-style":"default","ast-global-header-display":"","ast-banner-title-visibility":"","ast-main-header-display":"","ast-hfb-above-header-display":"","ast-hfb-below-header-display":"","ast-hfb-mobile-header-display":"","site-post-title":"","ast-breadcrumbs-content":"","ast-featured-img":"","footer-sml-layout":"","ast-disable-related-posts":"","theme-transparent-header-meta":"default","adv-header-id-meta":"","stick-header-meta":"","header-above-stick-meta":"","header-main-stick-meta":"","header-below-stick-meta":"","astra-migrate-meta-layouts":"set","ast-page-background-enabled":"default","ast-page-background-meta":{"desktop":{"background-color":"var(--ast-global-color-5)","background-image":"","background-repeat":"repeat","background-position":"center center","background-size":"auto","background-attachment":"scroll","background-type":"","background-media":"","overlay-type":"","overlay-color":"","overlay-opacity":"","overlay-gradient":""},"tablet":{"background-color":"","background-image":"","background-repeat":"repeat","background-position":"center center","background-size":"auto","background-attachment":"scroll","background-type":"","background-media":"","overlay-type":"","overlay-color":"","overlay-opacity":"","overlay-gradient":""},"mobile":{"background-color":"","background-image":"","background-repeat":"repeat","background-position":"center center","background-size":"auto","background-attachment":"scroll","background-type":"","background-media":"","overlay-type":"","overlay-color":"","overlay-opacity":"","overlay-gradient":""}},"ast-content-background-meta":{"desktop":{"background-color":"var(--ast-global-color-4)","background-image":"","background-repeat":"repeat","background-position":"center center","background-size":"auto","background-attachment":"scroll","background-type":"","background-media":"","overlay-type":"","overlay-color":"","overlay-opacity":"","overlay-gradient":""},"tablet":{"background-color":"var(--ast-global-color-4)","background-image":"","background-repeat":"repeat","background-position":"center center","background-size":"auto","background-attachment":"scroll","background-type":"","background-media":"","overlay-type":"","overlay-color":"","overlay-opacity":"","overlay-gradient":""},"mobile":{"background-color":"var(--ast-global-color-4)","background-image":"","background-repeat":"repeat","background-position":"center center","background-size":"auto","background-attachment":"scroll","background-type":"","background-media":"","overlay-type":"","overlay-color":"","overlay-opacity":"","overlay-gradient":""}}},"domaine":[],"normes":[17135],"product_brand":[],"product_cat":[17682,17914,17915,17916,17918],"product_tag":[],"class_list":{"0":"post-255879","1":"product","2":"type-product","3":"status-publish","4":"has-post-thumbnail","6":"normes-din-51562","7":"product_cat-broyage","8":"product_cat-broyage-metallurgie-siderurgie","9":"product_cat-broyage-pharmacie-biochimie","10":"product_cat-broyage-cosmetique-huile-essentielle","11":"product_cat-broyage-agro-alimentaire-boissons","12":"desktop-align-left","13":"tablet-align-left","14":"mobile-align-left","16":"first","17":"instock","18":"shipping-taxable","19":"purchasable","20":"product-type-simple"},"acf":[],"yoast_head":"<!-- This site is optimized with the Yoast SEO plugin v27.4 - https:\/\/yoast.com\/product\/yoast-seo-wordpress\/ -->\n<title>Tr\u00e9mie d&#039;alimentation \u00e0 vibrations FRITSCH LABORETTE 24 | DeltaLabo<\/title>\n<meta name=\"robots\" content=\"noindex, follow, max-snippet:-1, max-image-preview:large, max-video-preview:-1\" \/>\n<meta property=\"og:locale\" content=\"fr_FR\" \/>\n<meta property=\"og:type\" content=\"article\" \/>\n<meta property=\"og:title\" content=\"Tr\u00e9mie d&#039;alimentation \u00e0 vibrations FRITSCH LABORETTE 24 | DeltaLabo\" \/>\n<meta property=\"og:description\" content=\"Tr\u00e9mie d&#039;alimentation \u00e0 vibrations FRITSCH Laborette 24 :   La tr\u00e9mie d&#039;alimentation \u00e0 vibrations FRITSCH Laborette 24 permet une alimentation lente et uniforme des mat\u00e9riaux pulv\u00e9rulents. Elle permet ainsi un dosage pr\u00e9cis dans de nombreuses applications : alimentation de broyeurs, de m\u00e9langeurs, de r\u00e9acteurs, de balances etc...  Les substances pulv\u00e9rulentes descendent dans un entonnoir sous l&#039;effet de vibrations transmises \u00e0 une goulotte en acier inox et sont achemin\u00e9es vers l&#039;extr\u00e9mit\u00e9 libre de la goulotte. L&#039;amplitude de vibration est r\u00e9glable sur un r\u00e9gulateur s\u00e9par\u00e9 ce qui permet une alimentation absolument uniforme m\u00eame de tr\u00e8s faible quantit\u00e9.  La version en U de la tr\u00e9mie d&#039;alimentation \u00e0 vibrations FRITSCH Laborette 24 garantit une uniformit\u00e9 du flux de mat\u00e9riaux compris entre 5 g\/min et 2500 g\/min.  T\u00e9l\u00e9charger la brochure produit : Tr\u00e9mie d&#039;alimentation \u00e0 vibration FRITSCH Laborette 24  Visualiser l&#039;utilisation du produit :\u00a0Tr\u00e9mie d\u2019alimentation \u00e0 vibration FRITSCH Laborette 24\" \/>\n<meta property=\"og:url\" content=\"https:\/\/webdesi-gn.fr\/dev_deltalabo\/produits\/cosmetique-huile-essentielle\/broyage-cosmetique-huile-essentielle\/tremie-dalimentation-a-vibrations-fritsch-l24\/\" \/>\n<meta property=\"og:site_name\" content=\"DeltaLabo\" \/>\n<meta property=\"article:modified_time\" content=\"2026-03-27T08:48:47+00:00\" \/>\n<meta property=\"og:image\" content=\"https:\/\/webdesi-gn.fr\/dev_deltalabo\/wp-content\/uploads\/2025\/11\/DELTA-LABO-Laborette-24-2.png\" \/>\n\t<meta property=\"og:image:width\" content=\"780\" \/>\n\t<meta property=\"og:image:height\" content=\"435\" \/>\n\t<meta property=\"og:image:type\" content=\"image\/png\" \/>\n<meta name=\"twitter:card\" content=\"summary_large_image\" \/>\n<meta name=\"twitter:label1\" content=\"Dur\u00e9e de lecture estim\u00e9e\" \/>\n\t<meta name=\"twitter:data1\" content=\"1 minute\" \/>\n<script type=\"application\/ld+json\" class=\"yoast-schema-graph\">{\"@context\":\"https:\\\/\\\/schema.org\",\"@graph\":[{\"@type\":\"WebPage\",\"@id\":\"https:\\\/\\\/webdesi-gn.fr\\\/dev_deltalabo\\\/produits\\\/cosmetique-huile-essentielle\\\/broyage-cosmetique-huile-essentielle\\\/tremie-dalimentation-a-vibrations-fritsch-l24\\\/\",\"url\":\"https:\\\/\\\/webdesi-gn.fr\\\/dev_deltalabo\\\/produits\\\/cosmetique-huile-essentielle\\\/broyage-cosmetique-huile-essentielle\\\/tremie-dalimentation-a-vibrations-fritsch-l24\\\/\",\"name\":\"Tr\u00e9mie d'alimentation \u00e0 vibrations FRITSCH LABORETTE 24 | DeltaLabo\",\"isPartOf\":{\"@id\":\"https:\\\/\\\/webdesi-gn.fr\\\/dev_deltalabo\\\/#website\"},\"primaryImageOfPage\":{\"@id\":\"https:\\\/\\\/webdesi-gn.fr\\\/dev_deltalabo\\\/produits\\\/cosmetique-huile-essentielle\\\/broyage-cosmetique-huile-essentielle\\\/tremie-dalimentation-a-vibrations-fritsch-l24\\\/#primaryimage\"},\"image\":{\"@id\":\"https:\\\/\\\/webdesi-gn.fr\\\/dev_deltalabo\\\/produits\\\/cosmetique-huile-essentielle\\\/broyage-cosmetique-huile-essentielle\\\/tremie-dalimentation-a-vibrations-fritsch-l24\\\/#primaryimage\"},\"thumbnailUrl\":\"https:\\\/\\\/webdesi-gn.fr\\\/dev_deltalabo\\\/wp-content\\\/uploads\\\/2025\\\/11\\\/DELTA-LABO-Laborette-24-2.png\",\"datePublished\":\"2024-01-29T12:49:06+00:00\",\"dateModified\":\"2026-03-27T08:48:47+00:00\",\"breadcrumb\":{\"@id\":\"https:\\\/\\\/webdesi-gn.fr\\\/dev_deltalabo\\\/produits\\\/cosmetique-huile-essentielle\\\/broyage-cosmetique-huile-essentielle\\\/tremie-dalimentation-a-vibrations-fritsch-l24\\\/#breadcrumb\"},\"inLanguage\":\"fr-FR\",\"potentialAction\":[{\"@type\":\"ReadAction\",\"target\":[\"https:\\\/\\\/webdesi-gn.fr\\\/dev_deltalabo\\\/produits\\\/cosmetique-huile-essentielle\\\/broyage-cosmetique-huile-essentielle\\\/tremie-dalimentation-a-vibrations-fritsch-l24\\\/\"]}]},{\"@type\":\"ImageObject\",\"inLanguage\":\"fr-FR\",\"@id\":\"https:\\\/\\\/webdesi-gn.fr\\\/dev_deltalabo\\\/produits\\\/cosmetique-huile-essentielle\\\/broyage-cosmetique-huile-essentielle\\\/tremie-dalimentation-a-vibrations-fritsch-l24\\\/#primaryimage\",\"url\":\"https:\\\/\\\/webdesi-gn.fr\\\/dev_deltalabo\\\/wp-content\\\/uploads\\\/2025\\\/11\\\/DELTA-LABO-Laborette-24-2.png\",\"contentUrl\":\"https:\\\/\\\/webdesi-gn.fr\\\/dev_deltalabo\\\/wp-content\\\/uploads\\\/2025\\\/11\\\/DELTA-LABO-Laborette-24-2.png\",\"width\":780,\"height\":435},{\"@type\":\"BreadcrumbList\",\"@id\":\"https:\\\/\\\/webdesi-gn.fr\\\/dev_deltalabo\\\/produits\\\/cosmetique-huile-essentielle\\\/broyage-cosmetique-huile-essentielle\\\/tremie-dalimentation-a-vibrations-fritsch-l24\\\/#breadcrumb\",\"itemListElement\":[{\"@type\":\"ListItem\",\"position\":1,\"name\":\"Accueil\",\"item\":\"https:\\\/\\\/webdesi-gn.fr\\\/dev_deltalabo\\\/\"},{\"@type\":\"ListItem\",\"position\":2,\"name\":\"Produits\",\"item\":\"https:\\\/\\\/webdesi-gn.fr\\\/dev_deltalabo\\\/produits\\\/\"},{\"@type\":\"ListItem\",\"position\":3,\"name\":\"Tr\u00e9mie d&rsquo;alimentation \u00e0 vibrations FRITSCH LABORETTE 24\"}]},{\"@type\":\"WebSite\",\"@id\":\"https:\\\/\\\/webdesi-gn.fr\\\/dev_deltalabo\\\/#website\",\"url\":\"https:\\\/\\\/webdesi-gn.fr\\\/dev_deltalabo\\\/\",\"name\":\"Delta Labo\",\"description\":\"Un site utilisant WordPress\",\"publisher\":{\"@id\":\"https:\\\/\\\/webdesi-gn.fr\\\/dev_deltalabo\\\/#organization\"},\"alternateName\":\"Delta Labo\",\"potentialAction\":[{\"@type\":\"SearchAction\",\"target\":{\"@type\":\"EntryPoint\",\"urlTemplate\":\"https:\\\/\\\/webdesi-gn.fr\\\/dev_deltalabo\\\/?s={search_term_string}\"},\"query-input\":{\"@type\":\"PropertyValueSpecification\",\"valueRequired\":true,\"valueName\":\"search_term_string\"}}],\"inLanguage\":\"fr-FR\"},{\"@type\":\"Organization\",\"@id\":\"https:\\\/\\\/webdesi-gn.fr\\\/dev_deltalabo\\\/#organization\",\"name\":\"DeltaLabo\",\"url\":\"https:\\\/\\\/webdesi-gn.fr\\\/dev_deltalabo\\\/\",\"logo\":{\"@type\":\"ImageObject\",\"inLanguage\":\"fr-FR\",\"@id\":\"https:\\\/\\\/webdesi-gn.fr\\\/dev_deltalabo\\\/#\\\/schema\\\/logo\\\/image\\\/\",\"url\":\"https:\\\/\\\/webdesi-gn.fr\\\/dev_deltalabo\\\/wp-content\\\/uploads\\\/2022\\\/07\\\/logo-deltalabo.png\",\"contentUrl\":\"https:\\\/\\\/webdesi-gn.fr\\\/dev_deltalabo\\\/wp-content\\\/uploads\\\/2022\\\/07\\\/logo-deltalabo.png\",\"width\":694,\"height\":306,\"caption\":\"DeltaLabo\"},\"image\":{\"@id\":\"https:\\\/\\\/webdesi-gn.fr\\\/dev_deltalabo\\\/#\\\/schema\\\/logo\\\/image\\\/\"}}]}<\/script>\n<!-- \/ Yoast SEO plugin. -->","yoast_head_json":{"title":"Tr\u00e9mie d'alimentation \u00e0 vibrations FRITSCH LABORETTE 24 | DeltaLabo","robots":{"index":"noindex","follow":"follow","max-snippet":"max-snippet:-1","max-image-preview":"max-image-preview:large","max-video-preview":"max-video-preview:-1"},"og_locale":"fr_FR","og_type":"article","og_title":"Tr\u00e9mie d'alimentation \u00e0 vibrations FRITSCH LABORETTE 24 | DeltaLabo","og_description":"Tr\u00e9mie d'alimentation \u00e0 vibrations FRITSCH Laborette 24 :   La tr\u00e9mie d'alimentation \u00e0 vibrations FRITSCH Laborette 24 permet une alimentation lente et uniforme des mat\u00e9riaux pulv\u00e9rulents. Elle permet ainsi un dosage pr\u00e9cis dans de nombreuses applications : alimentation de broyeurs, de m\u00e9langeurs, de r\u00e9acteurs, de balances etc...  Les substances pulv\u00e9rulentes descendent dans un entonnoir sous l'effet de vibrations transmises \u00e0 une goulotte en acier inox et sont achemin\u00e9es vers l'extr\u00e9mit\u00e9 libre de la goulotte. L'amplitude de vibration est r\u00e9glable sur un r\u00e9gulateur s\u00e9par\u00e9 ce qui permet une alimentation absolument uniforme m\u00eame de tr\u00e8s faible quantit\u00e9.  La version en U de la tr\u00e9mie d'alimentation \u00e0 vibrations FRITSCH Laborette 24 garantit une uniformit\u00e9 du flux de mat\u00e9riaux compris entre 5 g\/min et 2500 g\/min.  T\u00e9l\u00e9charger la brochure produit : Tr\u00e9mie d'alimentation \u00e0 vibration FRITSCH Laborette 24  Visualiser l'utilisation du produit :\u00a0Tr\u00e9mie d\u2019alimentation \u00e0 vibration FRITSCH Laborette 24","og_url":"https:\/\/webdesi-gn.fr\/dev_deltalabo\/produits\/cosmetique-huile-essentielle\/broyage-cosmetique-huile-essentielle\/tremie-dalimentation-a-vibrations-fritsch-l24\/","og_site_name":"DeltaLabo","article_modified_time":"2026-03-27T08:48:47+00:00","og_image":[{"width":780,"height":435,"url":"https:\/\/webdesi-gn.fr\/dev_deltalabo\/wp-content\/uploads\/2025\/11\/DELTA-LABO-Laborette-24-2.png","type":"image\/png"}],"twitter_card":"summary_large_image","twitter_misc":{"Dur\u00e9e de lecture estim\u00e9e":"1 minute"},"schema":{"@context":"https:\/\/schema.org","@graph":[{"@type":"WebPage","@id":"https:\/\/webdesi-gn.fr\/dev_deltalabo\/produits\/cosmetique-huile-essentielle\/broyage-cosmetique-huile-essentielle\/tremie-dalimentation-a-vibrations-fritsch-l24\/","url":"https:\/\/webdesi-gn.fr\/dev_deltalabo\/produits\/cosmetique-huile-essentielle\/broyage-cosmetique-huile-essentielle\/tremie-dalimentation-a-vibrations-fritsch-l24\/","name":"Tr\u00e9mie d'alimentation \u00e0 vibrations FRITSCH LABORETTE 24 | DeltaLabo","isPartOf":{"@id":"https:\/\/webdesi-gn.fr\/dev_deltalabo\/#website"},"primaryImageOfPage":{"@id":"https:\/\/webdesi-gn.fr\/dev_deltalabo\/produits\/cosmetique-huile-essentielle\/broyage-cosmetique-huile-essentielle\/tremie-dalimentation-a-vibrations-fritsch-l24\/#primaryimage"},"image":{"@id":"https:\/\/webdesi-gn.fr\/dev_deltalabo\/produits\/cosmetique-huile-essentielle\/broyage-cosmetique-huile-essentielle\/tremie-dalimentation-a-vibrations-fritsch-l24\/#primaryimage"},"thumbnailUrl":"https:\/\/webdesi-gn.fr\/dev_deltalabo\/wp-content\/uploads\/2025\/11\/DELTA-LABO-Laborette-24-2.png","datePublished":"2024-01-29T12:49:06+00:00","dateModified":"2026-03-27T08:48:47+00:00","breadcrumb":{"@id":"https:\/\/webdesi-gn.fr\/dev_deltalabo\/produits\/cosmetique-huile-essentielle\/broyage-cosmetique-huile-essentielle\/tremie-dalimentation-a-vibrations-fritsch-l24\/#breadcrumb"},"inLanguage":"fr-FR","potentialAction":[{"@type":"ReadAction","target":["https:\/\/webdesi-gn.fr\/dev_deltalabo\/produits\/cosmetique-huile-essentielle\/broyage-cosmetique-huile-essentielle\/tremie-dalimentation-a-vibrations-fritsch-l24\/"]}]},{"@type":"ImageObject","inLanguage":"fr-FR","@id":"https:\/\/webdesi-gn.fr\/dev_deltalabo\/produits\/cosmetique-huile-essentielle\/broyage-cosmetique-huile-essentielle\/tremie-dalimentation-a-vibrations-fritsch-l24\/#primaryimage","url":"https:\/\/webdesi-gn.fr\/dev_deltalabo\/wp-content\/uploads\/2025\/11\/DELTA-LABO-Laborette-24-2.png","contentUrl":"https:\/\/webdesi-gn.fr\/dev_deltalabo\/wp-content\/uploads\/2025\/11\/DELTA-LABO-Laborette-24-2.png","width":780,"height":435},{"@type":"BreadcrumbList","@id":"https:\/\/webdesi-gn.fr\/dev_deltalabo\/produits\/cosmetique-huile-essentielle\/broyage-cosmetique-huile-essentielle\/tremie-dalimentation-a-vibrations-fritsch-l24\/#breadcrumb","itemListElement":[{"@type":"ListItem","position":1,"name":"Accueil","item":"https:\/\/webdesi-gn.fr\/dev_deltalabo\/"},{"@type":"ListItem","position":2,"name":"Produits","item":"https:\/\/webdesi-gn.fr\/dev_deltalabo\/produits\/"},{"@type":"ListItem","position":3,"name":"Tr\u00e9mie d&rsquo;alimentation \u00e0 vibrations FRITSCH LABORETTE 24"}]},{"@type":"WebSite","@id":"https:\/\/webdesi-gn.fr\/dev_deltalabo\/#website","url":"https:\/\/webdesi-gn.fr\/dev_deltalabo\/","name":"Delta Labo","description":"Un site utilisant WordPress","publisher":{"@id":"https:\/\/webdesi-gn.fr\/dev_deltalabo\/#organization"},"alternateName":"Delta Labo","potentialAction":[{"@type":"SearchAction","target":{"@type":"EntryPoint","urlTemplate":"https:\/\/webdesi-gn.fr\/dev_deltalabo\/?s={search_term_string}"},"query-input":{"@type":"PropertyValueSpecification","valueRequired":true,"valueName":"search_term_string"}}],"inLanguage":"fr-FR"},{"@type":"Organization","@id":"https:\/\/webdesi-gn.fr\/dev_deltalabo\/#organization","name":"DeltaLabo","url":"https:\/\/webdesi-gn.fr\/dev_deltalabo\/","logo":{"@type":"ImageObject","inLanguage":"fr-FR","@id":"https:\/\/webdesi-gn.fr\/dev_deltalabo\/#\/schema\/logo\/image\/","url":"https:\/\/webdesi-gn.fr\/dev_deltalabo\/wp-content\/uploads\/2022\/07\/logo-deltalabo.png","contentUrl":"https:\/\/webdesi-gn.fr\/dev_deltalabo\/wp-content\/uploads\/2022\/07\/logo-deltalabo.png","width":694,"height":306,"caption":"DeltaLabo"},"image":{"@id":"https:\/\/webdesi-gn.fr\/dev_deltalabo\/#\/schema\/logo\/image\/"}}]}},"_links":{"self":[{"href":"https:\/\/webdesi-gn.fr\/dev_deltalabo\/wp-json\/wp\/v2\/product\/255879","targetHints":{"allow":["GET"]}}],"collection":[{"href":"https:\/\/webdesi-gn.fr\/dev_deltalabo\/wp-json\/wp\/v2\/product"}],"about":[{"href":"https:\/\/webdesi-gn.fr\/dev_deltalabo\/wp-json\/wp\/v2\/types\/product"}],"wp:featuredmedia":[{"embeddable":true,"href":"https:\/\/webdesi-gn.fr\/dev_deltalabo\/wp-json\/wp\/v2\/media\/262225"}],"wp:attachment":[{"href":"https:\/\/webdesi-gn.fr\/dev_deltalabo\/wp-json\/wp\/v2\/media?parent=255879"}],"wp:term":[{"taxonomy":"domaine","embeddable":true,"href":"https:\/\/webdesi-gn.fr\/dev_deltalabo\/wp-json\/wp\/v2\/domaine?post=255879"},{"taxonomy":"normes","embeddable":true,"href":"https:\/\/webdesi-gn.fr\/dev_deltalabo\/wp-json\/wp\/v2\/normes?post=255879"},{"taxonomy":"product_brand","embeddable":true,"href":"https:\/\/webdesi-gn.fr\/dev_deltalabo\/wp-json\/wp\/v2\/product_brand?post=255879"},{"taxonomy":"product_cat","embeddable":true,"href":"https:\/\/webdesi-gn.fr\/dev_deltalabo\/wp-json\/wp\/v2\/product_cat?post=255879"},{"taxonomy":"product_tag","embeddable":true,"href":"https:\/\/webdesi-gn.fr\/dev_deltalabo\/wp-json\/wp\/v2\/product_tag?post=255879"}],"curies":[{"name":"wp","href":"https:\/\/api.w.org\/{rel}","templated":true}]}}