{"id":255988,"date":"2024-01-29T16:59:18","date_gmt":"2024-01-29T15:59:18","guid":{"rendered":"https:\/\/webdesi-gn.fr\/dev_deltalabo\/?post_type=product&#038;p=255988"},"modified":"2026-03-27T10:18:57","modified_gmt":"2026-03-27T09:18:57","slug":"point-eclair-automatique-gaz-setaflash-serie-8-basse-et-haute-temperature","status":"publish","type":"product","link":"https:\/\/webdesi-gn.fr\/dev_deltalabo\/produits\/cosmetique-huile-essentielle\/point-eclair-cosmetique-huile-essentielle\/point-eclair-automatique-gaz-setaflash-serie-8-basse-et-haute-temperature\/","title":{"rendered":"Point \u00e9clair automatique gaz SetaFlash S\u00e9rie 8 basse et haute temp\u00e9rature"},"content":{"rendered":"","protected":false},"excerpt":{"rendered":"<p><strong>Instrument point \u00e9clair automatique gaz Setaflash S\u00e9rie 8 :<\/strong><\/p>\n<p>Nouvel instrument avec large \u00e9cran graphique, conforme aux normes : ASTM D3278, ASTM D3828, ASTM D7236, E502, IP 523, IP 524, IP 534, ISO 3679-15 (remplace ISO 3679 &amp; 3680).<\/p>\n<p>Instrument id\u00e9al destin\u00e9 aux contr\u00f4les qualit\u00e9 en chimie, p\u00e9trochimie, d\u00e9chets, parfumerie etc&#8230;<\/p>\n<p>Volume d&rsquo;\u00e9chantillon : 2 \u00e0 4mL.<\/p>\n<p>Ignition automatique par flamme et d\u00e9termination du point \u00e9clair automatique.<\/p>\n<p>Alimentation en gaz : par petit r\u00e9servoir de gaz rechargeable ou sur bonbonne avec r\u00e9gulateur de gaz. Plage de mesure -30\u00b0 \u00e0 135\u00b0 C (\u00ab\u00a0Active Cool\u00a0\u00bb) et ambiante plus 5\u00b0 \u00e0 300\u00b0C (version haute temp\u00e9rature)<\/p>\n<p><strong>T\u00e9l\u00e9charger la brochure produit :<\/strong> <a class=\"wplightbox\" href=\"https:\/\/www.deltalabo.fr\/wp-content\/uploads\/2024\/01\/SS8.pdf\">Setaflash S\u00e9rie 8 active cool<\/a><\/p>\n<p><strong>Visionner l&rsquo;utilisation du produit :<\/strong> <a href=\"https:\/\/youtu.be\/8e-V04T4U8Q\">Setaflash S\u00e9rie 8 active cool<\/a><\/p>\n","protected":false},"featured_media":262181,"template":"","meta":{"_acf_changed":false,"site-sidebar-layout":"default","site-content-layout":"","ast-site-content-layout":"default","site-content-style":"default","site-sidebar-style":"default","ast-global-header-display":"","ast-banner-title-visibility":"","ast-main-header-display":"","ast-hfb-above-header-display":"","ast-hfb-below-header-display":"","ast-hfb-mobile-header-display":"","site-post-title":"","ast-breadcrumbs-content":"","ast-featured-img":"","footer-sml-layout":"","ast-disable-related-posts":"","theme-transparent-header-meta":"default","adv-header-id-meta":"","stick-header-meta":"","header-above-stick-meta":"","header-main-stick-meta":"","header-below-stick-meta":"","astra-migrate-meta-layouts":"set","ast-page-background-enabled":"default","ast-page-background-meta":{"desktop":{"background-color":"var(--ast-global-color-5)","background-image":"","background-repeat":"repeat","background-position":"center center","background-size":"auto","background-attachment":"scroll","background-type":"","background-media":"","overlay-type":"","overlay-color":"","overlay-opacity":"","overlay-gradient":""},"tablet":{"background-color":"","background-image":"","background-repeat":"repeat","background-position":"center center","background-size":"auto","background-attachment":"scroll","background-type":"","background-media":"","overlay-type":"","overlay-color":"","overlay-opacity":"","overlay-gradient":""},"mobile":{"background-color":"","background-image":"","background-repeat":"repeat","background-position":"center center","background-size":"auto","background-attachment":"scroll","background-type":"","background-media":"","overlay-type":"","overlay-color":"","overlay-opacity":"","overlay-gradient":""}},"ast-content-background-meta":{"desktop":{"background-color":"var(--ast-global-color-4)","background-image":"","background-repeat":"repeat","background-position":"center center","background-size":"auto","background-attachment":"scroll","background-type":"","background-media":"","overlay-type":"","overlay-color":"","overlay-opacity":"","overlay-gradient":""},"tablet":{"background-color":"var(--ast-global-color-4)","background-image":"","background-repeat":"repeat","background-position":"center center","background-size":"auto","background-attachment":"scroll","background-type":"","background-media":"","overlay-type":"","overlay-color":"","overlay-opacity":"","overlay-gradient":""},"mobile":{"background-color":"var(--ast-global-color-4)","background-image":"","background-repeat":"repeat","background-position":"center center","background-size":"auto","background-attachment":"scroll","background-type":"","background-media":"","overlay-type":"","overlay-color":"","overlay-opacity":"","overlay-gradient":""}}},"domaine":[],"normes":[3327,3330,3377,3404,17135,17151,17150,17149,17110],"product_brand":[],"product_cat":[17192,17926,17932,17210],"product_tag":[],"class_list":{"0":"post-255988","1":"product","2":"type-product","3":"status-publish","4":"has-post-thumbnail","6":"normes-d3278","7":"normes-d3828","8":"normes-d7236","9":"normes-e502","10":"normes-din-51562","11":"normes-ip-523","12":"normes-ip-524","13":"normes-ip-534","14":"normes-iso-3679","15":"product_cat-carbureacteurs-saf","16":"product_cat-point-eclair-cosmetique-huile-essentielle","17":"product_cat-point-eclair-environnement","18":"product_cat-saf","19":"desktop-align-left","20":"tablet-align-left","21":"mobile-align-left","23":"first","24":"instock","25":"shipping-taxable","26":"purchasable","27":"product-type-simple"},"acf":[],"yoast_head":"<!-- This site is optimized with the Yoast SEO plugin v27.4 - https:\/\/yoast.com\/product\/yoast-seo-wordpress\/ -->\n<title>Point \u00e9clair automatique gaz SetaFlash S\u00e9rie 8 basse et haute temp\u00e9rature | DeltaLabo<\/title>\n<meta name=\"robots\" content=\"noindex, follow, max-snippet:-1, max-image-preview:large, max-video-preview:-1\" \/>\n<meta property=\"og:locale\" content=\"fr_FR\" \/>\n<meta property=\"og:type\" content=\"article\" \/>\n<meta property=\"og:title\" content=\"Point \u00e9clair automatique gaz SetaFlash S\u00e9rie 8 basse et haute temp\u00e9rature | DeltaLabo\" \/>\n<meta property=\"og:description\" content=\"Instrument point \u00e9clair automatique gaz Setaflash S\u00e9rie 8 :  Nouvel instrument avec large \u00e9cran graphique, conforme aux normes : ASTM D3278, ASTM D3828, ASTM D7236, E502, IP 523, IP 524, IP 534, ISO 3679-15 (remplace ISO 3679 &amp; 3680).  Instrument id\u00e9al destin\u00e9 aux contr\u00f4les qualit\u00e9 en chimie, p\u00e9trochimie, d\u00e9chets, parfumerie etc...  Volume d&#039;\u00e9chantillon : 2 \u00e0 4mL.  Ignition automatique par flamme et d\u00e9termination du point \u00e9clair automatique.  Alimentation en gaz : par petit r\u00e9servoir de gaz rechargeable ou sur bonbonne avec r\u00e9gulateur de gaz. Plage de mesure -30\u00b0 \u00e0 135\u00b0 C (&quot;Active Cool&quot;) et ambiante plus 5\u00b0 \u00e0 300\u00b0C (version haute temp\u00e9rature)  T\u00e9l\u00e9charger la brochure produit : Setaflash S\u00e9rie 8 active cool  Visionner l&#039;utilisation du produit : Setaflash S\u00e9rie 8 active cool\" \/>\n<meta property=\"og:url\" content=\"https:\/\/webdesi-gn.fr\/dev_deltalabo\/produits\/cosmetique-huile-essentielle\/point-eclair-cosmetique-huile-essentielle\/point-eclair-automatique-gaz-setaflash-serie-8-basse-et-haute-temperature\/\" \/>\n<meta property=\"og:site_name\" content=\"DeltaLabo\" \/>\n<meta property=\"article:modified_time\" content=\"2026-03-27T09:18:57+00:00\" \/>\n<meta property=\"og:image\" content=\"https:\/\/webdesi-gn.fr\/dev_deltalabo\/wp-content\/uploads\/2025\/11\/DELTA-LABO-Setaflash-serie-8-active-cool.jpg\" \/>\n\t<meta property=\"og:image:width\" content=\"785\" \/>\n\t<meta property=\"og:image:height\" content=\"740\" \/>\n\t<meta property=\"og:image:type\" content=\"image\/jpeg\" \/>\n<meta name=\"twitter:card\" content=\"summary_large_image\" \/>\n<meta name=\"twitter:label1\" content=\"Dur\u00e9e de lecture estim\u00e9e\" \/>\n\t<meta name=\"twitter:data1\" content=\"1 minute\" \/>\n<script type=\"application\/ld+json\" class=\"yoast-schema-graph\">{\"@context\":\"https:\\\/\\\/schema.org\",\"@graph\":[{\"@type\":\"WebPage\",\"@id\":\"https:\\\/\\\/webdesi-gn.fr\\\/dev_deltalabo\\\/produits\\\/cosmetique-huile-essentielle\\\/point-eclair-cosmetique-huile-essentielle\\\/point-eclair-automatique-gaz-setaflash-serie-8-basse-et-haute-temperature\\\/\",\"url\":\"https:\\\/\\\/webdesi-gn.fr\\\/dev_deltalabo\\\/produits\\\/cosmetique-huile-essentielle\\\/point-eclair-cosmetique-huile-essentielle\\\/point-eclair-automatique-gaz-setaflash-serie-8-basse-et-haute-temperature\\\/\",\"name\":\"Point \u00e9clair automatique gaz SetaFlash S\u00e9rie 8 basse et haute temp\u00e9rature | DeltaLabo\",\"isPartOf\":{\"@id\":\"https:\\\/\\\/webdesi-gn.fr\\\/dev_deltalabo\\\/#website\"},\"primaryImageOfPage\":{\"@id\":\"https:\\\/\\\/webdesi-gn.fr\\\/dev_deltalabo\\\/produits\\\/cosmetique-huile-essentielle\\\/point-eclair-cosmetique-huile-essentielle\\\/point-eclair-automatique-gaz-setaflash-serie-8-basse-et-haute-temperature\\\/#primaryimage\"},\"image\":{\"@id\":\"https:\\\/\\\/webdesi-gn.fr\\\/dev_deltalabo\\\/produits\\\/cosmetique-huile-essentielle\\\/point-eclair-cosmetique-huile-essentielle\\\/point-eclair-automatique-gaz-setaflash-serie-8-basse-et-haute-temperature\\\/#primaryimage\"},\"thumbnailUrl\":\"https:\\\/\\\/webdesi-gn.fr\\\/dev_deltalabo\\\/wp-content\\\/uploads\\\/2025\\\/11\\\/DELTA-LABO-Setaflash-serie-8-active-cool.jpg\",\"datePublished\":\"2024-01-29T15:59:18+00:00\",\"dateModified\":\"2026-03-27T09:18:57+00:00\",\"breadcrumb\":{\"@id\":\"https:\\\/\\\/webdesi-gn.fr\\\/dev_deltalabo\\\/produits\\\/cosmetique-huile-essentielle\\\/point-eclair-cosmetique-huile-essentielle\\\/point-eclair-automatique-gaz-setaflash-serie-8-basse-et-haute-temperature\\\/#breadcrumb\"},\"inLanguage\":\"fr-FR\",\"potentialAction\":[{\"@type\":\"ReadAction\",\"target\":[\"https:\\\/\\\/webdesi-gn.fr\\\/dev_deltalabo\\\/produits\\\/cosmetique-huile-essentielle\\\/point-eclair-cosmetique-huile-essentielle\\\/point-eclair-automatique-gaz-setaflash-serie-8-basse-et-haute-temperature\\\/\"]}]},{\"@type\":\"ImageObject\",\"inLanguage\":\"fr-FR\",\"@id\":\"https:\\\/\\\/webdesi-gn.fr\\\/dev_deltalabo\\\/produits\\\/cosmetique-huile-essentielle\\\/point-eclair-cosmetique-huile-essentielle\\\/point-eclair-automatique-gaz-setaflash-serie-8-basse-et-haute-temperature\\\/#primaryimage\",\"url\":\"https:\\\/\\\/webdesi-gn.fr\\\/dev_deltalabo\\\/wp-content\\\/uploads\\\/2025\\\/11\\\/DELTA-LABO-Setaflash-serie-8-active-cool.jpg\",\"contentUrl\":\"https:\\\/\\\/webdesi-gn.fr\\\/dev_deltalabo\\\/wp-content\\\/uploads\\\/2025\\\/11\\\/DELTA-LABO-Setaflash-serie-8-active-cool.jpg\",\"width\":785,\"height\":740},{\"@type\":\"BreadcrumbList\",\"@id\":\"https:\\\/\\\/webdesi-gn.fr\\\/dev_deltalabo\\\/produits\\\/cosmetique-huile-essentielle\\\/point-eclair-cosmetique-huile-essentielle\\\/point-eclair-automatique-gaz-setaflash-serie-8-basse-et-haute-temperature\\\/#breadcrumb\",\"itemListElement\":[{\"@type\":\"ListItem\",\"position\":1,\"name\":\"Accueil\",\"item\":\"https:\\\/\\\/webdesi-gn.fr\\\/dev_deltalabo\\\/\"},{\"@type\":\"ListItem\",\"position\":2,\"name\":\"Produits\",\"item\":\"https:\\\/\\\/webdesi-gn.fr\\\/dev_deltalabo\\\/produits\\\/\"},{\"@type\":\"ListItem\",\"position\":3,\"name\":\"Point \u00e9clair automatique gaz SetaFlash S\u00e9rie 8 basse et haute temp\u00e9rature\"}]},{\"@type\":\"WebSite\",\"@id\":\"https:\\\/\\\/webdesi-gn.fr\\\/dev_deltalabo\\\/#website\",\"url\":\"https:\\\/\\\/webdesi-gn.fr\\\/dev_deltalabo\\\/\",\"name\":\"Delta Labo\",\"description\":\"Un site utilisant WordPress\",\"publisher\":{\"@id\":\"https:\\\/\\\/webdesi-gn.fr\\\/dev_deltalabo\\\/#organization\"},\"alternateName\":\"Delta Labo\",\"potentialAction\":[{\"@type\":\"SearchAction\",\"target\":{\"@type\":\"EntryPoint\",\"urlTemplate\":\"https:\\\/\\\/webdesi-gn.fr\\\/dev_deltalabo\\\/?s={search_term_string}\"},\"query-input\":{\"@type\":\"PropertyValueSpecification\",\"valueRequired\":true,\"valueName\":\"search_term_string\"}}],\"inLanguage\":\"fr-FR\"},{\"@type\":\"Organization\",\"@id\":\"https:\\\/\\\/webdesi-gn.fr\\\/dev_deltalabo\\\/#organization\",\"name\":\"DeltaLabo\",\"url\":\"https:\\\/\\\/webdesi-gn.fr\\\/dev_deltalabo\\\/\",\"logo\":{\"@type\":\"ImageObject\",\"inLanguage\":\"fr-FR\",\"@id\":\"https:\\\/\\\/webdesi-gn.fr\\\/dev_deltalabo\\\/#\\\/schema\\\/logo\\\/image\\\/\",\"url\":\"https:\\\/\\\/webdesi-gn.fr\\\/dev_deltalabo\\\/wp-content\\\/uploads\\\/2022\\\/07\\\/logo-deltalabo.png\",\"contentUrl\":\"https:\\\/\\\/webdesi-gn.fr\\\/dev_deltalabo\\\/wp-content\\\/uploads\\\/2022\\\/07\\\/logo-deltalabo.png\",\"width\":694,\"height\":306,\"caption\":\"DeltaLabo\"},\"image\":{\"@id\":\"https:\\\/\\\/webdesi-gn.fr\\\/dev_deltalabo\\\/#\\\/schema\\\/logo\\\/image\\\/\"}}]}<\/script>\n<!-- \/ Yoast SEO plugin. -->","yoast_head_json":{"title":"Point \u00e9clair automatique gaz SetaFlash S\u00e9rie 8 basse et haute temp\u00e9rature | DeltaLabo","robots":{"index":"noindex","follow":"follow","max-snippet":"max-snippet:-1","max-image-preview":"max-image-preview:large","max-video-preview":"max-video-preview:-1"},"og_locale":"fr_FR","og_type":"article","og_title":"Point \u00e9clair automatique gaz SetaFlash S\u00e9rie 8 basse et haute temp\u00e9rature | DeltaLabo","og_description":"Instrument point \u00e9clair automatique gaz Setaflash S\u00e9rie 8 :  Nouvel instrument avec large \u00e9cran graphique, conforme aux normes : ASTM D3278, ASTM D3828, ASTM D7236, E502, IP 523, IP 524, IP 534, ISO 3679-15 (remplace ISO 3679 &amp; 3680).  Instrument id\u00e9al destin\u00e9 aux contr\u00f4les qualit\u00e9 en chimie, p\u00e9trochimie, d\u00e9chets, parfumerie etc...  Volume d'\u00e9chantillon : 2 \u00e0 4mL.  Ignition automatique par flamme et d\u00e9termination du point \u00e9clair automatique.  Alimentation en gaz : par petit r\u00e9servoir de gaz rechargeable ou sur bonbonne avec r\u00e9gulateur de gaz. Plage de mesure -30\u00b0 \u00e0 135\u00b0 C (\"Active Cool\") et ambiante plus 5\u00b0 \u00e0 300\u00b0C (version haute temp\u00e9rature)  T\u00e9l\u00e9charger la brochure produit : Setaflash S\u00e9rie 8 active cool  Visionner l'utilisation du produit : Setaflash S\u00e9rie 8 active cool","og_url":"https:\/\/webdesi-gn.fr\/dev_deltalabo\/produits\/cosmetique-huile-essentielle\/point-eclair-cosmetique-huile-essentielle\/point-eclair-automatique-gaz-setaflash-serie-8-basse-et-haute-temperature\/","og_site_name":"DeltaLabo","article_modified_time":"2026-03-27T09:18:57+00:00","og_image":[{"width":785,"height":740,"url":"https:\/\/webdesi-gn.fr\/dev_deltalabo\/wp-content\/uploads\/2025\/11\/DELTA-LABO-Setaflash-serie-8-active-cool.jpg","type":"image\/jpeg"}],"twitter_card":"summary_large_image","twitter_misc":{"Dur\u00e9e de lecture estim\u00e9e":"1 minute"},"schema":{"@context":"https:\/\/schema.org","@graph":[{"@type":"WebPage","@id":"https:\/\/webdesi-gn.fr\/dev_deltalabo\/produits\/cosmetique-huile-essentielle\/point-eclair-cosmetique-huile-essentielle\/point-eclair-automatique-gaz-setaflash-serie-8-basse-et-haute-temperature\/","url":"https:\/\/webdesi-gn.fr\/dev_deltalabo\/produits\/cosmetique-huile-essentielle\/point-eclair-cosmetique-huile-essentielle\/point-eclair-automatique-gaz-setaflash-serie-8-basse-et-haute-temperature\/","name":"Point \u00e9clair automatique gaz SetaFlash S\u00e9rie 8 basse et haute temp\u00e9rature | DeltaLabo","isPartOf":{"@id":"https:\/\/webdesi-gn.fr\/dev_deltalabo\/#website"},"primaryImageOfPage":{"@id":"https:\/\/webdesi-gn.fr\/dev_deltalabo\/produits\/cosmetique-huile-essentielle\/point-eclair-cosmetique-huile-essentielle\/point-eclair-automatique-gaz-setaflash-serie-8-basse-et-haute-temperature\/#primaryimage"},"image":{"@id":"https:\/\/webdesi-gn.fr\/dev_deltalabo\/produits\/cosmetique-huile-essentielle\/point-eclair-cosmetique-huile-essentielle\/point-eclair-automatique-gaz-setaflash-serie-8-basse-et-haute-temperature\/#primaryimage"},"thumbnailUrl":"https:\/\/webdesi-gn.fr\/dev_deltalabo\/wp-content\/uploads\/2025\/11\/DELTA-LABO-Setaflash-serie-8-active-cool.jpg","datePublished":"2024-01-29T15:59:18+00:00","dateModified":"2026-03-27T09:18:57+00:00","breadcrumb":{"@id":"https:\/\/webdesi-gn.fr\/dev_deltalabo\/produits\/cosmetique-huile-essentielle\/point-eclair-cosmetique-huile-essentielle\/point-eclair-automatique-gaz-setaflash-serie-8-basse-et-haute-temperature\/#breadcrumb"},"inLanguage":"fr-FR","potentialAction":[{"@type":"ReadAction","target":["https:\/\/webdesi-gn.fr\/dev_deltalabo\/produits\/cosmetique-huile-essentielle\/point-eclair-cosmetique-huile-essentielle\/point-eclair-automatique-gaz-setaflash-serie-8-basse-et-haute-temperature\/"]}]},{"@type":"ImageObject","inLanguage":"fr-FR","@id":"https:\/\/webdesi-gn.fr\/dev_deltalabo\/produits\/cosmetique-huile-essentielle\/point-eclair-cosmetique-huile-essentielle\/point-eclair-automatique-gaz-setaflash-serie-8-basse-et-haute-temperature\/#primaryimage","url":"https:\/\/webdesi-gn.fr\/dev_deltalabo\/wp-content\/uploads\/2025\/11\/DELTA-LABO-Setaflash-serie-8-active-cool.jpg","contentUrl":"https:\/\/webdesi-gn.fr\/dev_deltalabo\/wp-content\/uploads\/2025\/11\/DELTA-LABO-Setaflash-serie-8-active-cool.jpg","width":785,"height":740},{"@type":"BreadcrumbList","@id":"https:\/\/webdesi-gn.fr\/dev_deltalabo\/produits\/cosmetique-huile-essentielle\/point-eclair-cosmetique-huile-essentielle\/point-eclair-automatique-gaz-setaflash-serie-8-basse-et-haute-temperature\/#breadcrumb","itemListElement":[{"@type":"ListItem","position":1,"name":"Accueil","item":"https:\/\/webdesi-gn.fr\/dev_deltalabo\/"},{"@type":"ListItem","position":2,"name":"Produits","item":"https:\/\/webdesi-gn.fr\/dev_deltalabo\/produits\/"},{"@type":"ListItem","position":3,"name":"Point \u00e9clair automatique gaz SetaFlash S\u00e9rie 8 basse et haute temp\u00e9rature"}]},{"@type":"WebSite","@id":"https:\/\/webdesi-gn.fr\/dev_deltalabo\/#website","url":"https:\/\/webdesi-gn.fr\/dev_deltalabo\/","name":"Delta Labo","description":"Un site utilisant WordPress","publisher":{"@id":"https:\/\/webdesi-gn.fr\/dev_deltalabo\/#organization"},"alternateName":"Delta Labo","potentialAction":[{"@type":"SearchAction","target":{"@type":"EntryPoint","urlTemplate":"https:\/\/webdesi-gn.fr\/dev_deltalabo\/?s={search_term_string}"},"query-input":{"@type":"PropertyValueSpecification","valueRequired":true,"valueName":"search_term_string"}}],"inLanguage":"fr-FR"},{"@type":"Organization","@id":"https:\/\/webdesi-gn.fr\/dev_deltalabo\/#organization","name":"DeltaLabo","url":"https:\/\/webdesi-gn.fr\/dev_deltalabo\/","logo":{"@type":"ImageObject","inLanguage":"fr-FR","@id":"https:\/\/webdesi-gn.fr\/dev_deltalabo\/#\/schema\/logo\/image\/","url":"https:\/\/webdesi-gn.fr\/dev_deltalabo\/wp-content\/uploads\/2022\/07\/logo-deltalabo.png","contentUrl":"https:\/\/webdesi-gn.fr\/dev_deltalabo\/wp-content\/uploads\/2022\/07\/logo-deltalabo.png","width":694,"height":306,"caption":"DeltaLabo"},"image":{"@id":"https:\/\/webdesi-gn.fr\/dev_deltalabo\/#\/schema\/logo\/image\/"}}]}},"_links":{"self":[{"href":"https:\/\/webdesi-gn.fr\/dev_deltalabo\/wp-json\/wp\/v2\/product\/255988","targetHints":{"allow":["GET"]}}],"collection":[{"href":"https:\/\/webdesi-gn.fr\/dev_deltalabo\/wp-json\/wp\/v2\/product"}],"about":[{"href":"https:\/\/webdesi-gn.fr\/dev_deltalabo\/wp-json\/wp\/v2\/types\/product"}],"wp:featuredmedia":[{"embeddable":true,"href":"https:\/\/webdesi-gn.fr\/dev_deltalabo\/wp-json\/wp\/v2\/media\/262181"}],"wp:attachment":[{"href":"https:\/\/webdesi-gn.fr\/dev_deltalabo\/wp-json\/wp\/v2\/media?parent=255988"}],"wp:term":[{"taxonomy":"domaine","embeddable":true,"href":"https:\/\/webdesi-gn.fr\/dev_deltalabo\/wp-json\/wp\/v2\/domaine?post=255988"},{"taxonomy":"normes","embeddable":true,"href":"https:\/\/webdesi-gn.fr\/dev_deltalabo\/wp-json\/wp\/v2\/normes?post=255988"},{"taxonomy":"product_brand","embeddable":true,"href":"https:\/\/webdesi-gn.fr\/dev_deltalabo\/wp-json\/wp\/v2\/product_brand?post=255988"},{"taxonomy":"product_cat","embeddable":true,"href":"https:\/\/webdesi-gn.fr\/dev_deltalabo\/wp-json\/wp\/v2\/product_cat?post=255988"},{"taxonomy":"product_tag","embeddable":true,"href":"https:\/\/webdesi-gn.fr\/dev_deltalabo\/wp-json\/wp\/v2\/product_tag?post=255988"}],"curies":[{"name":"wp","href":"https:\/\/api.w.org\/{rel}","templated":true}]}}