{"id":256090,"date":"2024-03-04T11:09:21","date_gmt":"2024-03-04T10:09:21","guid":{"rendered":"https:\/\/webdesi-gn.fr\/dev_deltalabo\/?post_type=product&#038;p=256090"},"modified":"2025-11-24T13:47:37","modified_gmt":"2025-11-24T12:47:37","slug":"appareil-pression-de-vapeur-automatique-setavap-4","status":"publish","type":"product","link":"https:\/\/webdesi-gn.fr\/dev_deltalabo\/produits\/cat-produit\/appareil-pression-de-vapeur-automatique-setavap-4\/","title":{"rendered":"Instrument pression de vapeur automatique STANHOPE SETA &#8211; Setavap 4"},"content":{"rendered":"","protected":false},"excerpt":{"rendered":"<p><strong>Instrument pression de vapeur automatique STANHOPE SETA &#8211; Setavap 4 :<\/strong><\/p>\n<p>L&rsquo;nstrument pression de vapeur automatique STANHOPE SETA &#8211; Setavap 4 mesure automatiquement la pression de vapeur des produits p\u00e9troliers selon le principe de la triple expansion, conform\u00e9ment aux normes ASTM D5188, ASTM D5191, ASTM D6377, ASTM D6378, ASTM D6897, ASTM D8009, EN 13016-1, EN 13016-3 et IP 394.<\/p>\n<p>Le SETAVAP 4 b\u00e9n\u00e9ficie des toutes derni\u00e8res innovations technologiques :<\/p>\n<ul>\n<li>simplicit\u00e9 d&rsquo;utilisation, programmation facilit\u00e9e type \u00ab\u00a0presse bouton\u00a0\u00bb<\/li>\n<li>tra\u00e7abilit\u00e9 compl\u00e8te des mesures<\/li>\n<li>large \u00e9cran graphique tactile<\/li>\n<li>large plage de mesure : 0 \u00e0 1 000kPa<\/li>\n<li>large plage de temp\u00e9rature : 0\u00b0 \u00e0 120\u00b0C<\/li>\n<\/ul>\n<p><strong>T\u00e9l\u00e9charger la brochure produit :<\/strong> <a class=\"wplightbox\" href=\"https:\/\/www.deltalabo.fr\/wp-content\/uploads\/2024\/03\/setavap4.pdf\">Instrument pression de vapeur automatique STANHOPE SETA &#8211; Setavap 4<\/a><\/p>\n<p><strong>Visualiser l&rsquo;utilisation du produit :<\/strong> <a class=\"wplightbox\" href=\"https:\/\/youtu.be\/Nt6GFfpGNls\">Instrument pression de vapeur automatique STANHOPE SETA &#8211; Setavap 4<\/a><\/p>\n","protected":false},"featured_media":262143,"template":"","meta":{"_acf_changed":false,"site-sidebar-layout":"default","site-content-layout":"","ast-site-content-layout":"default","site-content-style":"default","site-sidebar-style":"default","ast-global-header-display":"","ast-banner-title-visibility":"","ast-main-header-display":"","ast-hfb-above-header-display":"","ast-hfb-below-header-display":"","ast-hfb-mobile-header-display":"","site-post-title":"","ast-breadcrumbs-content":"","ast-featured-img":"","footer-sml-layout":"","ast-disable-related-posts":"","theme-transparent-header-meta":"","adv-header-id-meta":"","stick-header-meta":"","header-above-stick-meta":"","header-main-stick-meta":"","header-below-stick-meta":"","astra-migrate-meta-layouts":"default","ast-page-background-enabled":"default","ast-page-background-meta":{"desktop":{"background-color":"var(--ast-global-color-5)","background-image":"","background-repeat":"repeat","background-position":"center center","background-size":"auto","background-attachment":"scroll","background-type":"","background-media":"","overlay-type":"","overlay-color":"","overlay-opacity":"","overlay-gradient":""},"tablet":{"background-color":"","background-image":"","background-repeat":"repeat","background-position":"center center","background-size":"auto","background-attachment":"scroll","background-type":"","background-media":"","overlay-type":"","overlay-color":"","overlay-opacity":"","overlay-gradient":""},"mobile":{"background-color":"","background-image":"","background-repeat":"repeat","background-position":"center center","background-size":"auto","background-attachment":"scroll","background-type":"","background-media":"","overlay-type":"","overlay-color":"","overlay-opacity":"","overlay-gradient":""}},"ast-content-background-meta":{"desktop":{"background-color":"var(--ast-global-color-4)","background-image":"","background-repeat":"repeat","background-position":"center center","background-size":"auto","background-attachment":"scroll","background-type":"","background-media":"","overlay-type":"","overlay-color":"","overlay-opacity":"","overlay-gradient":""},"tablet":{"background-color":"var(--ast-global-color-4)","background-image":"","background-repeat":"repeat","background-position":"center center","background-size":"auto","background-attachment":"scroll","background-type":"","background-media":"","overlay-type":"","overlay-color":"","overlay-opacity":"","overlay-gradient":""},"mobile":{"background-color":"var(--ast-global-color-4)","background-image":"","background-repeat":"repeat","background-position":"center center","background-size":"auto","background-attachment":"scroll","background-type":"","background-media":"","overlay-type":"","overlay-color":"","overlay-opacity":"","overlay-gradient":""}}},"domaine":[],"normes":[3345,3346,3361,3362,3370,3386,17135,5257,5259,17159],"product_brand":[],"product_cat":[15],"product_tag":[],"class_list":{"0":"post-256090","1":"product","2":"type-product","3":"status-publish","4":"has-post-thumbnail","6":"normes-d5188","7":"normes-d5191","8":"normes-d6377","9":"normes-d6378","10":"normes-d6897","11":"normes-d8009","12":"normes-din-51562","13":"normes-en-13016-1","14":"normes-en-13016-3","15":"normes-ip-394","16":"product_cat-cat-produit","17":"desktop-align-left","18":"tablet-align-left","19":"mobile-align-left","21":"first","22":"instock","23":"shipping-taxable","24":"purchasable","25":"product-type-simple"},"acf":[],"yoast_head":"<!-- This site is optimized with the Yoast SEO plugin v27.4 - https:\/\/yoast.com\/product\/yoast-seo-wordpress\/ -->\n<title>Instrument pression de vapeur automatique STANHOPE SETA - Setavap 4 | DeltaLabo<\/title>\n<meta name=\"robots\" content=\"noindex, follow, max-snippet:-1, max-image-preview:large, max-video-preview:-1\" \/>\n<meta property=\"og:locale\" content=\"fr_FR\" \/>\n<meta property=\"og:type\" content=\"article\" \/>\n<meta property=\"og:title\" content=\"Instrument pression de vapeur automatique STANHOPE SETA - Setavap 4 | DeltaLabo\" \/>\n<meta property=\"og:description\" content=\"Instrument pression de vapeur automatique STANHOPE SETA - Setavap 4 :  L&#039;nstrument pression de vapeur automatique STANHOPE SETA - Setavap 4 mesure automatiquement la pression de vapeur des produits p\u00e9troliers selon le principe de la triple expansion, conform\u00e9ment aux normes ASTM D5188, ASTM D5191, ASTM D6377, ASTM D6378, ASTM D6897, ASTM D8009, EN 13016-1, EN 13016-3 et IP 394.  Le SETAVAP 4 b\u00e9n\u00e9ficie des toutes derni\u00e8res innovations technologiques :   simplicit\u00e9 d&#039;utilisation, programmation facilit\u00e9e type &quot;presse bouton&quot;  tra\u00e7abilit\u00e9 compl\u00e8te des mesures  large \u00e9cran graphique tactile  large plage de mesure : 0 \u00e0 1 000kPa  large plage de temp\u00e9rature : 0\u00b0 \u00e0 120\u00b0C  T\u00e9l\u00e9charger la brochure produit : Instrument pression de vapeur automatique STANHOPE SETA - Setavap 4  Visualiser l&#039;utilisation du produit : Instrument pression de vapeur automatique STANHOPE SETA - Setavap 4\" \/>\n<meta property=\"og:url\" content=\"https:\/\/webdesi-gn.fr\/dev_deltalabo\/produits\/cat-produit\/appareil-pression-de-vapeur-automatique-setavap-4\/\" \/>\n<meta property=\"og:site_name\" content=\"DeltaLabo\" \/>\n<meta property=\"article:modified_time\" content=\"2025-11-24T12:47:37+00:00\" \/>\n<meta property=\"og:image\" content=\"https:\/\/webdesi-gn.fr\/dev_deltalabo\/wp-content\/uploads\/2024\/03\/DELTALABO-Appareil-de-pression-de-vapeur-automatique-Setavap-4.jpg\" \/>\n\t<meta property=\"og:image:width\" content=\"625\" \/>\n\t<meta property=\"og:image:height\" content=\"602\" \/>\n\t<meta property=\"og:image:type\" content=\"image\/jpeg\" \/>\n<meta name=\"twitter:card\" content=\"summary_large_image\" \/>\n<meta name=\"twitter:label1\" content=\"Dur\u00e9e de lecture estim\u00e9e\" \/>\n\t<meta name=\"twitter:data1\" content=\"1 minute\" \/>\n<script type=\"application\/ld+json\" class=\"yoast-schema-graph\">{\"@context\":\"https:\\\/\\\/schema.org\",\"@graph\":[{\"@type\":\"WebPage\",\"@id\":\"https:\\\/\\\/webdesi-gn.fr\\\/dev_deltalabo\\\/produits\\\/cat-produit\\\/appareil-pression-de-vapeur-automatique-setavap-4\\\/\",\"url\":\"https:\\\/\\\/webdesi-gn.fr\\\/dev_deltalabo\\\/produits\\\/cat-produit\\\/appareil-pression-de-vapeur-automatique-setavap-4\\\/\",\"name\":\"Instrument pression de vapeur automatique STANHOPE SETA - Setavap 4 | DeltaLabo\",\"isPartOf\":{\"@id\":\"https:\\\/\\\/webdesi-gn.fr\\\/dev_deltalabo\\\/#website\"},\"primaryImageOfPage\":{\"@id\":\"https:\\\/\\\/webdesi-gn.fr\\\/dev_deltalabo\\\/produits\\\/cat-produit\\\/appareil-pression-de-vapeur-automatique-setavap-4\\\/#primaryimage\"},\"image\":{\"@id\":\"https:\\\/\\\/webdesi-gn.fr\\\/dev_deltalabo\\\/produits\\\/cat-produit\\\/appareil-pression-de-vapeur-automatique-setavap-4\\\/#primaryimage\"},\"thumbnailUrl\":\"https:\\\/\\\/webdesi-gn.fr\\\/dev_deltalabo\\\/wp-content\\\/uploads\\\/2025\\\/11\\\/DELTALABO-Appareil-de-pression-de-vapeur-automatique-Setavap-4.jpg\",\"datePublished\":\"2024-03-04T10:09:21+00:00\",\"dateModified\":\"2025-11-24T12:47:37+00:00\",\"breadcrumb\":{\"@id\":\"https:\\\/\\\/webdesi-gn.fr\\\/dev_deltalabo\\\/produits\\\/cat-produit\\\/appareil-pression-de-vapeur-automatique-setavap-4\\\/#breadcrumb\"},\"inLanguage\":\"fr-FR\",\"potentialAction\":[{\"@type\":\"ReadAction\",\"target\":[\"https:\\\/\\\/webdesi-gn.fr\\\/dev_deltalabo\\\/produits\\\/cat-produit\\\/appareil-pression-de-vapeur-automatique-setavap-4\\\/\"]}]},{\"@type\":\"ImageObject\",\"inLanguage\":\"fr-FR\",\"@id\":\"https:\\\/\\\/webdesi-gn.fr\\\/dev_deltalabo\\\/produits\\\/cat-produit\\\/appareil-pression-de-vapeur-automatique-setavap-4\\\/#primaryimage\",\"url\":\"https:\\\/\\\/webdesi-gn.fr\\\/dev_deltalabo\\\/wp-content\\\/uploads\\\/2025\\\/11\\\/DELTALABO-Appareil-de-pression-de-vapeur-automatique-Setavap-4.jpg\",\"contentUrl\":\"https:\\\/\\\/webdesi-gn.fr\\\/dev_deltalabo\\\/wp-content\\\/uploads\\\/2025\\\/11\\\/DELTALABO-Appareil-de-pression-de-vapeur-automatique-Setavap-4.jpg\",\"width\":625,\"height\":602},{\"@type\":\"BreadcrumbList\",\"@id\":\"https:\\\/\\\/webdesi-gn.fr\\\/dev_deltalabo\\\/produits\\\/cat-produit\\\/appareil-pression-de-vapeur-automatique-setavap-4\\\/#breadcrumb\",\"itemListElement\":[{\"@type\":\"ListItem\",\"position\":1,\"name\":\"Accueil\",\"item\":\"https:\\\/\\\/webdesi-gn.fr\\\/dev_deltalabo\\\/\"},{\"@type\":\"ListItem\",\"position\":2,\"name\":\"Produits\",\"item\":\"https:\\\/\\\/webdesi-gn.fr\\\/dev_deltalabo\\\/produits\\\/\"},{\"@type\":\"ListItem\",\"position\":3,\"name\":\"Instrument pression de vapeur automatique STANHOPE SETA &#8211; Setavap 4\"}]},{\"@type\":\"WebSite\",\"@id\":\"https:\\\/\\\/webdesi-gn.fr\\\/dev_deltalabo\\\/#website\",\"url\":\"https:\\\/\\\/webdesi-gn.fr\\\/dev_deltalabo\\\/\",\"name\":\"Delta Labo\",\"description\":\"Un site utilisant WordPress\",\"publisher\":{\"@id\":\"https:\\\/\\\/webdesi-gn.fr\\\/dev_deltalabo\\\/#organization\"},\"alternateName\":\"Delta Labo\",\"potentialAction\":[{\"@type\":\"SearchAction\",\"target\":{\"@type\":\"EntryPoint\",\"urlTemplate\":\"https:\\\/\\\/webdesi-gn.fr\\\/dev_deltalabo\\\/?s={search_term_string}\"},\"query-input\":{\"@type\":\"PropertyValueSpecification\",\"valueRequired\":true,\"valueName\":\"search_term_string\"}}],\"inLanguage\":\"fr-FR\"},{\"@type\":\"Organization\",\"@id\":\"https:\\\/\\\/webdesi-gn.fr\\\/dev_deltalabo\\\/#organization\",\"name\":\"DeltaLabo\",\"url\":\"https:\\\/\\\/webdesi-gn.fr\\\/dev_deltalabo\\\/\",\"logo\":{\"@type\":\"ImageObject\",\"inLanguage\":\"fr-FR\",\"@id\":\"https:\\\/\\\/webdesi-gn.fr\\\/dev_deltalabo\\\/#\\\/schema\\\/logo\\\/image\\\/\",\"url\":\"https:\\\/\\\/webdesi-gn.fr\\\/dev_deltalabo\\\/wp-content\\\/uploads\\\/2022\\\/07\\\/logo-deltalabo.png\",\"contentUrl\":\"https:\\\/\\\/webdesi-gn.fr\\\/dev_deltalabo\\\/wp-content\\\/uploads\\\/2022\\\/07\\\/logo-deltalabo.png\",\"width\":694,\"height\":306,\"caption\":\"DeltaLabo\"},\"image\":{\"@id\":\"https:\\\/\\\/webdesi-gn.fr\\\/dev_deltalabo\\\/#\\\/schema\\\/logo\\\/image\\\/\"}}]}<\/script>\n<!-- \/ Yoast SEO plugin. -->","yoast_head_json":{"title":"Instrument pression de vapeur automatique STANHOPE SETA - Setavap 4 | DeltaLabo","robots":{"index":"noindex","follow":"follow","max-snippet":"max-snippet:-1","max-image-preview":"max-image-preview:large","max-video-preview":"max-video-preview:-1"},"og_locale":"fr_FR","og_type":"article","og_title":"Instrument pression de vapeur automatique STANHOPE SETA - Setavap 4 | DeltaLabo","og_description":"Instrument pression de vapeur automatique STANHOPE SETA - Setavap 4 :  L'nstrument pression de vapeur automatique STANHOPE SETA - Setavap 4 mesure automatiquement la pression de vapeur des produits p\u00e9troliers selon le principe de la triple expansion, conform\u00e9ment aux normes ASTM D5188, ASTM D5191, ASTM D6377, ASTM D6378, ASTM D6897, ASTM D8009, EN 13016-1, EN 13016-3 et IP 394.  Le SETAVAP 4 b\u00e9n\u00e9ficie des toutes derni\u00e8res innovations technologiques :   simplicit\u00e9 d'utilisation, programmation facilit\u00e9e type \"presse bouton\"  tra\u00e7abilit\u00e9 compl\u00e8te des mesures  large \u00e9cran graphique tactile  large plage de mesure : 0 \u00e0 1 000kPa  large plage de temp\u00e9rature : 0\u00b0 \u00e0 120\u00b0C  T\u00e9l\u00e9charger la brochure produit : Instrument pression de vapeur automatique STANHOPE SETA - Setavap 4  Visualiser l'utilisation du produit : Instrument pression de vapeur automatique STANHOPE SETA - Setavap 4","og_url":"https:\/\/webdesi-gn.fr\/dev_deltalabo\/produits\/cat-produit\/appareil-pression-de-vapeur-automatique-setavap-4\/","og_site_name":"DeltaLabo","article_modified_time":"2025-11-24T12:47:37+00:00","og_image":[{"width":625,"height":602,"url":"https:\/\/webdesi-gn.fr\/dev_deltalabo\/wp-content\/uploads\/2024\/03\/DELTALABO-Appareil-de-pression-de-vapeur-automatique-Setavap-4.jpg","type":"image\/jpeg"}],"twitter_card":"summary_large_image","twitter_misc":{"Dur\u00e9e de lecture estim\u00e9e":"1 minute"},"schema":{"@context":"https:\/\/schema.org","@graph":[{"@type":"WebPage","@id":"https:\/\/webdesi-gn.fr\/dev_deltalabo\/produits\/cat-produit\/appareil-pression-de-vapeur-automatique-setavap-4\/","url":"https:\/\/webdesi-gn.fr\/dev_deltalabo\/produits\/cat-produit\/appareil-pression-de-vapeur-automatique-setavap-4\/","name":"Instrument pression de vapeur automatique STANHOPE SETA - Setavap 4 | DeltaLabo","isPartOf":{"@id":"https:\/\/webdesi-gn.fr\/dev_deltalabo\/#website"},"primaryImageOfPage":{"@id":"https:\/\/webdesi-gn.fr\/dev_deltalabo\/produits\/cat-produit\/appareil-pression-de-vapeur-automatique-setavap-4\/#primaryimage"},"image":{"@id":"https:\/\/webdesi-gn.fr\/dev_deltalabo\/produits\/cat-produit\/appareil-pression-de-vapeur-automatique-setavap-4\/#primaryimage"},"thumbnailUrl":"https:\/\/webdesi-gn.fr\/dev_deltalabo\/wp-content\/uploads\/2025\/11\/DELTALABO-Appareil-de-pression-de-vapeur-automatique-Setavap-4.jpg","datePublished":"2024-03-04T10:09:21+00:00","dateModified":"2025-11-24T12:47:37+00:00","breadcrumb":{"@id":"https:\/\/webdesi-gn.fr\/dev_deltalabo\/produits\/cat-produit\/appareil-pression-de-vapeur-automatique-setavap-4\/#breadcrumb"},"inLanguage":"fr-FR","potentialAction":[{"@type":"ReadAction","target":["https:\/\/webdesi-gn.fr\/dev_deltalabo\/produits\/cat-produit\/appareil-pression-de-vapeur-automatique-setavap-4\/"]}]},{"@type":"ImageObject","inLanguage":"fr-FR","@id":"https:\/\/webdesi-gn.fr\/dev_deltalabo\/produits\/cat-produit\/appareil-pression-de-vapeur-automatique-setavap-4\/#primaryimage","url":"https:\/\/webdesi-gn.fr\/dev_deltalabo\/wp-content\/uploads\/2025\/11\/DELTALABO-Appareil-de-pression-de-vapeur-automatique-Setavap-4.jpg","contentUrl":"https:\/\/webdesi-gn.fr\/dev_deltalabo\/wp-content\/uploads\/2025\/11\/DELTALABO-Appareil-de-pression-de-vapeur-automatique-Setavap-4.jpg","width":625,"height":602},{"@type":"BreadcrumbList","@id":"https:\/\/webdesi-gn.fr\/dev_deltalabo\/produits\/cat-produit\/appareil-pression-de-vapeur-automatique-setavap-4\/#breadcrumb","itemListElement":[{"@type":"ListItem","position":1,"name":"Accueil","item":"https:\/\/webdesi-gn.fr\/dev_deltalabo\/"},{"@type":"ListItem","position":2,"name":"Produits","item":"https:\/\/webdesi-gn.fr\/dev_deltalabo\/produits\/"},{"@type":"ListItem","position":3,"name":"Instrument pression de vapeur automatique STANHOPE SETA &#8211; Setavap 4"}]},{"@type":"WebSite","@id":"https:\/\/webdesi-gn.fr\/dev_deltalabo\/#website","url":"https:\/\/webdesi-gn.fr\/dev_deltalabo\/","name":"Delta Labo","description":"Un site utilisant WordPress","publisher":{"@id":"https:\/\/webdesi-gn.fr\/dev_deltalabo\/#organization"},"alternateName":"Delta Labo","potentialAction":[{"@type":"SearchAction","target":{"@type":"EntryPoint","urlTemplate":"https:\/\/webdesi-gn.fr\/dev_deltalabo\/?s={search_term_string}"},"query-input":{"@type":"PropertyValueSpecification","valueRequired":true,"valueName":"search_term_string"}}],"inLanguage":"fr-FR"},{"@type":"Organization","@id":"https:\/\/webdesi-gn.fr\/dev_deltalabo\/#organization","name":"DeltaLabo","url":"https:\/\/webdesi-gn.fr\/dev_deltalabo\/","logo":{"@type":"ImageObject","inLanguage":"fr-FR","@id":"https:\/\/webdesi-gn.fr\/dev_deltalabo\/#\/schema\/logo\/image\/","url":"https:\/\/webdesi-gn.fr\/dev_deltalabo\/wp-content\/uploads\/2022\/07\/logo-deltalabo.png","contentUrl":"https:\/\/webdesi-gn.fr\/dev_deltalabo\/wp-content\/uploads\/2022\/07\/logo-deltalabo.png","width":694,"height":306,"caption":"DeltaLabo"},"image":{"@id":"https:\/\/webdesi-gn.fr\/dev_deltalabo\/#\/schema\/logo\/image\/"}}]}},"_links":{"self":[{"href":"https:\/\/webdesi-gn.fr\/dev_deltalabo\/wp-json\/wp\/v2\/product\/256090","targetHints":{"allow":["GET"]}}],"collection":[{"href":"https:\/\/webdesi-gn.fr\/dev_deltalabo\/wp-json\/wp\/v2\/product"}],"about":[{"href":"https:\/\/webdesi-gn.fr\/dev_deltalabo\/wp-json\/wp\/v2\/types\/product"}],"wp:featuredmedia":[{"embeddable":true,"href":"https:\/\/webdesi-gn.fr\/dev_deltalabo\/wp-json\/wp\/v2\/media\/262143"}],"wp:attachment":[{"href":"https:\/\/webdesi-gn.fr\/dev_deltalabo\/wp-json\/wp\/v2\/media?parent=256090"}],"wp:term":[{"taxonomy":"domaine","embeddable":true,"href":"https:\/\/webdesi-gn.fr\/dev_deltalabo\/wp-json\/wp\/v2\/domaine?post=256090"},{"taxonomy":"normes","embeddable":true,"href":"https:\/\/webdesi-gn.fr\/dev_deltalabo\/wp-json\/wp\/v2\/normes?post=256090"},{"taxonomy":"product_brand","embeddable":true,"href":"https:\/\/webdesi-gn.fr\/dev_deltalabo\/wp-json\/wp\/v2\/product_brand?post=256090"},{"taxonomy":"product_cat","embeddable":true,"href":"https:\/\/webdesi-gn.fr\/dev_deltalabo\/wp-json\/wp\/v2\/product_cat?post=256090"},{"taxonomy":"product_tag","embeddable":true,"href":"https:\/\/webdesi-gn.fr\/dev_deltalabo\/wp-json\/wp\/v2\/product_tag?post=256090"}],"curies":[{"name":"wp","href":"https:\/\/api.w.org\/{rel}","templated":true}]}}