{"id":256547,"date":"2024-04-15T10:56:48","date_gmt":"2024-04-15T08:56:48","guid":{"rendered":"https:\/\/webdesi-gn.fr\/dev_deltalabo\/?post_type=product&#038;p=256547"},"modified":"2025-11-24T13:44:25","modified_gmt":"2025-11-24T12:44:25","slug":"broyeur-a-couteaux-surpuissant-fritsch-modele-p19-p25","status":"publish","type":"product","link":"https:\/\/webdesi-gn.fr\/dev_deltalabo\/produits\/categories\/broyeur-a-couteaux-surpuissant-fritsch-modele-p19-p25\/","title":{"rendered":"Broyeur \u00e0 couteaux surpuissant FRITSCH PULVERISETTE 25"},"content":{"rendered":"","protected":false},"excerpt":{"rendered":"<p><strong>Broyeur \u00e0 couteaux surpuissant FRITSCH Pulverisette 25 :<\/strong><\/p>\n<p>L\u2019\u00e9chantillon est pulv\u00e9ris\u00e9 entre un rotor \u00e0 dents en forme de couteaux tournant \u00e0 grande vitesse et des contre-couteaux. Ensuite l\u2019\u00e9chantillon passe au travers d&rsquo;un tamis install\u00e9 dans la paroi de la chambre avant de tomber dans un r\u00e9cipient-collecteur. La granulom\u00e9trie finale du broyat est d\u00e9termin\u00e9e par les mailles du tamis.<\/p>\n<p>La particularit\u00e9 du broyeur \u00e0 couteaux surpuissant FRITSCH Pulverisette 25 est le surdimensionnement des garnitures de broyage permettant de traiter des \u00e9chantillons jusqu&rsquo;\u00e0 120x85mm avec un d\u00e9bit maxi de 85L\/h.<\/p>\n<p>Le moteur d&rsquo;une puissance de 2,2kW permet de traiter les \u00e9chantillons les plus coriaces (d\u00e9chets plastiques, cuir, tissu, cartons, charbons, os etc&#8230;).<\/p>\n<p>Un syst\u00e8me d&rsquo;aspiration avec cyclone permet d&rsquo;aspirer le broyat directement dans une bouteille ou conteneur.<\/p>\n<p>La combinaison des broyeurs \u00e0 couteaux FRITSCH Pulverisette 19 et Pulverisette 25 a \u00e9t\u00e9 con\u00e7ue pour le broyage en deux temps d&rsquo;\u00e9chantillons tr\u00e8s h\u00e9t\u00e9rog\u00e8nes. Le broyage s&rsquo;effectue de mani\u00e8re automatique sur deux niveaux. L&rsquo;aspiration du broyat se fait via la sortie cyclone.<\/p>\n<p><strong>T\u00e9l\u00e9charger la brochure g\u00e9n\u00e9rale :<\/strong> <a href=\"https:\/\/www.deltalabo.fr\/wp-content\/uploads\/2025\/04\/Doc-broyeurs-a-couteaux-P15-P19-P25-fra-DL.pdf\">Broyeurs \u00e0 couteaux FRITSCH<\/a><\/p>\n<p><strong>Visionner l&rsquo;utilisation du produit :<\/strong> <a href=\"https:\/\/youtu.be\/GtEOcidZS4w?t=17\">Broyeurs \u00e0 couteaux FRITSCH<\/a><\/p>\n","protected":false},"featured_media":262081,"template":"","meta":{"_acf_changed":false,"site-sidebar-layout":"default","site-content-layout":"","ast-site-content-layout":"default","site-content-style":"default","site-sidebar-style":"default","ast-global-header-display":"","ast-banner-title-visibility":"","ast-main-header-display":"","ast-hfb-above-header-display":"","ast-hfb-below-header-display":"","ast-hfb-mobile-header-display":"","site-post-title":"","ast-breadcrumbs-content":"","ast-featured-img":"","footer-sml-layout":"","ast-disable-related-posts":"","theme-transparent-header-meta":"","adv-header-id-meta":"","stick-header-meta":"","header-above-stick-meta":"","header-main-stick-meta":"","header-below-stick-meta":"","astra-migrate-meta-layouts":"default","ast-page-background-enabled":"default","ast-page-background-meta":{"desktop":{"background-color":"var(--ast-global-color-5)","background-image":"","background-repeat":"repeat","background-position":"center center","background-size":"auto","background-attachment":"scroll","background-type":"","background-media":"","overlay-type":"","overlay-color":"","overlay-opacity":"","overlay-gradient":""},"tablet":{"background-color":"","background-image":"","background-repeat":"repeat","background-position":"center center","background-size":"auto","background-attachment":"scroll","background-type":"","background-media":"","overlay-type":"","overlay-color":"","overlay-opacity":"","overlay-gradient":""},"mobile":{"background-color":"","background-image":"","background-repeat":"repeat","background-position":"center center","background-size":"auto","background-attachment":"scroll","background-type":"","background-media":"","overlay-type":"","overlay-color":"","overlay-opacity":"","overlay-gradient":""}},"ast-content-background-meta":{"desktop":{"background-color":"var(--ast-global-color-4)","background-image":"","background-repeat":"repeat","background-position":"center center","background-size":"auto","background-attachment":"scroll","background-type":"","background-media":"","overlay-type":"","overlay-color":"","overlay-opacity":"","overlay-gradient":""},"tablet":{"background-color":"var(--ast-global-color-4)","background-image":"","background-repeat":"repeat","background-position":"center center","background-size":"auto","background-attachment":"scroll","background-type":"","background-media":"","overlay-type":"","overlay-color":"","overlay-opacity":"","overlay-gradient":""},"mobile":{"background-color":"var(--ast-global-color-4)","background-image":"","background-repeat":"repeat","background-position":"center center","background-size":"auto","background-attachment":"scroll","background-type":"","background-media":"","overlay-type":"","overlay-color":"","overlay-opacity":"","overlay-gradient":""}}},"domaine":[],"normes":[17135],"product_brand":[],"product_cat":[17240],"product_tag":[],"class_list":{"0":"post-256547","1":"product","2":"type-product","3":"status-publish","4":"has-post-thumbnail","6":"normes-din-51562","7":"product_cat-categories","8":"desktop-align-left","9":"tablet-align-left","10":"mobile-align-left","12":"first","13":"instock","14":"shipping-taxable","15":"purchasable","16":"product-type-simple"},"acf":[],"yoast_head":"<!-- This site is optimized with the Yoast SEO plugin v27.4 - https:\/\/yoast.com\/product\/yoast-seo-wordpress\/ -->\n<title>Broyeur \u00e0 couteaux surpuissant FRITSCH PULVERISETTE 25 | DeltaLabo<\/title>\n<meta name=\"robots\" content=\"noindex, follow, max-snippet:-1, max-image-preview:large, max-video-preview:-1\" \/>\n<meta property=\"og:locale\" content=\"fr_FR\" \/>\n<meta property=\"og:type\" content=\"article\" \/>\n<meta property=\"og:title\" content=\"Broyeur \u00e0 couteaux surpuissant FRITSCH PULVERISETTE 25 | DeltaLabo\" \/>\n<meta property=\"og:description\" content=\"Broyeur \u00e0 couteaux surpuissant FRITSCH Pulverisette 25 :  L\u2019\u00e9chantillon est pulv\u00e9ris\u00e9 entre un rotor \u00e0 dents en forme de couteaux tournant \u00e0 grande vitesse et des contre-couteaux. Ensuite l\u2019\u00e9chantillon passe au travers d&#039;un tamis install\u00e9 dans la paroi de la chambre avant de tomber dans un r\u00e9cipient-collecteur. La granulom\u00e9trie finale du broyat est d\u00e9termin\u00e9e par les mailles du tamis.  La particularit\u00e9 du broyeur \u00e0 couteaux surpuissant FRITSCH Pulverisette 25 est le surdimensionnement des garnitures de broyage permettant de traiter des \u00e9chantillons jusqu&#039;\u00e0 120x85mm avec un d\u00e9bit maxi de 85L\/h.  Le moteur d&#039;une puissance de 2,2kW permet de traiter les \u00e9chantillons les plus coriaces (d\u00e9chets plastiques, cuir, tissu, cartons, charbons, os etc...).  Un syst\u00e8me d&#039;aspiration avec cyclone permet d&#039;aspirer le broyat directement dans une bouteille ou conteneur.  La combinaison des broyeurs \u00e0 couteaux FRITSCH Pulverisette 19 et Pulverisette 25 a \u00e9t\u00e9 con\u00e7ue pour le broyage en deux temps d&#039;\u00e9chantillons tr\u00e8s h\u00e9t\u00e9rog\u00e8nes. Le broyage s&#039;effectue de mani\u00e8re automatique sur deux niveaux. L&#039;aspiration du broyat se fait via la sortie cyclone.  T\u00e9l\u00e9charger la brochure g\u00e9n\u00e9rale : Broyeurs \u00e0 couteaux FRITSCH  Visionner l&#039;utilisation du produit : Broyeurs \u00e0 couteaux FRITSCH\" \/>\n<meta property=\"og:url\" content=\"https:\/\/webdesi-gn.fr\/dev_deltalabo\/produits\/cat-produit\/broyeur-a-couteaux-surpuissant-fritsch-modele-p19-p25\/\" \/>\n<meta property=\"og:site_name\" content=\"DeltaLabo\" \/>\n<meta property=\"article:modified_time\" content=\"2025-11-24T12:44:25+00:00\" \/>\n<meta property=\"og:image\" content=\"https:\/\/webdesi-gn.fr\/dev_deltalabo\/wp-content\/uploads\/2024\/04\/DELTA-LABO-Broyeur-a-couteaux-Fritsch-P19.jpg\" \/>\n\t<meta property=\"og:image:width\" content=\"479\" \/>\n\t<meta property=\"og:image:height\" content=\"518\" \/>\n\t<meta property=\"og:image:type\" content=\"image\/jpeg\" \/>\n<meta name=\"twitter:card\" content=\"summary_large_image\" \/>\n<meta name=\"twitter:label1\" content=\"Dur\u00e9e de lecture estim\u00e9e\" \/>\n\t<meta name=\"twitter:data1\" content=\"1 minute\" \/>\n<script type=\"application\/ld+json\" class=\"yoast-schema-graph\">{\"@context\":\"https:\\\/\\\/schema.org\",\"@graph\":[{\"@type\":\"WebPage\",\"@id\":\"https:\\\/\\\/webdesi-gn.fr\\\/dev_deltalabo\\\/produits\\\/cat-produit\\\/broyeur-a-couteaux-surpuissant-fritsch-modele-p19-p25\\\/\",\"url\":\"https:\\\/\\\/webdesi-gn.fr\\\/dev_deltalabo\\\/produits\\\/cat-produit\\\/broyeur-a-couteaux-surpuissant-fritsch-modele-p19-p25\\\/\",\"name\":\"Broyeur \u00e0 couteaux surpuissant FRITSCH PULVERISETTE 25 | DeltaLabo\",\"isPartOf\":{\"@id\":\"https:\\\/\\\/webdesi-gn.fr\\\/dev_deltalabo\\\/#website\"},\"primaryImageOfPage\":{\"@id\":\"https:\\\/\\\/webdesi-gn.fr\\\/dev_deltalabo\\\/produits\\\/cat-produit\\\/broyeur-a-couteaux-surpuissant-fritsch-modele-p19-p25\\\/#primaryimage\"},\"image\":{\"@id\":\"https:\\\/\\\/webdesi-gn.fr\\\/dev_deltalabo\\\/produits\\\/cat-produit\\\/broyeur-a-couteaux-surpuissant-fritsch-modele-p19-p25\\\/#primaryimage\"},\"thumbnailUrl\":\"https:\\\/\\\/webdesi-gn.fr\\\/dev_deltalabo\\\/wp-content\\\/uploads\\\/2025\\\/11\\\/DELTA-LABO-Broyeur-a-couteaux-Fritsch-P19.jpg\",\"datePublished\":\"2024-04-15T08:56:48+00:00\",\"dateModified\":\"2025-11-24T12:44:25+00:00\",\"breadcrumb\":{\"@id\":\"https:\\\/\\\/webdesi-gn.fr\\\/dev_deltalabo\\\/produits\\\/cat-produit\\\/broyeur-a-couteaux-surpuissant-fritsch-modele-p19-p25\\\/#breadcrumb\"},\"inLanguage\":\"fr-FR\",\"potentialAction\":[{\"@type\":\"ReadAction\",\"target\":[\"https:\\\/\\\/webdesi-gn.fr\\\/dev_deltalabo\\\/produits\\\/cat-produit\\\/broyeur-a-couteaux-surpuissant-fritsch-modele-p19-p25\\\/\"]}]},{\"@type\":\"ImageObject\",\"inLanguage\":\"fr-FR\",\"@id\":\"https:\\\/\\\/webdesi-gn.fr\\\/dev_deltalabo\\\/produits\\\/cat-produit\\\/broyeur-a-couteaux-surpuissant-fritsch-modele-p19-p25\\\/#primaryimage\",\"url\":\"https:\\\/\\\/webdesi-gn.fr\\\/dev_deltalabo\\\/wp-content\\\/uploads\\\/2025\\\/11\\\/DELTA-LABO-Broyeur-a-couteaux-Fritsch-P19.jpg\",\"contentUrl\":\"https:\\\/\\\/webdesi-gn.fr\\\/dev_deltalabo\\\/wp-content\\\/uploads\\\/2025\\\/11\\\/DELTA-LABO-Broyeur-a-couteaux-Fritsch-P19.jpg\",\"width\":479,\"height\":518},{\"@type\":\"BreadcrumbList\",\"@id\":\"https:\\\/\\\/webdesi-gn.fr\\\/dev_deltalabo\\\/produits\\\/cat-produit\\\/broyeur-a-couteaux-surpuissant-fritsch-modele-p19-p25\\\/#breadcrumb\",\"itemListElement\":[{\"@type\":\"ListItem\",\"position\":1,\"name\":\"Accueil\",\"item\":\"https:\\\/\\\/webdesi-gn.fr\\\/dev_deltalabo\\\/\"},{\"@type\":\"ListItem\",\"position\":2,\"name\":\"Produits\",\"item\":\"https:\\\/\\\/webdesi-gn.fr\\\/dev_deltalabo\\\/produits\\\/\"},{\"@type\":\"ListItem\",\"position\":3,\"name\":\"Broyeur \u00e0 couteaux surpuissant FRITSCH PULVERISETTE 25\"}]},{\"@type\":\"WebSite\",\"@id\":\"https:\\\/\\\/webdesi-gn.fr\\\/dev_deltalabo\\\/#website\",\"url\":\"https:\\\/\\\/webdesi-gn.fr\\\/dev_deltalabo\\\/\",\"name\":\"Delta Labo\",\"description\":\"Un site utilisant WordPress\",\"publisher\":{\"@id\":\"https:\\\/\\\/webdesi-gn.fr\\\/dev_deltalabo\\\/#organization\"},\"alternateName\":\"Delta Labo\",\"potentialAction\":[{\"@type\":\"SearchAction\",\"target\":{\"@type\":\"EntryPoint\",\"urlTemplate\":\"https:\\\/\\\/webdesi-gn.fr\\\/dev_deltalabo\\\/?s={search_term_string}\"},\"query-input\":{\"@type\":\"PropertyValueSpecification\",\"valueRequired\":true,\"valueName\":\"search_term_string\"}}],\"inLanguage\":\"fr-FR\"},{\"@type\":\"Organization\",\"@id\":\"https:\\\/\\\/webdesi-gn.fr\\\/dev_deltalabo\\\/#organization\",\"name\":\"DeltaLabo\",\"url\":\"https:\\\/\\\/webdesi-gn.fr\\\/dev_deltalabo\\\/\",\"logo\":{\"@type\":\"ImageObject\",\"inLanguage\":\"fr-FR\",\"@id\":\"https:\\\/\\\/webdesi-gn.fr\\\/dev_deltalabo\\\/#\\\/schema\\\/logo\\\/image\\\/\",\"url\":\"https:\\\/\\\/webdesi-gn.fr\\\/dev_deltalabo\\\/wp-content\\\/uploads\\\/2022\\\/07\\\/logo-deltalabo.png\",\"contentUrl\":\"https:\\\/\\\/webdesi-gn.fr\\\/dev_deltalabo\\\/wp-content\\\/uploads\\\/2022\\\/07\\\/logo-deltalabo.png\",\"width\":694,\"height\":306,\"caption\":\"DeltaLabo\"},\"image\":{\"@id\":\"https:\\\/\\\/webdesi-gn.fr\\\/dev_deltalabo\\\/#\\\/schema\\\/logo\\\/image\\\/\"}}]}<\/script>\n<!-- \/ Yoast SEO plugin. -->","yoast_head_json":{"title":"Broyeur \u00e0 couteaux surpuissant FRITSCH PULVERISETTE 25 | DeltaLabo","robots":{"index":"noindex","follow":"follow","max-snippet":"max-snippet:-1","max-image-preview":"max-image-preview:large","max-video-preview":"max-video-preview:-1"},"og_locale":"fr_FR","og_type":"article","og_title":"Broyeur \u00e0 couteaux surpuissant FRITSCH PULVERISETTE 25 | DeltaLabo","og_description":"Broyeur \u00e0 couteaux surpuissant FRITSCH Pulverisette 25 :  L\u2019\u00e9chantillon est pulv\u00e9ris\u00e9 entre un rotor \u00e0 dents en forme de couteaux tournant \u00e0 grande vitesse et des contre-couteaux. Ensuite l\u2019\u00e9chantillon passe au travers d'un tamis install\u00e9 dans la paroi de la chambre avant de tomber dans un r\u00e9cipient-collecteur. La granulom\u00e9trie finale du broyat est d\u00e9termin\u00e9e par les mailles du tamis.  La particularit\u00e9 du broyeur \u00e0 couteaux surpuissant FRITSCH Pulverisette 25 est le surdimensionnement des garnitures de broyage permettant de traiter des \u00e9chantillons jusqu'\u00e0 120x85mm avec un d\u00e9bit maxi de 85L\/h.  Le moteur d'une puissance de 2,2kW permet de traiter les \u00e9chantillons les plus coriaces (d\u00e9chets plastiques, cuir, tissu, cartons, charbons, os etc...).  Un syst\u00e8me d'aspiration avec cyclone permet d'aspirer le broyat directement dans une bouteille ou conteneur.  La combinaison des broyeurs \u00e0 couteaux FRITSCH Pulverisette 19 et Pulverisette 25 a \u00e9t\u00e9 con\u00e7ue pour le broyage en deux temps d'\u00e9chantillons tr\u00e8s h\u00e9t\u00e9rog\u00e8nes. Le broyage s'effectue de mani\u00e8re automatique sur deux niveaux. L'aspiration du broyat se fait via la sortie cyclone.  T\u00e9l\u00e9charger la brochure g\u00e9n\u00e9rale : Broyeurs \u00e0 couteaux FRITSCH  Visionner l'utilisation du produit : Broyeurs \u00e0 couteaux FRITSCH","og_url":"https:\/\/webdesi-gn.fr\/dev_deltalabo\/produits\/cat-produit\/broyeur-a-couteaux-surpuissant-fritsch-modele-p19-p25\/","og_site_name":"DeltaLabo","article_modified_time":"2025-11-24T12:44:25+00:00","og_image":[{"width":479,"height":518,"url":"https:\/\/webdesi-gn.fr\/dev_deltalabo\/wp-content\/uploads\/2024\/04\/DELTA-LABO-Broyeur-a-couteaux-Fritsch-P19.jpg","type":"image\/jpeg"}],"twitter_card":"summary_large_image","twitter_misc":{"Dur\u00e9e de lecture estim\u00e9e":"1 minute"},"schema":{"@context":"https:\/\/schema.org","@graph":[{"@type":"WebPage","@id":"https:\/\/webdesi-gn.fr\/dev_deltalabo\/produits\/cat-produit\/broyeur-a-couteaux-surpuissant-fritsch-modele-p19-p25\/","url":"https:\/\/webdesi-gn.fr\/dev_deltalabo\/produits\/cat-produit\/broyeur-a-couteaux-surpuissant-fritsch-modele-p19-p25\/","name":"Broyeur \u00e0 couteaux surpuissant FRITSCH PULVERISETTE 25 | DeltaLabo","isPartOf":{"@id":"https:\/\/webdesi-gn.fr\/dev_deltalabo\/#website"},"primaryImageOfPage":{"@id":"https:\/\/webdesi-gn.fr\/dev_deltalabo\/produits\/cat-produit\/broyeur-a-couteaux-surpuissant-fritsch-modele-p19-p25\/#primaryimage"},"image":{"@id":"https:\/\/webdesi-gn.fr\/dev_deltalabo\/produits\/cat-produit\/broyeur-a-couteaux-surpuissant-fritsch-modele-p19-p25\/#primaryimage"},"thumbnailUrl":"https:\/\/webdesi-gn.fr\/dev_deltalabo\/wp-content\/uploads\/2025\/11\/DELTA-LABO-Broyeur-a-couteaux-Fritsch-P19.jpg","datePublished":"2024-04-15T08:56:48+00:00","dateModified":"2025-11-24T12:44:25+00:00","breadcrumb":{"@id":"https:\/\/webdesi-gn.fr\/dev_deltalabo\/produits\/cat-produit\/broyeur-a-couteaux-surpuissant-fritsch-modele-p19-p25\/#breadcrumb"},"inLanguage":"fr-FR","potentialAction":[{"@type":"ReadAction","target":["https:\/\/webdesi-gn.fr\/dev_deltalabo\/produits\/cat-produit\/broyeur-a-couteaux-surpuissant-fritsch-modele-p19-p25\/"]}]},{"@type":"ImageObject","inLanguage":"fr-FR","@id":"https:\/\/webdesi-gn.fr\/dev_deltalabo\/produits\/cat-produit\/broyeur-a-couteaux-surpuissant-fritsch-modele-p19-p25\/#primaryimage","url":"https:\/\/webdesi-gn.fr\/dev_deltalabo\/wp-content\/uploads\/2025\/11\/DELTA-LABO-Broyeur-a-couteaux-Fritsch-P19.jpg","contentUrl":"https:\/\/webdesi-gn.fr\/dev_deltalabo\/wp-content\/uploads\/2025\/11\/DELTA-LABO-Broyeur-a-couteaux-Fritsch-P19.jpg","width":479,"height":518},{"@type":"BreadcrumbList","@id":"https:\/\/webdesi-gn.fr\/dev_deltalabo\/produits\/cat-produit\/broyeur-a-couteaux-surpuissant-fritsch-modele-p19-p25\/#breadcrumb","itemListElement":[{"@type":"ListItem","position":1,"name":"Accueil","item":"https:\/\/webdesi-gn.fr\/dev_deltalabo\/"},{"@type":"ListItem","position":2,"name":"Produits","item":"https:\/\/webdesi-gn.fr\/dev_deltalabo\/produits\/"},{"@type":"ListItem","position":3,"name":"Broyeur \u00e0 couteaux surpuissant FRITSCH PULVERISETTE 25"}]},{"@type":"WebSite","@id":"https:\/\/webdesi-gn.fr\/dev_deltalabo\/#website","url":"https:\/\/webdesi-gn.fr\/dev_deltalabo\/","name":"Delta Labo","description":"Un site utilisant WordPress","publisher":{"@id":"https:\/\/webdesi-gn.fr\/dev_deltalabo\/#organization"},"alternateName":"Delta Labo","potentialAction":[{"@type":"SearchAction","target":{"@type":"EntryPoint","urlTemplate":"https:\/\/webdesi-gn.fr\/dev_deltalabo\/?s={search_term_string}"},"query-input":{"@type":"PropertyValueSpecification","valueRequired":true,"valueName":"search_term_string"}}],"inLanguage":"fr-FR"},{"@type":"Organization","@id":"https:\/\/webdesi-gn.fr\/dev_deltalabo\/#organization","name":"DeltaLabo","url":"https:\/\/webdesi-gn.fr\/dev_deltalabo\/","logo":{"@type":"ImageObject","inLanguage":"fr-FR","@id":"https:\/\/webdesi-gn.fr\/dev_deltalabo\/#\/schema\/logo\/image\/","url":"https:\/\/webdesi-gn.fr\/dev_deltalabo\/wp-content\/uploads\/2022\/07\/logo-deltalabo.png","contentUrl":"https:\/\/webdesi-gn.fr\/dev_deltalabo\/wp-content\/uploads\/2022\/07\/logo-deltalabo.png","width":694,"height":306,"caption":"DeltaLabo"},"image":{"@id":"https:\/\/webdesi-gn.fr\/dev_deltalabo\/#\/schema\/logo\/image\/"}}]}},"_links":{"self":[{"href":"https:\/\/webdesi-gn.fr\/dev_deltalabo\/wp-json\/wp\/v2\/product\/256547","targetHints":{"allow":["GET"]}}],"collection":[{"href":"https:\/\/webdesi-gn.fr\/dev_deltalabo\/wp-json\/wp\/v2\/product"}],"about":[{"href":"https:\/\/webdesi-gn.fr\/dev_deltalabo\/wp-json\/wp\/v2\/types\/product"}],"wp:featuredmedia":[{"embeddable":true,"href":"https:\/\/webdesi-gn.fr\/dev_deltalabo\/wp-json\/wp\/v2\/media\/262081"}],"wp:attachment":[{"href":"https:\/\/webdesi-gn.fr\/dev_deltalabo\/wp-json\/wp\/v2\/media?parent=256547"}],"wp:term":[{"taxonomy":"domaine","embeddable":true,"href":"https:\/\/webdesi-gn.fr\/dev_deltalabo\/wp-json\/wp\/v2\/domaine?post=256547"},{"taxonomy":"normes","embeddable":true,"href":"https:\/\/webdesi-gn.fr\/dev_deltalabo\/wp-json\/wp\/v2\/normes?post=256547"},{"taxonomy":"product_brand","embeddable":true,"href":"https:\/\/webdesi-gn.fr\/dev_deltalabo\/wp-json\/wp\/v2\/product_brand?post=256547"},{"taxonomy":"product_cat","embeddable":true,"href":"https:\/\/webdesi-gn.fr\/dev_deltalabo\/wp-json\/wp\/v2\/product_cat?post=256547"},{"taxonomy":"product_tag","embeddable":true,"href":"https:\/\/webdesi-gn.fr\/dev_deltalabo\/wp-json\/wp\/v2\/product_tag?post=256547"}],"curies":[{"name":"wp","href":"https:\/\/api.w.org\/{rel}","templated":true}]}}