{"id":256569,"date":"2024-04-15T11:54:17","date_gmt":"2024-04-15T09:54:17","guid":{"rendered":"https:\/\/webdesi-gn.fr\/dev_deltalabo\/?post_type=product&#038;p=256569"},"modified":"2025-11-24T13:43:53","modified_gmt":"2025-11-24T12:43:53","slug":"cryothermostat-proline-lauda","status":"publish","type":"product","link":"https:\/\/webdesi-gn.fr\/dev_deltalabo\/produits\/thermostatisation\/cryothermostat-proline-lauda\/","title":{"rendered":"Cryothermostat Proline Kryomate LAUDA"},"content":{"rendered":"","protected":false},"excerpt":{"rendered":"<p><strong>Cryothermostat Proline Kryomate LAUDA :<\/strong><\/p>\n<p>Le cryothermostat Proline Kryomate se pose au sol, offrant la toute derni\u00e8re technologie, une grande rentabilit\u00e9 et un excellent rapport prix\/performances.<\/p>\n<p>Tr\u00e8s puissant pour une utilisation dans le domaine du g\u00e9nie des proc\u00e9d\u00e9s et pour des tests de mat\u00e9riaux, la plage de temp\u00e9rature du cryothermostat Proline Kryomate va de -90\u00b0C \u00e0 200\u00b0C.<\/p>\n<p>La pompe de refoulement optimis\u00e9e pour la circulation interne peut \u00eatre r\u00e9gl\u00e9e sur quatre niveaux, b\u00e9n\u00e9ficiant d&rsquo;une utilisation conviviale gr\u00e2ce \u00e0 l&rsquo;unit\u00e9 de t\u00e9l\u00e9commande en s\u00e9rie LAUDA Command.<\/p>\n<p>Un chauffage int\u00e9gr\u00e9 du pont de cuve et du bord du bain emp\u00eache toute formation de condensation due \u00e0 l&rsquo;humidit\u00e9 de l&rsquo;air lorsque les temp\u00e9ratures sont basses.<\/p>\n<p>Caract\u00e9ristiques :<\/p>\n<ul>\n<li>Puissance frigorifique de 2,9 kW \u00e0 6 kW<\/li>\n<li>Puissance de chauffage de 2,8 kW \u00e0 3,5 kW<\/li>\n<li>Programmateur avec 150 segments temp\u00e9rature-temps, divisible en 5 programmes<\/li>\n<li>Raccords de pompe \u00e0 l&rsquo;arri\u00e8re et sur les c\u00f4t\u00e9s, by-pass int\u00e9gr\u00e9<\/li>\n<li>Bains spacieux et grandes ouvertures de bain : id\u00e9al pour les \u00e9chantillons volumineux et un d\u00e9bit efficace<\/li>\n<\/ul>\n<p><strong>T\u00e9l\u00e9charger la brochure produit :<\/strong> <a href=\"https:\/\/www.deltalabo.fr\/wp-content\/uploads\/2025\/07\/LAUDA_Catalogue_General_2024_25-FR-DL-Cryothermostat-Proline-Kryomate-bis.pdf\">Cryothermostat Proline Kryomate LAUDA<\/a><\/p>\n","protected":false},"featured_media":262073,"template":"","meta":{"_acf_changed":false,"site-sidebar-layout":"default","site-content-layout":"","ast-site-content-layout":"default","site-content-style":"default","site-sidebar-style":"default","ast-global-header-display":"","ast-banner-title-visibility":"","ast-main-header-display":"","ast-hfb-above-header-display":"","ast-hfb-below-header-display":"","ast-hfb-mobile-header-display":"","site-post-title":"","ast-breadcrumbs-content":"","ast-featured-img":"","footer-sml-layout":"","ast-disable-related-posts":"","theme-transparent-header-meta":"","adv-header-id-meta":"","stick-header-meta":"","header-above-stick-meta":"","header-main-stick-meta":"","header-below-stick-meta":"","astra-migrate-meta-layouts":"default","ast-page-background-enabled":"default","ast-page-background-meta":{"desktop":{"background-color":"var(--ast-global-color-5)","background-image":"","background-repeat":"repeat","background-position":"center center","background-size":"auto","background-attachment":"scroll","background-type":"","background-media":"","overlay-type":"","overlay-color":"","overlay-opacity":"","overlay-gradient":""},"tablet":{"background-color":"","background-image":"","background-repeat":"repeat","background-position":"center center","background-size":"auto","background-attachment":"scroll","background-type":"","background-media":"","overlay-type":"","overlay-color":"","overlay-opacity":"","overlay-gradient":""},"mobile":{"background-color":"","background-image":"","background-repeat":"repeat","background-position":"center center","background-size":"auto","background-attachment":"scroll","background-type":"","background-media":"","overlay-type":"","overlay-color":"","overlay-opacity":"","overlay-gradient":""}},"ast-content-background-meta":{"desktop":{"background-color":"var(--ast-global-color-4)","background-image":"","background-repeat":"repeat","background-position":"center center","background-size":"auto","background-attachment":"scroll","background-type":"","background-media":"","overlay-type":"","overlay-color":"","overlay-opacity":"","overlay-gradient":""},"tablet":{"background-color":"var(--ast-global-color-4)","background-image":"","background-repeat":"repeat","background-position":"center center","background-size":"auto","background-attachment":"scroll","background-type":"","background-media":"","overlay-type":"","overlay-color":"","overlay-opacity":"","overlay-gradient":""},"mobile":{"background-color":"var(--ast-global-color-4)","background-image":"","background-repeat":"repeat","background-position":"center center","background-size":"auto","background-attachment":"scroll","background-type":"","background-media":"","overlay-type":"","overlay-color":"","overlay-opacity":"","overlay-gradient":""}}},"domaine":[17187],"normes":[17135],"product_brand":[],"product_cat":[17423],"product_tag":[],"class_list":{"0":"post-256569","1":"product","2":"type-product","3":"status-publish","4":"has-post-thumbnail","6":"domaine-thermostatisation","7":"normes-din-51562","8":"product_cat-thermostatisation","9":"desktop-align-left","10":"tablet-align-left","11":"mobile-align-left","13":"first","14":"instock","15":"shipping-taxable","16":"purchasable","17":"product-type-simple"},"acf":[],"yoast_head":"<!-- This site is optimized with the Yoast SEO plugin v27.4 - https:\/\/yoast.com\/product\/yoast-seo-wordpress\/ -->\n<title>Cryothermostat Proline Kryomate LAUDA | DeltaLabo<\/title>\n<meta name=\"robots\" content=\"noindex, follow, max-snippet:-1, max-image-preview:large, max-video-preview:-1\" \/>\n<meta property=\"og:locale\" content=\"fr_FR\" \/>\n<meta property=\"og:type\" content=\"article\" \/>\n<meta property=\"og:title\" content=\"Cryothermostat Proline Kryomate LAUDA | DeltaLabo\" \/>\n<meta property=\"og:description\" content=\"Cryothermostat Proline Kryomate LAUDA :  Le cryothermostat Proline Kryomate se pose au sol, offrant la toute derni\u00e8re technologie, une grande rentabilit\u00e9 et un excellent rapport prix\/performances.  Tr\u00e8s puissant pour une utilisation dans le domaine du g\u00e9nie des proc\u00e9d\u00e9s et pour des tests de mat\u00e9riaux, la plage de temp\u00e9rature du cryothermostat Proline Kryomate va de -90\u00b0C \u00e0 200\u00b0C.  La pompe de refoulement optimis\u00e9e pour la circulation interne peut \u00eatre r\u00e9gl\u00e9e sur quatre niveaux, b\u00e9n\u00e9ficiant d&#039;une utilisation conviviale gr\u00e2ce \u00e0 l&#039;unit\u00e9 de t\u00e9l\u00e9commande en s\u00e9rie LAUDA Command.  Un chauffage int\u00e9gr\u00e9 du pont de cuve et du bord du bain emp\u00eache toute formation de condensation due \u00e0 l&#039;humidit\u00e9 de l&#039;air lorsque les temp\u00e9ratures sont basses.  Caract\u00e9ristiques :   Puissance frigorifique de 2,9 kW \u00e0 6 kW  Puissance de chauffage de 2,8 kW \u00e0 3,5 kW  Programmateur avec 150 segments temp\u00e9rature-temps, divisible en 5 programmes  Raccords de pompe \u00e0 l&#039;arri\u00e8re et sur les c\u00f4t\u00e9s, by-pass int\u00e9gr\u00e9  Bains spacieux et grandes ouvertures de bain : id\u00e9al pour les \u00e9chantillons volumineux et un d\u00e9bit efficace  T\u00e9l\u00e9charger la brochure produit : Cryothermostat Proline Kryomate LAUDA\" \/>\n<meta property=\"og:url\" content=\"https:\/\/webdesi-gn.fr\/dev_deltalabo\/produits\/cat-produit\/cryothermostat-proline-lauda\/\" \/>\n<meta property=\"og:site_name\" content=\"DeltaLabo\" \/>\n<meta property=\"article:modified_time\" content=\"2025-11-24T12:43:53+00:00\" \/>\n<meta property=\"og:image\" content=\"https:\/\/webdesi-gn.fr\/dev_deltalabo\/wp-content\/uploads\/2024\/04\/DELTA-LABO-cryothermostat-proline-kryomate-Lauda.png\" \/>\n\t<meta property=\"og:image:width\" content=\"800\" \/>\n\t<meta property=\"og:image:height\" content=\"800\" \/>\n\t<meta property=\"og:image:type\" content=\"image\/png\" \/>\n<meta name=\"twitter:card\" content=\"summary_large_image\" \/>\n<meta name=\"twitter:label1\" content=\"Dur\u00e9e de lecture estim\u00e9e\" \/>\n\t<meta name=\"twitter:data1\" content=\"1 minute\" \/>\n<script type=\"application\/ld+json\" class=\"yoast-schema-graph\">{\"@context\":\"https:\\\/\\\/schema.org\",\"@graph\":[{\"@type\":\"WebPage\",\"@id\":\"https:\\\/\\\/webdesi-gn.fr\\\/dev_deltalabo\\\/produits\\\/cat-produit\\\/cryothermostat-proline-lauda\\\/\",\"url\":\"https:\\\/\\\/webdesi-gn.fr\\\/dev_deltalabo\\\/produits\\\/cat-produit\\\/cryothermostat-proline-lauda\\\/\",\"name\":\"Cryothermostat Proline Kryomate LAUDA | DeltaLabo\",\"isPartOf\":{\"@id\":\"https:\\\/\\\/webdesi-gn.fr\\\/dev_deltalabo\\\/#website\"},\"primaryImageOfPage\":{\"@id\":\"https:\\\/\\\/webdesi-gn.fr\\\/dev_deltalabo\\\/produits\\\/cat-produit\\\/cryothermostat-proline-lauda\\\/#primaryimage\"},\"image\":{\"@id\":\"https:\\\/\\\/webdesi-gn.fr\\\/dev_deltalabo\\\/produits\\\/cat-produit\\\/cryothermostat-proline-lauda\\\/#primaryimage\"},\"thumbnailUrl\":\"https:\\\/\\\/webdesi-gn.fr\\\/dev_deltalabo\\\/wp-content\\\/uploads\\\/2025\\\/11\\\/DELTA-LABO-cryothermostat-proline-kryomate-Lauda.png\",\"datePublished\":\"2024-04-15T09:54:17+00:00\",\"dateModified\":\"2025-11-24T12:43:53+00:00\",\"breadcrumb\":{\"@id\":\"https:\\\/\\\/webdesi-gn.fr\\\/dev_deltalabo\\\/produits\\\/cat-produit\\\/cryothermostat-proline-lauda\\\/#breadcrumb\"},\"inLanguage\":\"fr-FR\",\"potentialAction\":[{\"@type\":\"ReadAction\",\"target\":[\"https:\\\/\\\/webdesi-gn.fr\\\/dev_deltalabo\\\/produits\\\/cat-produit\\\/cryothermostat-proline-lauda\\\/\"]}]},{\"@type\":\"ImageObject\",\"inLanguage\":\"fr-FR\",\"@id\":\"https:\\\/\\\/webdesi-gn.fr\\\/dev_deltalabo\\\/produits\\\/cat-produit\\\/cryothermostat-proline-lauda\\\/#primaryimage\",\"url\":\"https:\\\/\\\/webdesi-gn.fr\\\/dev_deltalabo\\\/wp-content\\\/uploads\\\/2025\\\/11\\\/DELTA-LABO-cryothermostat-proline-kryomate-Lauda.png\",\"contentUrl\":\"https:\\\/\\\/webdesi-gn.fr\\\/dev_deltalabo\\\/wp-content\\\/uploads\\\/2025\\\/11\\\/DELTA-LABO-cryothermostat-proline-kryomate-Lauda.png\",\"width\":800,\"height\":800},{\"@type\":\"BreadcrumbList\",\"@id\":\"https:\\\/\\\/webdesi-gn.fr\\\/dev_deltalabo\\\/produits\\\/cat-produit\\\/cryothermostat-proline-lauda\\\/#breadcrumb\",\"itemListElement\":[{\"@type\":\"ListItem\",\"position\":1,\"name\":\"Accueil\",\"item\":\"https:\\\/\\\/webdesi-gn.fr\\\/dev_deltalabo\\\/\"},{\"@type\":\"ListItem\",\"position\":2,\"name\":\"Produits\",\"item\":\"https:\\\/\\\/webdesi-gn.fr\\\/dev_deltalabo\\\/produits\\\/\"},{\"@type\":\"ListItem\",\"position\":3,\"name\":\"Cryothermostat Proline Kryomate LAUDA\"}]},{\"@type\":\"WebSite\",\"@id\":\"https:\\\/\\\/webdesi-gn.fr\\\/dev_deltalabo\\\/#website\",\"url\":\"https:\\\/\\\/webdesi-gn.fr\\\/dev_deltalabo\\\/\",\"name\":\"Delta Labo\",\"description\":\"Un site utilisant WordPress\",\"publisher\":{\"@id\":\"https:\\\/\\\/webdesi-gn.fr\\\/dev_deltalabo\\\/#organization\"},\"alternateName\":\"Delta Labo\",\"potentialAction\":[{\"@type\":\"SearchAction\",\"target\":{\"@type\":\"EntryPoint\",\"urlTemplate\":\"https:\\\/\\\/webdesi-gn.fr\\\/dev_deltalabo\\\/?s={search_term_string}\"},\"query-input\":{\"@type\":\"PropertyValueSpecification\",\"valueRequired\":true,\"valueName\":\"search_term_string\"}}],\"inLanguage\":\"fr-FR\"},{\"@type\":\"Organization\",\"@id\":\"https:\\\/\\\/webdesi-gn.fr\\\/dev_deltalabo\\\/#organization\",\"name\":\"DeltaLabo\",\"url\":\"https:\\\/\\\/webdesi-gn.fr\\\/dev_deltalabo\\\/\",\"logo\":{\"@type\":\"ImageObject\",\"inLanguage\":\"fr-FR\",\"@id\":\"https:\\\/\\\/webdesi-gn.fr\\\/dev_deltalabo\\\/#\\\/schema\\\/logo\\\/image\\\/\",\"url\":\"https:\\\/\\\/webdesi-gn.fr\\\/dev_deltalabo\\\/wp-content\\\/uploads\\\/2022\\\/07\\\/logo-deltalabo.png\",\"contentUrl\":\"https:\\\/\\\/webdesi-gn.fr\\\/dev_deltalabo\\\/wp-content\\\/uploads\\\/2022\\\/07\\\/logo-deltalabo.png\",\"width\":694,\"height\":306,\"caption\":\"DeltaLabo\"},\"image\":{\"@id\":\"https:\\\/\\\/webdesi-gn.fr\\\/dev_deltalabo\\\/#\\\/schema\\\/logo\\\/image\\\/\"}}]}<\/script>\n<!-- \/ Yoast SEO plugin. -->","yoast_head_json":{"title":"Cryothermostat Proline Kryomate LAUDA | DeltaLabo","robots":{"index":"noindex","follow":"follow","max-snippet":"max-snippet:-1","max-image-preview":"max-image-preview:large","max-video-preview":"max-video-preview:-1"},"og_locale":"fr_FR","og_type":"article","og_title":"Cryothermostat Proline Kryomate LAUDA | DeltaLabo","og_description":"Cryothermostat Proline Kryomate LAUDA :  Le cryothermostat Proline Kryomate se pose au sol, offrant la toute derni\u00e8re technologie, une grande rentabilit\u00e9 et un excellent rapport prix\/performances.  Tr\u00e8s puissant pour une utilisation dans le domaine du g\u00e9nie des proc\u00e9d\u00e9s et pour des tests de mat\u00e9riaux, la plage de temp\u00e9rature du cryothermostat Proline Kryomate va de -90\u00b0C \u00e0 200\u00b0C.  La pompe de refoulement optimis\u00e9e pour la circulation interne peut \u00eatre r\u00e9gl\u00e9e sur quatre niveaux, b\u00e9n\u00e9ficiant d'une utilisation conviviale gr\u00e2ce \u00e0 l'unit\u00e9 de t\u00e9l\u00e9commande en s\u00e9rie LAUDA Command.  Un chauffage int\u00e9gr\u00e9 du pont de cuve et du bord du bain emp\u00eache toute formation de condensation due \u00e0 l'humidit\u00e9 de l'air lorsque les temp\u00e9ratures sont basses.  Caract\u00e9ristiques :   Puissance frigorifique de 2,9 kW \u00e0 6 kW  Puissance de chauffage de 2,8 kW \u00e0 3,5 kW  Programmateur avec 150 segments temp\u00e9rature-temps, divisible en 5 programmes  Raccords de pompe \u00e0 l'arri\u00e8re et sur les c\u00f4t\u00e9s, by-pass int\u00e9gr\u00e9  Bains spacieux et grandes ouvertures de bain : id\u00e9al pour les \u00e9chantillons volumineux et un d\u00e9bit efficace  T\u00e9l\u00e9charger la brochure produit : Cryothermostat Proline Kryomate LAUDA","og_url":"https:\/\/webdesi-gn.fr\/dev_deltalabo\/produits\/cat-produit\/cryothermostat-proline-lauda\/","og_site_name":"DeltaLabo","article_modified_time":"2025-11-24T12:43:53+00:00","og_image":[{"width":800,"height":800,"url":"https:\/\/webdesi-gn.fr\/dev_deltalabo\/wp-content\/uploads\/2024\/04\/DELTA-LABO-cryothermostat-proline-kryomate-Lauda.png","type":"image\/png"}],"twitter_card":"summary_large_image","twitter_misc":{"Dur\u00e9e de lecture estim\u00e9e":"1 minute"},"schema":{"@context":"https:\/\/schema.org","@graph":[{"@type":"WebPage","@id":"https:\/\/webdesi-gn.fr\/dev_deltalabo\/produits\/cat-produit\/cryothermostat-proline-lauda\/","url":"https:\/\/webdesi-gn.fr\/dev_deltalabo\/produits\/cat-produit\/cryothermostat-proline-lauda\/","name":"Cryothermostat Proline Kryomate LAUDA | DeltaLabo","isPartOf":{"@id":"https:\/\/webdesi-gn.fr\/dev_deltalabo\/#website"},"primaryImageOfPage":{"@id":"https:\/\/webdesi-gn.fr\/dev_deltalabo\/produits\/cat-produit\/cryothermostat-proline-lauda\/#primaryimage"},"image":{"@id":"https:\/\/webdesi-gn.fr\/dev_deltalabo\/produits\/cat-produit\/cryothermostat-proline-lauda\/#primaryimage"},"thumbnailUrl":"https:\/\/webdesi-gn.fr\/dev_deltalabo\/wp-content\/uploads\/2025\/11\/DELTA-LABO-cryothermostat-proline-kryomate-Lauda.png","datePublished":"2024-04-15T09:54:17+00:00","dateModified":"2025-11-24T12:43:53+00:00","breadcrumb":{"@id":"https:\/\/webdesi-gn.fr\/dev_deltalabo\/produits\/cat-produit\/cryothermostat-proline-lauda\/#breadcrumb"},"inLanguage":"fr-FR","potentialAction":[{"@type":"ReadAction","target":["https:\/\/webdesi-gn.fr\/dev_deltalabo\/produits\/cat-produit\/cryothermostat-proline-lauda\/"]}]},{"@type":"ImageObject","inLanguage":"fr-FR","@id":"https:\/\/webdesi-gn.fr\/dev_deltalabo\/produits\/cat-produit\/cryothermostat-proline-lauda\/#primaryimage","url":"https:\/\/webdesi-gn.fr\/dev_deltalabo\/wp-content\/uploads\/2025\/11\/DELTA-LABO-cryothermostat-proline-kryomate-Lauda.png","contentUrl":"https:\/\/webdesi-gn.fr\/dev_deltalabo\/wp-content\/uploads\/2025\/11\/DELTA-LABO-cryothermostat-proline-kryomate-Lauda.png","width":800,"height":800},{"@type":"BreadcrumbList","@id":"https:\/\/webdesi-gn.fr\/dev_deltalabo\/produits\/cat-produit\/cryothermostat-proline-lauda\/#breadcrumb","itemListElement":[{"@type":"ListItem","position":1,"name":"Accueil","item":"https:\/\/webdesi-gn.fr\/dev_deltalabo\/"},{"@type":"ListItem","position":2,"name":"Produits","item":"https:\/\/webdesi-gn.fr\/dev_deltalabo\/produits\/"},{"@type":"ListItem","position":3,"name":"Cryothermostat Proline Kryomate LAUDA"}]},{"@type":"WebSite","@id":"https:\/\/webdesi-gn.fr\/dev_deltalabo\/#website","url":"https:\/\/webdesi-gn.fr\/dev_deltalabo\/","name":"Delta Labo","description":"Un site utilisant WordPress","publisher":{"@id":"https:\/\/webdesi-gn.fr\/dev_deltalabo\/#organization"},"alternateName":"Delta Labo","potentialAction":[{"@type":"SearchAction","target":{"@type":"EntryPoint","urlTemplate":"https:\/\/webdesi-gn.fr\/dev_deltalabo\/?s={search_term_string}"},"query-input":{"@type":"PropertyValueSpecification","valueRequired":true,"valueName":"search_term_string"}}],"inLanguage":"fr-FR"},{"@type":"Organization","@id":"https:\/\/webdesi-gn.fr\/dev_deltalabo\/#organization","name":"DeltaLabo","url":"https:\/\/webdesi-gn.fr\/dev_deltalabo\/","logo":{"@type":"ImageObject","inLanguage":"fr-FR","@id":"https:\/\/webdesi-gn.fr\/dev_deltalabo\/#\/schema\/logo\/image\/","url":"https:\/\/webdesi-gn.fr\/dev_deltalabo\/wp-content\/uploads\/2022\/07\/logo-deltalabo.png","contentUrl":"https:\/\/webdesi-gn.fr\/dev_deltalabo\/wp-content\/uploads\/2022\/07\/logo-deltalabo.png","width":694,"height":306,"caption":"DeltaLabo"},"image":{"@id":"https:\/\/webdesi-gn.fr\/dev_deltalabo\/#\/schema\/logo\/image\/"}}]}},"_links":{"self":[{"href":"https:\/\/webdesi-gn.fr\/dev_deltalabo\/wp-json\/wp\/v2\/product\/256569","targetHints":{"allow":["GET"]}}],"collection":[{"href":"https:\/\/webdesi-gn.fr\/dev_deltalabo\/wp-json\/wp\/v2\/product"}],"about":[{"href":"https:\/\/webdesi-gn.fr\/dev_deltalabo\/wp-json\/wp\/v2\/types\/product"}],"wp:featuredmedia":[{"embeddable":true,"href":"https:\/\/webdesi-gn.fr\/dev_deltalabo\/wp-json\/wp\/v2\/media\/262073"}],"wp:attachment":[{"href":"https:\/\/webdesi-gn.fr\/dev_deltalabo\/wp-json\/wp\/v2\/media?parent=256569"}],"wp:term":[{"taxonomy":"domaine","embeddable":true,"href":"https:\/\/webdesi-gn.fr\/dev_deltalabo\/wp-json\/wp\/v2\/domaine?post=256569"},{"taxonomy":"normes","embeddable":true,"href":"https:\/\/webdesi-gn.fr\/dev_deltalabo\/wp-json\/wp\/v2\/normes?post=256569"},{"taxonomy":"product_brand","embeddable":true,"href":"https:\/\/webdesi-gn.fr\/dev_deltalabo\/wp-json\/wp\/v2\/product_brand?post=256569"},{"taxonomy":"product_cat","embeddable":true,"href":"https:\/\/webdesi-gn.fr\/dev_deltalabo\/wp-json\/wp\/v2\/product_cat?post=256569"},{"taxonomy":"product_tag","embeddable":true,"href":"https:\/\/webdesi-gn.fr\/dev_deltalabo\/wp-json\/wp\/v2\/product_tag?post=256569"}],"curies":[{"name":"wp","href":"https:\/\/api.w.org\/{rel}","templated":true}]}}