{"id":258601,"date":"2025-02-27T21:27:29","date_gmt":"2025-02-27T20:27:29","guid":{"rendered":"https:\/\/webdesi-gn.fr\/dev_deltalabo\/?post_type=product&#038;p=258601"},"modified":"2025-11-24T13:43:12","modified_gmt":"2025-11-24T12:43:12","slug":"instrument-de-mesure-de-la-constante-dielectrique-jetdc","status":"publish","type":"product","link":"https:\/\/webdesi-gn.fr\/dev_deltalabo\/produits\/cat-produit\/instrument-de-mesure-de-la-constante-dielectrique-jetdc\/","title":{"rendered":"Instrument de mesure de la constante di\u00e9lectrique STANHOPE SETA &#8211; JetDC 88500-0"},"content":{"rendered":"","protected":false},"excerpt":{"rendered":"<p><strong>Instrument de mesure de la constante di\u00e9lectrique STANHOPE SETA &#8211; JetDC 88500-0\u00a0 :<\/strong><\/p>\n<p>Le JetDC d\u00e9termine simultan\u00e9ment la constante di\u00e9lectrique, la masse volumique et la temp\u00e9rature des carburants d&rsquo;aviation. Ceci est utile pour pr\u00e9dire le comportement des syst\u00e8mes de jaugeage des avions.<\/p>\n<p>Le JetDC permet de tester les carburants d&rsquo;aviation, les carburants d&rsquo;aviation contenant des compos\u00e9s synth\u00e9tiques et les m\u00e9langes synth\u00e9tiques.<\/p>\n<p>L&rsquo;instrument de mesure de la constante di\u00e9lectrique STANHOPE SETA &#8211; JetDC 88500-0 est conforme aux normes IP 365, IP 638, ASTM D924, ASTM D4052, ASTM D4054 et ASTM D7826.<\/p>\n<p>Caract\u00e9ristiques :<\/p>\n<ul>\n<li>Plage de constante di\u00e9lectrique : 1.000 \u00e0 2.500<\/li>\n<li>Plage de masse volumique : 0 \u00e0 900.0kg\/m3<\/li>\n<li>Temp\u00e9rature r\u00e9gul\u00e9e du 0 \u00e0 40\u00b0C<\/li>\n<li>Test rapide<\/li>\n<li>Mesure automatique<\/li>\n<\/ul>\n<p><strong>T\u00e9l\u00e9charger la brochure produit <\/strong>: <a href=\"https:\/\/www.deltalabo.fr\/wp-content\/uploads\/2025\/05\/JetDC-88500-0-eng-05.25-DL.pdf\">Instrument de mesure de la constante di\u00e9lectrique STANHOPE SETA &#8211; JetDC 88500-0<\/a><\/p>\n","protected":false},"featured_media":262060,"template":"","meta":{"_acf_changed":false,"site-sidebar-layout":"default","site-content-layout":"","ast-site-content-layout":"default","site-content-style":"default","site-sidebar-style":"default","ast-global-header-display":"","ast-banner-title-visibility":"","ast-main-header-display":"","ast-hfb-above-header-display":"","ast-hfb-below-header-display":"","ast-hfb-mobile-header-display":"","site-post-title":"","ast-breadcrumbs-content":"","ast-featured-img":"","footer-sml-layout":"","ast-disable-related-posts":"","theme-transparent-header-meta":"","adv-header-id-meta":"","stick-header-meta":"","header-above-stick-meta":"","header-main-stick-meta":"","header-below-stick-meta":"","astra-migrate-meta-layouts":"default","ast-page-background-enabled":"default","ast-page-background-meta":{"desktop":{"background-color":"var(--ast-global-color-5)","background-image":"","background-repeat":"repeat","background-position":"center center","background-size":"auto","background-attachment":"scroll","background-type":"","background-media":"","overlay-type":"","overlay-color":"","overlay-opacity":"","overlay-gradient":""},"tablet":{"background-color":"","background-image":"","background-repeat":"repeat","background-position":"center center","background-size":"auto","background-attachment":"scroll","background-type":"","background-media":"","overlay-type":"","overlay-color":"","overlay-opacity":"","overlay-gradient":""},"mobile":{"background-color":"","background-image":"","background-repeat":"repeat","background-position":"center center","background-size":"auto","background-attachment":"scroll","background-type":"","background-media":"","overlay-type":"","overlay-color":"","overlay-opacity":"","overlay-gradient":""}},"ast-content-background-meta":{"desktop":{"background-color":"var(--ast-global-color-4)","background-image":"","background-repeat":"repeat","background-position":"center center","background-size":"auto","background-attachment":"scroll","background-type":"","background-media":"","overlay-type":"","overlay-color":"","overlay-opacity":"","overlay-gradient":""},"tablet":{"background-color":"var(--ast-global-color-4)","background-image":"","background-repeat":"repeat","background-position":"center center","background-size":"auto","background-attachment":"scroll","background-type":"","background-media":"","overlay-type":"","overlay-color":"","overlay-opacity":"","overlay-gradient":""},"mobile":{"background-color":"var(--ast-global-color-4)","background-image":"","background-repeat":"repeat","background-position":"center center","background-size":"auto","background-attachment":"scroll","background-type":"","background-media":"","overlay-type":"","overlay-color":"","overlay-opacity":"","overlay-gradient":""}}},"domaine":[],"normes":[3332,3333,3396,17135,17162,17139],"product_brand":[],"product_cat":[15],"product_tag":[],"class_list":{"0":"post-258601","1":"product","2":"type-product","3":"status-publish","4":"has-post-thumbnail","6":"normes-d4052","7":"normes-d4054","8":"normes-d924","9":"normes-din-51562","10":"normes-ip-365","11":"normes-ip-638","12":"product_cat-cat-produit","13":"desktop-align-left","14":"tablet-align-left","15":"mobile-align-left","17":"first","18":"instock","19":"shipping-taxable","20":"product-type-simple"},"acf":[],"yoast_head":"<!-- This site is optimized with the Yoast SEO plugin v27.4 - https:\/\/yoast.com\/product\/yoast-seo-wordpress\/ -->\n<title>Instrument de mesure de la constante di\u00e9lectrique STANHOPE SETA - JetDC 88500-0 | DeltaLabo<\/title>\n<meta name=\"robots\" content=\"noindex, follow, max-snippet:-1, max-image-preview:large, max-video-preview:-1\" \/>\n<meta property=\"og:locale\" content=\"fr_FR\" \/>\n<meta property=\"og:type\" content=\"article\" \/>\n<meta property=\"og:title\" content=\"Instrument de mesure de la constante di\u00e9lectrique STANHOPE SETA - JetDC 88500-0 | DeltaLabo\" \/>\n<meta property=\"og:description\" content=\"Instrument de mesure de la constante di\u00e9lectrique STANHOPE SETA - JetDC 88500-0\u00a0 :  Le JetDC d\u00e9termine simultan\u00e9ment la constante di\u00e9lectrique, la masse volumique et la temp\u00e9rature des carburants d&#039;aviation. Ceci est utile pour pr\u00e9dire le comportement des syst\u00e8mes de jaugeage des avions.  Le JetDC permet de tester les carburants d&#039;aviation, les carburants d&#039;aviation contenant des compos\u00e9s synth\u00e9tiques et les m\u00e9langes synth\u00e9tiques.  L&#039;instrument de mesure de la constante di\u00e9lectrique STANHOPE SETA - JetDC 88500-0 est conforme aux normes IP 365, IP 638, ASTM D924, ASTM D4052, ASTM D4054 et ASTM D7826.  Caract\u00e9ristiques :   Plage de constante di\u00e9lectrique : 1.000 \u00e0 2.500  Plage de masse volumique : 0 \u00e0 900.0kg\/m3  Temp\u00e9rature r\u00e9gul\u00e9e du 0 \u00e0 40\u00b0C  Test rapide  Mesure automatique  T\u00e9l\u00e9charger la brochure produit : Instrument de mesure de la constante di\u00e9lectrique STANHOPE SETA - JetDC 88500-0\" \/>\n<meta property=\"og:url\" content=\"https:\/\/webdesi-gn.fr\/dev_deltalabo\/produits\/cat-produit\/instrument-de-mesure-de-la-constante-dielectrique-jetdc\/\" \/>\n<meta property=\"og:site_name\" content=\"DeltaLabo\" \/>\n<meta property=\"article:modified_time\" content=\"2025-11-24T12:43:12+00:00\" \/>\n<meta property=\"og:image\" content=\"https:\/\/webdesi-gn.fr\/dev_deltalabo\/wp-content\/uploads\/2025\/02\/88500-0_JetDC_LR.jpg.webp\" \/>\n\t<meta property=\"og:image:width\" content=\"800\" \/>\n\t<meta property=\"og:image:height\" content=\"800\" \/>\n\t<meta property=\"og:image:type\" content=\"image\/webp\" \/>\n<meta name=\"twitter:card\" content=\"summary_large_image\" \/>\n<meta name=\"twitter:label1\" content=\"Dur\u00e9e de lecture estim\u00e9e\" \/>\n\t<meta name=\"twitter:data1\" content=\"1 minute\" \/>\n<script type=\"application\/ld+json\" class=\"yoast-schema-graph\">{\"@context\":\"https:\\\/\\\/schema.org\",\"@graph\":[{\"@type\":\"WebPage\",\"@id\":\"https:\\\/\\\/webdesi-gn.fr\\\/dev_deltalabo\\\/produits\\\/cat-produit\\\/instrument-de-mesure-de-la-constante-dielectrique-jetdc\\\/\",\"url\":\"https:\\\/\\\/webdesi-gn.fr\\\/dev_deltalabo\\\/produits\\\/cat-produit\\\/instrument-de-mesure-de-la-constante-dielectrique-jetdc\\\/\",\"name\":\"Instrument de mesure de la constante di\u00e9lectrique STANHOPE SETA - JetDC 88500-0 | DeltaLabo\",\"isPartOf\":{\"@id\":\"https:\\\/\\\/webdesi-gn.fr\\\/dev_deltalabo\\\/#website\"},\"primaryImageOfPage\":{\"@id\":\"https:\\\/\\\/webdesi-gn.fr\\\/dev_deltalabo\\\/produits\\\/cat-produit\\\/instrument-de-mesure-de-la-constante-dielectrique-jetdc\\\/#primaryimage\"},\"image\":{\"@id\":\"https:\\\/\\\/webdesi-gn.fr\\\/dev_deltalabo\\\/produits\\\/cat-produit\\\/instrument-de-mesure-de-la-constante-dielectrique-jetdc\\\/#primaryimage\"},\"thumbnailUrl\":\"https:\\\/\\\/webdesi-gn.fr\\\/dev_deltalabo\\\/wp-content\\\/uploads\\\/2025\\\/11\\\/88500-0_JetDC_LR.jpg.webp\",\"datePublished\":\"2025-02-27T20:27:29+00:00\",\"dateModified\":\"2025-11-24T12:43:12+00:00\",\"breadcrumb\":{\"@id\":\"https:\\\/\\\/webdesi-gn.fr\\\/dev_deltalabo\\\/produits\\\/cat-produit\\\/instrument-de-mesure-de-la-constante-dielectrique-jetdc\\\/#breadcrumb\"},\"inLanguage\":\"fr-FR\",\"potentialAction\":[{\"@type\":\"ReadAction\",\"target\":[\"https:\\\/\\\/webdesi-gn.fr\\\/dev_deltalabo\\\/produits\\\/cat-produit\\\/instrument-de-mesure-de-la-constante-dielectrique-jetdc\\\/\"]}]},{\"@type\":\"ImageObject\",\"inLanguage\":\"fr-FR\",\"@id\":\"https:\\\/\\\/webdesi-gn.fr\\\/dev_deltalabo\\\/produits\\\/cat-produit\\\/instrument-de-mesure-de-la-constante-dielectrique-jetdc\\\/#primaryimage\",\"url\":\"https:\\\/\\\/webdesi-gn.fr\\\/dev_deltalabo\\\/wp-content\\\/uploads\\\/2025\\\/11\\\/88500-0_JetDC_LR.jpg.webp\",\"contentUrl\":\"https:\\\/\\\/webdesi-gn.fr\\\/dev_deltalabo\\\/wp-content\\\/uploads\\\/2025\\\/11\\\/88500-0_JetDC_LR.jpg.webp\",\"width\":800,\"height\":800},{\"@type\":\"BreadcrumbList\",\"@id\":\"https:\\\/\\\/webdesi-gn.fr\\\/dev_deltalabo\\\/produits\\\/cat-produit\\\/instrument-de-mesure-de-la-constante-dielectrique-jetdc\\\/#breadcrumb\",\"itemListElement\":[{\"@type\":\"ListItem\",\"position\":1,\"name\":\"Accueil\",\"item\":\"https:\\\/\\\/webdesi-gn.fr\\\/dev_deltalabo\\\/\"},{\"@type\":\"ListItem\",\"position\":2,\"name\":\"Produits\",\"item\":\"https:\\\/\\\/webdesi-gn.fr\\\/dev_deltalabo\\\/produits\\\/\"},{\"@type\":\"ListItem\",\"position\":3,\"name\":\"Instrument de mesure de la constante di\u00e9lectrique STANHOPE SETA &#8211; JetDC 88500-0\"}]},{\"@type\":\"WebSite\",\"@id\":\"https:\\\/\\\/webdesi-gn.fr\\\/dev_deltalabo\\\/#website\",\"url\":\"https:\\\/\\\/webdesi-gn.fr\\\/dev_deltalabo\\\/\",\"name\":\"Delta Labo\",\"description\":\"Un site utilisant WordPress\",\"publisher\":{\"@id\":\"https:\\\/\\\/webdesi-gn.fr\\\/dev_deltalabo\\\/#organization\"},\"alternateName\":\"Delta Labo\",\"potentialAction\":[{\"@type\":\"SearchAction\",\"target\":{\"@type\":\"EntryPoint\",\"urlTemplate\":\"https:\\\/\\\/webdesi-gn.fr\\\/dev_deltalabo\\\/?s={search_term_string}\"},\"query-input\":{\"@type\":\"PropertyValueSpecification\",\"valueRequired\":true,\"valueName\":\"search_term_string\"}}],\"inLanguage\":\"fr-FR\"},{\"@type\":\"Organization\",\"@id\":\"https:\\\/\\\/webdesi-gn.fr\\\/dev_deltalabo\\\/#organization\",\"name\":\"DeltaLabo\",\"url\":\"https:\\\/\\\/webdesi-gn.fr\\\/dev_deltalabo\\\/\",\"logo\":{\"@type\":\"ImageObject\",\"inLanguage\":\"fr-FR\",\"@id\":\"https:\\\/\\\/webdesi-gn.fr\\\/dev_deltalabo\\\/#\\\/schema\\\/logo\\\/image\\\/\",\"url\":\"https:\\\/\\\/webdesi-gn.fr\\\/dev_deltalabo\\\/wp-content\\\/uploads\\\/2022\\\/07\\\/logo-deltalabo.png\",\"contentUrl\":\"https:\\\/\\\/webdesi-gn.fr\\\/dev_deltalabo\\\/wp-content\\\/uploads\\\/2022\\\/07\\\/logo-deltalabo.png\",\"width\":694,\"height\":306,\"caption\":\"DeltaLabo\"},\"image\":{\"@id\":\"https:\\\/\\\/webdesi-gn.fr\\\/dev_deltalabo\\\/#\\\/schema\\\/logo\\\/image\\\/\"}}]}<\/script>\n<!-- \/ Yoast SEO plugin. -->","yoast_head_json":{"title":"Instrument de mesure de la constante di\u00e9lectrique STANHOPE SETA - JetDC 88500-0 | DeltaLabo","robots":{"index":"noindex","follow":"follow","max-snippet":"max-snippet:-1","max-image-preview":"max-image-preview:large","max-video-preview":"max-video-preview:-1"},"og_locale":"fr_FR","og_type":"article","og_title":"Instrument de mesure de la constante di\u00e9lectrique STANHOPE SETA - JetDC 88500-0 | DeltaLabo","og_description":"Instrument de mesure de la constante di\u00e9lectrique STANHOPE SETA - JetDC 88500-0\u00a0 :  Le JetDC d\u00e9termine simultan\u00e9ment la constante di\u00e9lectrique, la masse volumique et la temp\u00e9rature des carburants d'aviation. Ceci est utile pour pr\u00e9dire le comportement des syst\u00e8mes de jaugeage des avions.  Le JetDC permet de tester les carburants d'aviation, les carburants d'aviation contenant des compos\u00e9s synth\u00e9tiques et les m\u00e9langes synth\u00e9tiques.  L'instrument de mesure de la constante di\u00e9lectrique STANHOPE SETA - JetDC 88500-0 est conforme aux normes IP 365, IP 638, ASTM D924, ASTM D4052, ASTM D4054 et ASTM D7826.  Caract\u00e9ristiques :   Plage de constante di\u00e9lectrique : 1.000 \u00e0 2.500  Plage de masse volumique : 0 \u00e0 900.0kg\/m3  Temp\u00e9rature r\u00e9gul\u00e9e du 0 \u00e0 40\u00b0C  Test rapide  Mesure automatique  T\u00e9l\u00e9charger la brochure produit : Instrument de mesure de la constante di\u00e9lectrique STANHOPE SETA - JetDC 88500-0","og_url":"https:\/\/webdesi-gn.fr\/dev_deltalabo\/produits\/cat-produit\/instrument-de-mesure-de-la-constante-dielectrique-jetdc\/","og_site_name":"DeltaLabo","article_modified_time":"2025-11-24T12:43:12+00:00","og_image":[{"width":800,"height":800,"url":"https:\/\/webdesi-gn.fr\/dev_deltalabo\/wp-content\/uploads\/2025\/02\/88500-0_JetDC_LR.jpg.webp","type":"image\/webp"}],"twitter_card":"summary_large_image","twitter_misc":{"Dur\u00e9e de lecture estim\u00e9e":"1 minute"},"schema":{"@context":"https:\/\/schema.org","@graph":[{"@type":"WebPage","@id":"https:\/\/webdesi-gn.fr\/dev_deltalabo\/produits\/cat-produit\/instrument-de-mesure-de-la-constante-dielectrique-jetdc\/","url":"https:\/\/webdesi-gn.fr\/dev_deltalabo\/produits\/cat-produit\/instrument-de-mesure-de-la-constante-dielectrique-jetdc\/","name":"Instrument de mesure de la constante di\u00e9lectrique STANHOPE SETA - JetDC 88500-0 | DeltaLabo","isPartOf":{"@id":"https:\/\/webdesi-gn.fr\/dev_deltalabo\/#website"},"primaryImageOfPage":{"@id":"https:\/\/webdesi-gn.fr\/dev_deltalabo\/produits\/cat-produit\/instrument-de-mesure-de-la-constante-dielectrique-jetdc\/#primaryimage"},"image":{"@id":"https:\/\/webdesi-gn.fr\/dev_deltalabo\/produits\/cat-produit\/instrument-de-mesure-de-la-constante-dielectrique-jetdc\/#primaryimage"},"thumbnailUrl":"https:\/\/webdesi-gn.fr\/dev_deltalabo\/wp-content\/uploads\/2025\/11\/88500-0_JetDC_LR.jpg.webp","datePublished":"2025-02-27T20:27:29+00:00","dateModified":"2025-11-24T12:43:12+00:00","breadcrumb":{"@id":"https:\/\/webdesi-gn.fr\/dev_deltalabo\/produits\/cat-produit\/instrument-de-mesure-de-la-constante-dielectrique-jetdc\/#breadcrumb"},"inLanguage":"fr-FR","potentialAction":[{"@type":"ReadAction","target":["https:\/\/webdesi-gn.fr\/dev_deltalabo\/produits\/cat-produit\/instrument-de-mesure-de-la-constante-dielectrique-jetdc\/"]}]},{"@type":"ImageObject","inLanguage":"fr-FR","@id":"https:\/\/webdesi-gn.fr\/dev_deltalabo\/produits\/cat-produit\/instrument-de-mesure-de-la-constante-dielectrique-jetdc\/#primaryimage","url":"https:\/\/webdesi-gn.fr\/dev_deltalabo\/wp-content\/uploads\/2025\/11\/88500-0_JetDC_LR.jpg.webp","contentUrl":"https:\/\/webdesi-gn.fr\/dev_deltalabo\/wp-content\/uploads\/2025\/11\/88500-0_JetDC_LR.jpg.webp","width":800,"height":800},{"@type":"BreadcrumbList","@id":"https:\/\/webdesi-gn.fr\/dev_deltalabo\/produits\/cat-produit\/instrument-de-mesure-de-la-constante-dielectrique-jetdc\/#breadcrumb","itemListElement":[{"@type":"ListItem","position":1,"name":"Accueil","item":"https:\/\/webdesi-gn.fr\/dev_deltalabo\/"},{"@type":"ListItem","position":2,"name":"Produits","item":"https:\/\/webdesi-gn.fr\/dev_deltalabo\/produits\/"},{"@type":"ListItem","position":3,"name":"Instrument de mesure de la constante di\u00e9lectrique STANHOPE SETA &#8211; JetDC 88500-0"}]},{"@type":"WebSite","@id":"https:\/\/webdesi-gn.fr\/dev_deltalabo\/#website","url":"https:\/\/webdesi-gn.fr\/dev_deltalabo\/","name":"Delta Labo","description":"Un site utilisant WordPress","publisher":{"@id":"https:\/\/webdesi-gn.fr\/dev_deltalabo\/#organization"},"alternateName":"Delta Labo","potentialAction":[{"@type":"SearchAction","target":{"@type":"EntryPoint","urlTemplate":"https:\/\/webdesi-gn.fr\/dev_deltalabo\/?s={search_term_string}"},"query-input":{"@type":"PropertyValueSpecification","valueRequired":true,"valueName":"search_term_string"}}],"inLanguage":"fr-FR"},{"@type":"Organization","@id":"https:\/\/webdesi-gn.fr\/dev_deltalabo\/#organization","name":"DeltaLabo","url":"https:\/\/webdesi-gn.fr\/dev_deltalabo\/","logo":{"@type":"ImageObject","inLanguage":"fr-FR","@id":"https:\/\/webdesi-gn.fr\/dev_deltalabo\/#\/schema\/logo\/image\/","url":"https:\/\/webdesi-gn.fr\/dev_deltalabo\/wp-content\/uploads\/2022\/07\/logo-deltalabo.png","contentUrl":"https:\/\/webdesi-gn.fr\/dev_deltalabo\/wp-content\/uploads\/2022\/07\/logo-deltalabo.png","width":694,"height":306,"caption":"DeltaLabo"},"image":{"@id":"https:\/\/webdesi-gn.fr\/dev_deltalabo\/#\/schema\/logo\/image\/"}}]}},"_links":{"self":[{"href":"https:\/\/webdesi-gn.fr\/dev_deltalabo\/wp-json\/wp\/v2\/product\/258601","targetHints":{"allow":["GET"]}}],"collection":[{"href":"https:\/\/webdesi-gn.fr\/dev_deltalabo\/wp-json\/wp\/v2\/product"}],"about":[{"href":"https:\/\/webdesi-gn.fr\/dev_deltalabo\/wp-json\/wp\/v2\/types\/product"}],"wp:featuredmedia":[{"embeddable":true,"href":"https:\/\/webdesi-gn.fr\/dev_deltalabo\/wp-json\/wp\/v2\/media\/262060"}],"wp:attachment":[{"href":"https:\/\/webdesi-gn.fr\/dev_deltalabo\/wp-json\/wp\/v2\/media?parent=258601"}],"wp:term":[{"taxonomy":"domaine","embeddable":true,"href":"https:\/\/webdesi-gn.fr\/dev_deltalabo\/wp-json\/wp\/v2\/domaine?post=258601"},{"taxonomy":"normes","embeddable":true,"href":"https:\/\/webdesi-gn.fr\/dev_deltalabo\/wp-json\/wp\/v2\/normes?post=258601"},{"taxonomy":"product_brand","embeddable":true,"href":"https:\/\/webdesi-gn.fr\/dev_deltalabo\/wp-json\/wp\/v2\/product_brand?post=258601"},{"taxonomy":"product_cat","embeddable":true,"href":"https:\/\/webdesi-gn.fr\/dev_deltalabo\/wp-json\/wp\/v2\/product_cat?post=258601"},{"taxonomy":"product_tag","embeddable":true,"href":"https:\/\/webdesi-gn.fr\/dev_deltalabo\/wp-json\/wp\/v2\/product_tag?post=258601"}],"curies":[{"name":"wp","href":"https:\/\/api.w.org\/{rel}","templated":true}]}}