{"id":259516,"date":"2025-04-05T14:16:34","date_gmt":"2025-04-05T12:16:34","guid":{"rendered":"https:\/\/webdesi-gn.fr\/dev_deltalabo\/?post_type=product&#038;p=259516"},"modified":"2025-11-24T13:42:11","modified_gmt":"2025-11-24T12:42:11","slug":"sonificateur-de-process-qsonica-q2500-puissance-2500w","status":"publish","type":"product","link":"https:\/\/webdesi-gn.fr\/dev_deltalabo\/produits\/categories\/sonificateur-de-process-qsonica-q2500-puissance-2500w\/","title":{"rendered":"Sonificateur de process Qsonica Q2500, puissance 2500W"},"content":{"rendered":"","protected":false},"excerpt":{"rendered":"<p>Le Q2500 est Sonicator\u00ae le plus puissant du march\u00e9 ! Il permet la sonication de volumes de 5 \u00e0 20 litres !<br \/>\nLe Q2500 permet \u00e0 l&rsquo;utilisateur de programmer les temps de traitement et une gamme compl\u00e8te de r\u00e9glages d&rsquo;intensit\u00e9. Le temps de traitement peut \u00eatre r\u00e9gl\u00e9 de 1 seconde \u00e0 10 heures. Une fonction \u00ab\u00a0pulse\u00a0\u00bb est \u00e9galement possible. La pulsation peut r\u00e9duire la quantit\u00e9 de chaleur g\u00e9n\u00e9r\u00e9e par la sonication lors du traitement d&rsquo;\u00e9chantillons sensibles \u00e0 la temp\u00e9rature. Une sonde de contr\u00f4le de la temp\u00e9rature est \u00e9galement disponible en option.<br \/>\nLe Q2500 permet de tenir compte de nombreuses variables (viscosit\u00e9, concentration, etc&#8230;)<br \/>\nLe Q2500 est livr\u00e9 avec son booster et sa sonde sp\u00e9ciale 4702.<br \/>\nCaract\u00e9ristiques :<br \/>\n&#8211; programmation en temps et en amplitude, mode pulse pour limiter l&rsquo;\u00e9chauffement du produit<br \/>\n&#8211; affichage digital de l&rsquo;\u00e9nergie, de l&rsquo;intensit\u00e9 et du temps \u00e9coul\u00e9<br \/>\n&#8211; sonde de temp\u00e9rature pour monitorer l&rsquo;essai<br \/>\n<b>Remarque :<\/b> le refroidissement par air du convertisseur \u00e0 l&rsquo;aide d&rsquo;une source d&rsquo;air comprim\u00e9 est <u>n\u00e9cessaire.<\/u> Le compresseur doit fournir environ 10 psi (5 cfm) d&rsquo;air propre et sec pour \u00e9viter la surchauffe du convertisseur ultrasonique.<br \/>\nSi vous ne disposez pas d&rsquo;un compresseur, nous pouvons vous proposer une solution.<\/p>\n","protected":false},"featured_media":262043,"template":"","meta":{"_acf_changed":false,"site-sidebar-layout":"default","site-content-layout":"","ast-site-content-layout":"default","site-content-style":"default","site-sidebar-style":"default","ast-global-header-display":"","ast-banner-title-visibility":"","ast-main-header-display":"","ast-hfb-above-header-display":"","ast-hfb-below-header-display":"","ast-hfb-mobile-header-display":"","site-post-title":"","ast-breadcrumbs-content":"","ast-featured-img":"","footer-sml-layout":"","ast-disable-related-posts":"","theme-transparent-header-meta":"","adv-header-id-meta":"","stick-header-meta":"","header-above-stick-meta":"","header-main-stick-meta":"","header-below-stick-meta":"","astra-migrate-meta-layouts":"default","ast-page-background-enabled":"default","ast-page-background-meta":{"desktop":{"background-color":"var(--ast-global-color-5)","background-image":"","background-repeat":"repeat","background-position":"center center","background-size":"auto","background-attachment":"scroll","background-type":"","background-media":"","overlay-type":"","overlay-color":"","overlay-opacity":"","overlay-gradient":""},"tablet":{"background-color":"","background-image":"","background-repeat":"repeat","background-position":"center center","background-size":"auto","background-attachment":"scroll","background-type":"","background-media":"","overlay-type":"","overlay-color":"","overlay-opacity":"","overlay-gradient":""},"mobile":{"background-color":"","background-image":"","background-repeat":"repeat","background-position":"center center","background-size":"auto","background-attachment":"scroll","background-type":"","background-media":"","overlay-type":"","overlay-color":"","overlay-opacity":"","overlay-gradient":""}},"ast-content-background-meta":{"desktop":{"background-color":"var(--ast-global-color-4)","background-image":"","background-repeat":"repeat","background-position":"center center","background-size":"auto","background-attachment":"scroll","background-type":"","background-media":"","overlay-type":"","overlay-color":"","overlay-opacity":"","overlay-gradient":""},"tablet":{"background-color":"var(--ast-global-color-4)","background-image":"","background-repeat":"repeat","background-position":"center center","background-size":"auto","background-attachment":"scroll","background-type":"","background-media":"","overlay-type":"","overlay-color":"","overlay-opacity":"","overlay-gradient":""},"mobile":{"background-color":"var(--ast-global-color-4)","background-image":"","background-repeat":"repeat","background-position":"center center","background-size":"auto","background-attachment":"scroll","background-type":"","background-media":"","overlay-type":"","overlay-color":"","overlay-opacity":"","overlay-gradient":""}}},"domaine":[],"normes":[17135],"product_brand":[],"product_cat":[17240],"product_tag":[],"class_list":{"0":"post-259516","1":"product","2":"type-product","3":"status-publish","4":"has-post-thumbnail","6":"normes-din-51562","7":"product_cat-categories","8":"desktop-align-left","9":"tablet-align-left","10":"mobile-align-left","12":"first","13":"instock","14":"shipping-taxable","15":"purchasable","16":"product-type-simple"},"acf":[],"yoast_head":"<!-- This site is optimized with the Yoast SEO plugin v27.4 - https:\/\/yoast.com\/product\/yoast-seo-wordpress\/ -->\n<title>Sonificateur de process Qsonica Q2500, puissance 2500W | DeltaLabo<\/title>\n<meta name=\"robots\" content=\"noindex, follow, max-snippet:-1, max-image-preview:large, max-video-preview:-1\" \/>\n<meta property=\"og:locale\" content=\"fr_FR\" \/>\n<meta property=\"og:type\" content=\"article\" \/>\n<meta property=\"og:title\" content=\"Sonificateur de process Qsonica Q2500, puissance 2500W | DeltaLabo\" \/>\n<meta property=\"og:description\" content=\"Le Q2500 est Sonicator\u00ae le plus puissant du march\u00e9 ! Il permet la sonication de volumes de 5 \u00e0 20 litres ! Le Q2500 permet \u00e0 l&#039;utilisateur de programmer les temps de traitement et une gamme compl\u00e8te de r\u00e9glages d&#039;intensit\u00e9. Le temps de traitement peut \u00eatre r\u00e9gl\u00e9 de 1 seconde \u00e0 10 heures. Une fonction &quot;pulse&quot; est \u00e9galement possible. La pulsation peut r\u00e9duire la quantit\u00e9 de chaleur g\u00e9n\u00e9r\u00e9e par la sonication lors du traitement d&#039;\u00e9chantillons sensibles \u00e0 la temp\u00e9rature. Une sonde de contr\u00f4le de la temp\u00e9rature est \u00e9galement disponible en option. Le Q2500 permet de tenir compte de nombreuses variables (viscosit\u00e9, concentration, etc...) Le Q2500 est livr\u00e9 avec son booster et sa sonde sp\u00e9ciale 4702. Caract\u00e9ristiques : - programmation en temps et en amplitude, mode pulse pour limiter l&#039;\u00e9chauffement du produit - affichage digital de l&#039;\u00e9nergie, de l&#039;intensit\u00e9 et du temps \u00e9coul\u00e9 - sonde de temp\u00e9rature pour monitorer l&#039;essai Remarque : le refroidissement par air du convertisseur \u00e0 l&#039;aide d&#039;une source d&#039;air comprim\u00e9 est n\u00e9cessaire. Le compresseur doit fournir environ 10 psi (5 cfm) d&#039;air propre et sec pour \u00e9viter la surchauffe du convertisseur ultrasonique. Si vous ne disposez pas d&#039;un compresseur, nous pouvons vous proposer une solution.\" \/>\n<meta property=\"og:url\" content=\"https:\/\/webdesi-gn.fr\/dev_deltalabo\/produits\/categories\/sonificateur-de-process-qsonica-q2500-puissance-2500w\/\" \/>\n<meta property=\"og:site_name\" content=\"DeltaLabo\" \/>\n<meta property=\"article:modified_time\" content=\"2025-11-24T12:42:11+00:00\" \/>\n<meta property=\"og:image\" content=\"https:\/\/webdesi-gn.fr\/dev_deltalabo\/wp-content\/uploads\/2025\/04\/Q2500.jpg\" \/>\n\t<meta property=\"og:image:width\" content=\"412\" \/>\n\t<meta property=\"og:image:height\" content=\"388\" \/>\n\t<meta property=\"og:image:type\" content=\"image\/jpeg\" \/>\n<meta name=\"twitter:card\" content=\"summary_large_image\" \/>\n<meta name=\"twitter:label1\" content=\"Dur\u00e9e de lecture estim\u00e9e\" \/>\n\t<meta name=\"twitter:data1\" content=\"1 minute\" \/>\n<script type=\"application\/ld+json\" class=\"yoast-schema-graph\">{\"@context\":\"https:\\\/\\\/schema.org\",\"@graph\":[{\"@type\":\"WebPage\",\"@id\":\"https:\\\/\\\/webdesi-gn.fr\\\/dev_deltalabo\\\/produits\\\/categories\\\/sonificateur-de-process-qsonica-q2500-puissance-2500w\\\/\",\"url\":\"https:\\\/\\\/webdesi-gn.fr\\\/dev_deltalabo\\\/produits\\\/categories\\\/sonificateur-de-process-qsonica-q2500-puissance-2500w\\\/\",\"name\":\"Sonificateur de process Qsonica Q2500, puissance 2500W | DeltaLabo\",\"isPartOf\":{\"@id\":\"https:\\\/\\\/webdesi-gn.fr\\\/dev_deltalabo\\\/#website\"},\"primaryImageOfPage\":{\"@id\":\"https:\\\/\\\/webdesi-gn.fr\\\/dev_deltalabo\\\/produits\\\/categories\\\/sonificateur-de-process-qsonica-q2500-puissance-2500w\\\/#primaryimage\"},\"image\":{\"@id\":\"https:\\\/\\\/webdesi-gn.fr\\\/dev_deltalabo\\\/produits\\\/categories\\\/sonificateur-de-process-qsonica-q2500-puissance-2500w\\\/#primaryimage\"},\"thumbnailUrl\":\"https:\\\/\\\/webdesi-gn.fr\\\/dev_deltalabo\\\/wp-content\\\/uploads\\\/2025\\\/11\\\/Q2500.jpg\",\"datePublished\":\"2025-04-05T12:16:34+00:00\",\"dateModified\":\"2025-11-24T12:42:11+00:00\",\"breadcrumb\":{\"@id\":\"https:\\\/\\\/webdesi-gn.fr\\\/dev_deltalabo\\\/produits\\\/categories\\\/sonificateur-de-process-qsonica-q2500-puissance-2500w\\\/#breadcrumb\"},\"inLanguage\":\"fr-FR\",\"potentialAction\":[{\"@type\":\"ReadAction\",\"target\":[\"https:\\\/\\\/webdesi-gn.fr\\\/dev_deltalabo\\\/produits\\\/categories\\\/sonificateur-de-process-qsonica-q2500-puissance-2500w\\\/\"]}]},{\"@type\":\"ImageObject\",\"inLanguage\":\"fr-FR\",\"@id\":\"https:\\\/\\\/webdesi-gn.fr\\\/dev_deltalabo\\\/produits\\\/categories\\\/sonificateur-de-process-qsonica-q2500-puissance-2500w\\\/#primaryimage\",\"url\":\"https:\\\/\\\/webdesi-gn.fr\\\/dev_deltalabo\\\/wp-content\\\/uploads\\\/2025\\\/11\\\/Q2500.jpg\",\"contentUrl\":\"https:\\\/\\\/webdesi-gn.fr\\\/dev_deltalabo\\\/wp-content\\\/uploads\\\/2025\\\/11\\\/Q2500.jpg\",\"width\":412,\"height\":388},{\"@type\":\"BreadcrumbList\",\"@id\":\"https:\\\/\\\/webdesi-gn.fr\\\/dev_deltalabo\\\/produits\\\/categories\\\/sonificateur-de-process-qsonica-q2500-puissance-2500w\\\/#breadcrumb\",\"itemListElement\":[{\"@type\":\"ListItem\",\"position\":1,\"name\":\"Accueil\",\"item\":\"https:\\\/\\\/webdesi-gn.fr\\\/dev_deltalabo\\\/\"},{\"@type\":\"ListItem\",\"position\":2,\"name\":\"Produits\",\"item\":\"https:\\\/\\\/webdesi-gn.fr\\\/dev_deltalabo\\\/produits\\\/\"},{\"@type\":\"ListItem\",\"position\":3,\"name\":\"Sonificateur de process Qsonica Q2500, puissance 2500W\"}]},{\"@type\":\"WebSite\",\"@id\":\"https:\\\/\\\/webdesi-gn.fr\\\/dev_deltalabo\\\/#website\",\"url\":\"https:\\\/\\\/webdesi-gn.fr\\\/dev_deltalabo\\\/\",\"name\":\"Delta Labo\",\"description\":\"Un site utilisant WordPress\",\"publisher\":{\"@id\":\"https:\\\/\\\/webdesi-gn.fr\\\/dev_deltalabo\\\/#organization\"},\"alternateName\":\"Delta Labo\",\"potentialAction\":[{\"@type\":\"SearchAction\",\"target\":{\"@type\":\"EntryPoint\",\"urlTemplate\":\"https:\\\/\\\/webdesi-gn.fr\\\/dev_deltalabo\\\/?s={search_term_string}\"},\"query-input\":{\"@type\":\"PropertyValueSpecification\",\"valueRequired\":true,\"valueName\":\"search_term_string\"}}],\"inLanguage\":\"fr-FR\"},{\"@type\":\"Organization\",\"@id\":\"https:\\\/\\\/webdesi-gn.fr\\\/dev_deltalabo\\\/#organization\",\"name\":\"DeltaLabo\",\"url\":\"https:\\\/\\\/webdesi-gn.fr\\\/dev_deltalabo\\\/\",\"logo\":{\"@type\":\"ImageObject\",\"inLanguage\":\"fr-FR\",\"@id\":\"https:\\\/\\\/webdesi-gn.fr\\\/dev_deltalabo\\\/#\\\/schema\\\/logo\\\/image\\\/\",\"url\":\"https:\\\/\\\/webdesi-gn.fr\\\/dev_deltalabo\\\/wp-content\\\/uploads\\\/2022\\\/07\\\/logo-deltalabo.png\",\"contentUrl\":\"https:\\\/\\\/webdesi-gn.fr\\\/dev_deltalabo\\\/wp-content\\\/uploads\\\/2022\\\/07\\\/logo-deltalabo.png\",\"width\":694,\"height\":306,\"caption\":\"DeltaLabo\"},\"image\":{\"@id\":\"https:\\\/\\\/webdesi-gn.fr\\\/dev_deltalabo\\\/#\\\/schema\\\/logo\\\/image\\\/\"}}]}<\/script>\n<!-- \/ Yoast SEO plugin. -->","yoast_head_json":{"title":"Sonificateur de process Qsonica Q2500, puissance 2500W | DeltaLabo","robots":{"index":"noindex","follow":"follow","max-snippet":"max-snippet:-1","max-image-preview":"max-image-preview:large","max-video-preview":"max-video-preview:-1"},"og_locale":"fr_FR","og_type":"article","og_title":"Sonificateur de process Qsonica Q2500, puissance 2500W | DeltaLabo","og_description":"Le Q2500 est Sonicator\u00ae le plus puissant du march\u00e9 ! Il permet la sonication de volumes de 5 \u00e0 20 litres ! Le Q2500 permet \u00e0 l'utilisateur de programmer les temps de traitement et une gamme compl\u00e8te de r\u00e9glages d'intensit\u00e9. Le temps de traitement peut \u00eatre r\u00e9gl\u00e9 de 1 seconde \u00e0 10 heures. Une fonction \"pulse\" est \u00e9galement possible. La pulsation peut r\u00e9duire la quantit\u00e9 de chaleur g\u00e9n\u00e9r\u00e9e par la sonication lors du traitement d'\u00e9chantillons sensibles \u00e0 la temp\u00e9rature. Une sonde de contr\u00f4le de la temp\u00e9rature est \u00e9galement disponible en option. Le Q2500 permet de tenir compte de nombreuses variables (viscosit\u00e9, concentration, etc...) Le Q2500 est livr\u00e9 avec son booster et sa sonde sp\u00e9ciale 4702. Caract\u00e9ristiques : - programmation en temps et en amplitude, mode pulse pour limiter l'\u00e9chauffement du produit - affichage digital de l'\u00e9nergie, de l'intensit\u00e9 et du temps \u00e9coul\u00e9 - sonde de temp\u00e9rature pour monitorer l'essai Remarque : le refroidissement par air du convertisseur \u00e0 l'aide d'une source d'air comprim\u00e9 est n\u00e9cessaire. Le compresseur doit fournir environ 10 psi (5 cfm) d'air propre et sec pour \u00e9viter la surchauffe du convertisseur ultrasonique. Si vous ne disposez pas d'un compresseur, nous pouvons vous proposer une solution.","og_url":"https:\/\/webdesi-gn.fr\/dev_deltalabo\/produits\/categories\/sonificateur-de-process-qsonica-q2500-puissance-2500w\/","og_site_name":"DeltaLabo","article_modified_time":"2025-11-24T12:42:11+00:00","og_image":[{"width":412,"height":388,"url":"https:\/\/webdesi-gn.fr\/dev_deltalabo\/wp-content\/uploads\/2025\/04\/Q2500.jpg","type":"image\/jpeg"}],"twitter_card":"summary_large_image","twitter_misc":{"Dur\u00e9e de lecture estim\u00e9e":"1 minute"},"schema":{"@context":"https:\/\/schema.org","@graph":[{"@type":"WebPage","@id":"https:\/\/webdesi-gn.fr\/dev_deltalabo\/produits\/categories\/sonificateur-de-process-qsonica-q2500-puissance-2500w\/","url":"https:\/\/webdesi-gn.fr\/dev_deltalabo\/produits\/categories\/sonificateur-de-process-qsonica-q2500-puissance-2500w\/","name":"Sonificateur de process Qsonica Q2500, puissance 2500W | DeltaLabo","isPartOf":{"@id":"https:\/\/webdesi-gn.fr\/dev_deltalabo\/#website"},"primaryImageOfPage":{"@id":"https:\/\/webdesi-gn.fr\/dev_deltalabo\/produits\/categories\/sonificateur-de-process-qsonica-q2500-puissance-2500w\/#primaryimage"},"image":{"@id":"https:\/\/webdesi-gn.fr\/dev_deltalabo\/produits\/categories\/sonificateur-de-process-qsonica-q2500-puissance-2500w\/#primaryimage"},"thumbnailUrl":"https:\/\/webdesi-gn.fr\/dev_deltalabo\/wp-content\/uploads\/2025\/11\/Q2500.jpg","datePublished":"2025-04-05T12:16:34+00:00","dateModified":"2025-11-24T12:42:11+00:00","breadcrumb":{"@id":"https:\/\/webdesi-gn.fr\/dev_deltalabo\/produits\/categories\/sonificateur-de-process-qsonica-q2500-puissance-2500w\/#breadcrumb"},"inLanguage":"fr-FR","potentialAction":[{"@type":"ReadAction","target":["https:\/\/webdesi-gn.fr\/dev_deltalabo\/produits\/categories\/sonificateur-de-process-qsonica-q2500-puissance-2500w\/"]}]},{"@type":"ImageObject","inLanguage":"fr-FR","@id":"https:\/\/webdesi-gn.fr\/dev_deltalabo\/produits\/categories\/sonificateur-de-process-qsonica-q2500-puissance-2500w\/#primaryimage","url":"https:\/\/webdesi-gn.fr\/dev_deltalabo\/wp-content\/uploads\/2025\/11\/Q2500.jpg","contentUrl":"https:\/\/webdesi-gn.fr\/dev_deltalabo\/wp-content\/uploads\/2025\/11\/Q2500.jpg","width":412,"height":388},{"@type":"BreadcrumbList","@id":"https:\/\/webdesi-gn.fr\/dev_deltalabo\/produits\/categories\/sonificateur-de-process-qsonica-q2500-puissance-2500w\/#breadcrumb","itemListElement":[{"@type":"ListItem","position":1,"name":"Accueil","item":"https:\/\/webdesi-gn.fr\/dev_deltalabo\/"},{"@type":"ListItem","position":2,"name":"Produits","item":"https:\/\/webdesi-gn.fr\/dev_deltalabo\/produits\/"},{"@type":"ListItem","position":3,"name":"Sonificateur de process Qsonica Q2500, puissance 2500W"}]},{"@type":"WebSite","@id":"https:\/\/webdesi-gn.fr\/dev_deltalabo\/#website","url":"https:\/\/webdesi-gn.fr\/dev_deltalabo\/","name":"Delta Labo","description":"Un site utilisant WordPress","publisher":{"@id":"https:\/\/webdesi-gn.fr\/dev_deltalabo\/#organization"},"alternateName":"Delta Labo","potentialAction":[{"@type":"SearchAction","target":{"@type":"EntryPoint","urlTemplate":"https:\/\/webdesi-gn.fr\/dev_deltalabo\/?s={search_term_string}"},"query-input":{"@type":"PropertyValueSpecification","valueRequired":true,"valueName":"search_term_string"}}],"inLanguage":"fr-FR"},{"@type":"Organization","@id":"https:\/\/webdesi-gn.fr\/dev_deltalabo\/#organization","name":"DeltaLabo","url":"https:\/\/webdesi-gn.fr\/dev_deltalabo\/","logo":{"@type":"ImageObject","inLanguage":"fr-FR","@id":"https:\/\/webdesi-gn.fr\/dev_deltalabo\/#\/schema\/logo\/image\/","url":"https:\/\/webdesi-gn.fr\/dev_deltalabo\/wp-content\/uploads\/2022\/07\/logo-deltalabo.png","contentUrl":"https:\/\/webdesi-gn.fr\/dev_deltalabo\/wp-content\/uploads\/2022\/07\/logo-deltalabo.png","width":694,"height":306,"caption":"DeltaLabo"},"image":{"@id":"https:\/\/webdesi-gn.fr\/dev_deltalabo\/#\/schema\/logo\/image\/"}}]}},"_links":{"self":[{"href":"https:\/\/webdesi-gn.fr\/dev_deltalabo\/wp-json\/wp\/v2\/product\/259516","targetHints":{"allow":["GET"]}}],"collection":[{"href":"https:\/\/webdesi-gn.fr\/dev_deltalabo\/wp-json\/wp\/v2\/product"}],"about":[{"href":"https:\/\/webdesi-gn.fr\/dev_deltalabo\/wp-json\/wp\/v2\/types\/product"}],"wp:featuredmedia":[{"embeddable":true,"href":"https:\/\/webdesi-gn.fr\/dev_deltalabo\/wp-json\/wp\/v2\/media\/262043"}],"wp:attachment":[{"href":"https:\/\/webdesi-gn.fr\/dev_deltalabo\/wp-json\/wp\/v2\/media?parent=259516"}],"wp:term":[{"taxonomy":"domaine","embeddable":true,"href":"https:\/\/webdesi-gn.fr\/dev_deltalabo\/wp-json\/wp\/v2\/domaine?post=259516"},{"taxonomy":"normes","embeddable":true,"href":"https:\/\/webdesi-gn.fr\/dev_deltalabo\/wp-json\/wp\/v2\/normes?post=259516"},{"taxonomy":"product_brand","embeddable":true,"href":"https:\/\/webdesi-gn.fr\/dev_deltalabo\/wp-json\/wp\/v2\/product_brand?post=259516"},{"taxonomy":"product_cat","embeddable":true,"href":"https:\/\/webdesi-gn.fr\/dev_deltalabo\/wp-json\/wp\/v2\/product_cat?post=259516"},{"taxonomy":"product_tag","embeddable":true,"href":"https:\/\/webdesi-gn.fr\/dev_deltalabo\/wp-json\/wp\/v2\/product_tag?post=259516"}],"curies":[{"name":"wp","href":"https:\/\/api.w.org\/{rel}","templated":true}]}}