{"id":259767,"date":"2025-04-18T11:45:05","date_gmt":"2025-04-18T09:45:05","guid":{"rendered":"https:\/\/webdesi-gn.fr\/dev_deltalabo\/?post_type=product&#038;p=259767"},"modified":"2025-11-24T13:41:29","modified_gmt":"2025-11-24T12:41:29","slug":"setacheck-biodiesel-plus-stanhope-seta-sa5550-0","status":"publish","type":"product","link":"https:\/\/webdesi-gn.fr\/dev_deltalabo\/produits\/categories\/setacheck-biodiesel-plus-stanhope-seta-sa5550-0\/","title":{"rendered":"SetaCheck\u00ae Biodiesel Plus STANHOPE SETA &#8211; SA5550-0"},"content":{"rendered":"","protected":false},"excerpt":{"rendered":"<p><strong>SetaCheck\u00ae Biodiesel Plus Stanhope Seta &#8211; SA5550-0 :<\/strong><\/p>\n<p id=\"tw-target-text\" class=\"tw-data-text tw-text-large tw-ta\" dir=\"ltr\" data-placeholder=\"Traduction\" data-ved=\"2ahUKEwj3_uKlpuGMAxVvVaQEHafdL9IQ3ewLegQICBAV\" aria-label=\"Texte traduit\u00a0: SetaCheck Biodiesel Plus est un instrument portatif con\u00e7u pour fournir une mesure sur site rapide, pr\u00e9cise et reproductible de la teneur en biodiesel dans les m\u00e9langes de carburant diesel. Utilisant la technologie unique Mid-IR, l'analyseur a une plage de mesure de 0,1 % \u00e0 80 % de biodiesel. Seulement 2 ml d'\u00e9chantillon sont n\u00e9cessaires et un test est effectu\u00e9 en moins d'une minute avec les r\u00e9sultats affich\u00e9s sur un \u00e9cran r\u00e9tro\u00e9clair\u00e9 lumineux. La proc\u00e9dure de test de SetaCheck est simple, ne n\u00e9cessitant aucune comp\u00e9tence technique particuli\u00e8re ni conditions de laboratoire, ce qui la rend id\u00e9ale pour le contr\u00f4le par lots de carburants dans les terminaux jusqu'\u00e0 la surveillance de l'approvisionnement en carburant de secours.\"><span class=\"Y2IQFc\" lang=\"fr\">Le SetaCheck\u00ae Biodiesel Plus Stanhope Seta &#8211; SA5550-0 est un instrument portatif con\u00e7u pour fournir une mesure sur site rapide, pr\u00e9cise et reproductible de la teneur en biodiesel dans les m\u00e9langes de carburant diesel. <\/span><\/p>\n<p class=\"tw-data-text tw-text-large tw-ta\" dir=\"ltr\" data-placeholder=\"Traduction\" data-ved=\"2ahUKEwj3_uKlpuGMAxVvVaQEHafdL9IQ3ewLegQICBAV\" aria-label=\"Texte traduit\u00a0: SetaCheck Biodiesel Plus est un instrument portatif con\u00e7u pour fournir une mesure sur site rapide, pr\u00e9cise et reproductible de la teneur en biodiesel dans les m\u00e9langes de carburant diesel. Utilisant la technologie unique Mid-IR, l'analyseur a une plage de mesure de 0,1 % \u00e0 80 % de biodiesel. Seulement 2 ml d'\u00e9chantillon sont n\u00e9cessaires et un test est effectu\u00e9 en moins d'une minute avec les r\u00e9sultats affich\u00e9s sur un \u00e9cran r\u00e9tro\u00e9clair\u00e9 lumineux. La proc\u00e9dure de test de SetaCheck est simple, ne n\u00e9cessitant aucune comp\u00e9tence technique particuli\u00e8re ni conditions de laboratoire, ce qui la rend id\u00e9ale pour le contr\u00f4le par lots de carburants dans les terminaux jusqu'\u00e0 la surveillance de l'approvisionnement en carburant de secours.\"><span class=\"Y2IQFc\" lang=\"fr\">Il est conforme aux normes ASTM D8274 et IP 639.<\/span><\/p>\n<p class=\"tw-data-text tw-text-large tw-ta\" dir=\"ltr\" data-placeholder=\"Traduction\" data-ved=\"2ahUKEwj3_uKlpuGMAxVvVaQEHafdL9IQ3ewLegQICBAV\" aria-label=\"Texte traduit\u00a0: SetaCheck Biodiesel Plus est un instrument portatif con\u00e7u pour fournir une mesure sur site rapide, pr\u00e9cise et reproductible de la teneur en biodiesel dans les m\u00e9langes de carburant diesel. Utilisant la technologie unique Mid-IR, l'analyseur a une plage de mesure de 0,1 % \u00e0 80 % de biodiesel. Seulement 2 ml d'\u00e9chantillon sont n\u00e9cessaires et un test est effectu\u00e9 en moins d'une minute avec les r\u00e9sultats affich\u00e9s sur un \u00e9cran r\u00e9tro\u00e9clair\u00e9 lumineux. La proc\u00e9dure de test de SetaCheck est simple, ne n\u00e9cessitant aucune comp\u00e9tence technique particuli\u00e8re ni conditions de laboratoire, ce qui la rend id\u00e9ale pour le contr\u00f4le par lots de carburants dans les terminaux jusqu'\u00e0 la surveillance de l'approvisionnement en carburant de secours.\"><span class=\"Y2IQFc\" lang=\"fr\">Utilisant la technologie unique Mid-IR, l&rsquo;analyseur a une plage de mesure de 0,1 % \u00e0 80 % de biodiesel. Seulement 2 ml d&rsquo;\u00e9chantillon sont n\u00e9cessaires et un test est effectu\u00e9 en moins d&rsquo;une minute avec les r\u00e9sultats affich\u00e9s sur un \u00e9cran r\u00e9tro\u00e9clair\u00e9 lumineux. <\/span><\/p>\n<p class=\"tw-data-text tw-text-large tw-ta\" dir=\"ltr\" data-placeholder=\"Traduction\" data-ved=\"2ahUKEwj3_uKlpuGMAxVvVaQEHafdL9IQ3ewLegQICBAV\" aria-label=\"Texte traduit\u00a0: SetaCheck Biodiesel Plus est un instrument portatif con\u00e7u pour fournir une mesure sur site rapide, pr\u00e9cise et reproductible de la teneur en biodiesel dans les m\u00e9langes de carburant diesel. Utilisant la technologie unique Mid-IR, l'analyseur a une plage de mesure de 0,1 % \u00e0 80 % de biodiesel. Seulement 2 ml d'\u00e9chantillon sont n\u00e9cessaires et un test est effectu\u00e9 en moins d'une minute avec les r\u00e9sultats affich\u00e9s sur un \u00e9cran r\u00e9tro\u00e9clair\u00e9 lumineux. La proc\u00e9dure de test de SetaCheck est simple, ne n\u00e9cessitant aucune comp\u00e9tence technique particuli\u00e8re ni conditions de laboratoire, ce qui la rend id\u00e9ale pour le contr\u00f4le par lots de carburants dans les terminaux jusqu'\u00e0 la surveillance de l'approvisionnement en carburant de secours.\"><span class=\"Y2IQFc\" lang=\"fr\">La proc\u00e9dure de test de SetaCheck est simple, ne n\u00e9cessitant aucune comp\u00e9tence technique particuli\u00e8re ni conditions de laboratoire, ce qui la rend id\u00e9ale pour le contr\u00f4le par lots de carburants dans les terminaux jusqu&rsquo;\u00e0 la surveillance de l&rsquo;approvisionnement en carburant de secours.<\/span><\/p>\n<p><strong>T\u00e9l\u00e9charger la brochure produit :<\/strong> <a href=\"https:\/\/www.deltalabo.fr\/wp-content\/uploads\/2025\/04\/SA5550-0-SetaCheck-Plus-brochure-04.25-eng-DL.pdf\">SetaCheck\u00ae Biodiesel Plus Stanhope Seta SA5550-0<\/a><\/p>\n","protected":false},"featured_media":262020,"template":"","meta":{"_acf_changed":false,"site-sidebar-layout":"default","site-content-layout":"","ast-site-content-layout":"default","site-content-style":"default","site-sidebar-style":"default","ast-global-header-display":"","ast-banner-title-visibility":"","ast-main-header-display":"","ast-hfb-above-header-display":"","ast-hfb-below-header-display":"","ast-hfb-mobile-header-display":"","site-post-title":"","ast-breadcrumbs-content":"","ast-featured-img":"","footer-sml-layout":"","ast-disable-related-posts":"","theme-transparent-header-meta":"","adv-header-id-meta":"","stick-header-meta":"","header-above-stick-meta":"","header-main-stick-meta":"","header-below-stick-meta":"","astra-migrate-meta-layouts":"default","ast-page-background-enabled":"default","ast-page-background-meta":{"desktop":{"background-color":"var(--ast-global-color-5)","background-image":"","background-repeat":"repeat","background-position":"center center","background-size":"auto","background-attachment":"scroll","background-type":"","background-media":"","overlay-type":"","overlay-color":"","overlay-opacity":"","overlay-gradient":""},"tablet":{"background-color":"","background-image":"","background-repeat":"repeat","background-position":"center center","background-size":"auto","background-attachment":"scroll","background-type":"","background-media":"","overlay-type":"","overlay-color":"","overlay-opacity":"","overlay-gradient":""},"mobile":{"background-color":"","background-image":"","background-repeat":"repeat","background-position":"center center","background-size":"auto","background-attachment":"scroll","background-type":"","background-media":"","overlay-type":"","overlay-color":"","overlay-opacity":"","overlay-gradient":""}},"ast-content-background-meta":{"desktop":{"background-color":"var(--ast-global-color-4)","background-image":"","background-repeat":"repeat","background-position":"center center","background-size":"auto","background-attachment":"scroll","background-type":"","background-media":"","overlay-type":"","overlay-color":"","overlay-opacity":"","overlay-gradient":""},"tablet":{"background-color":"var(--ast-global-color-4)","background-image":"","background-repeat":"repeat","background-position":"center center","background-size":"auto","background-attachment":"scroll","background-type":"","background-media":"","overlay-type":"","overlay-color":"","overlay-opacity":"","overlay-gradient":""},"mobile":{"background-color":"var(--ast-global-color-4)","background-image":"","background-repeat":"repeat","background-position":"center center","background-size":"auto","background-attachment":"scroll","background-type":"","background-media":"","overlay-type":"","overlay-color":"","overlay-opacity":"","overlay-gradient":""}}},"domaine":[],"normes":[17135],"product_brand":[],"product_cat":[17240],"product_tag":[],"class_list":{"0":"post-259767","1":"product","2":"type-product","3":"status-publish","4":"has-post-thumbnail","6":"normes-din-51562","7":"product_cat-categories","8":"desktop-align-left","9":"tablet-align-left","10":"mobile-align-left","12":"first","13":"instock","14":"shipping-taxable","15":"purchasable","16":"product-type-simple"},"acf":[],"yoast_head":"<!-- This site is optimized with the Yoast SEO plugin v27.4 - https:\/\/yoast.com\/product\/yoast-seo-wordpress\/ -->\n<title>SetaCheck\u00ae Biodiesel Plus STANHOPE SETA - SA5550-0 | DeltaLabo<\/title>\n<meta name=\"robots\" content=\"noindex, follow, max-snippet:-1, max-image-preview:large, max-video-preview:-1\" \/>\n<meta property=\"og:locale\" content=\"fr_FR\" \/>\n<meta property=\"og:type\" content=\"article\" \/>\n<meta property=\"og:title\" content=\"SetaCheck\u00ae Biodiesel Plus STANHOPE SETA - SA5550-0 | DeltaLabo\" \/>\n<meta property=\"og:description\" content=\"SetaCheck\u00ae Biodiesel Plus Stanhope Seta - SA5550-0 : Le SetaCheck\u00ae Biodiesel Plus Stanhope Seta - SA5550-0 est un instrument portatif con\u00e7u pour fournir une mesure sur site rapide, pr\u00e9cise et reproductible de la teneur en biodiesel dans les m\u00e9langes de carburant diesel.  Il est conforme aux normes ASTM D8274 et IP 639. Utilisant la technologie unique Mid-IR, l&#039;analyseur a une plage de mesure de 0,1 % \u00e0 80 % de biodiesel. Seulement 2 ml d&#039;\u00e9chantillon sont n\u00e9cessaires et un test est effectu\u00e9 en moins d&#039;une minute avec les r\u00e9sultats affich\u00e9s sur un \u00e9cran r\u00e9tro\u00e9clair\u00e9 lumineux.  La proc\u00e9dure de test de SetaCheck est simple, ne n\u00e9cessitant aucune comp\u00e9tence technique particuli\u00e8re ni conditions de laboratoire, ce qui la rend id\u00e9ale pour le contr\u00f4le par lots de carburants dans les terminaux jusqu&#039;\u00e0 la surveillance de l&#039;approvisionnement en carburant de secours. T\u00e9l\u00e9charger la brochure produit : SetaCheck\u00ae Biodiesel Plus Stanhope Seta SA5550-0\" \/>\n<meta property=\"og:url\" content=\"https:\/\/webdesi-gn.fr\/dev_deltalabo\/produits\/petrochimie-chimie-nucleaire\/diesel-gasole\/setacheck-biodiesel-plus-stanhope-seta-sa5550-0\/\" \/>\n<meta property=\"og:site_name\" content=\"DeltaLabo\" \/>\n<meta property=\"article:modified_time\" content=\"2025-11-24T12:41:29+00:00\" \/>\n<meta property=\"og:image\" content=\"https:\/\/webdesi-gn.fr\/dev_deltalabo\/wp-content\/uploads\/2025\/04\/DELTA-LABO-SetaCheck-Biodesel-Plus-Stanhope.jpg\" \/>\n\t<meta property=\"og:image:width\" content=\"449\" \/>\n\t<meta property=\"og:image:height\" content=\"539\" \/>\n\t<meta property=\"og:image:type\" content=\"image\/jpeg\" \/>\n<meta name=\"twitter:card\" content=\"summary_large_image\" \/>\n<meta name=\"twitter:label1\" content=\"Dur\u00e9e de lecture estim\u00e9e\" \/>\n\t<meta name=\"twitter:data1\" content=\"1 minute\" \/>\n<script type=\"application\/ld+json\" class=\"yoast-schema-graph\">{\"@context\":\"https:\\\/\\\/schema.org\",\"@graph\":[{\"@type\":\"WebPage\",\"@id\":\"https:\\\/\\\/webdesi-gn.fr\\\/dev_deltalabo\\\/produits\\\/petrochimie-chimie-nucleaire\\\/diesel-gasole\\\/setacheck-biodiesel-plus-stanhope-seta-sa5550-0\\\/\",\"url\":\"https:\\\/\\\/webdesi-gn.fr\\\/dev_deltalabo\\\/produits\\\/petrochimie-chimie-nucleaire\\\/diesel-gasole\\\/setacheck-biodiesel-plus-stanhope-seta-sa5550-0\\\/\",\"name\":\"SetaCheck\u00ae Biodiesel Plus STANHOPE SETA - SA5550-0 | DeltaLabo\",\"isPartOf\":{\"@id\":\"https:\\\/\\\/webdesi-gn.fr\\\/dev_deltalabo\\\/#website\"},\"primaryImageOfPage\":{\"@id\":\"https:\\\/\\\/webdesi-gn.fr\\\/dev_deltalabo\\\/produits\\\/petrochimie-chimie-nucleaire\\\/diesel-gasole\\\/setacheck-biodiesel-plus-stanhope-seta-sa5550-0\\\/#primaryimage\"},\"image\":{\"@id\":\"https:\\\/\\\/webdesi-gn.fr\\\/dev_deltalabo\\\/produits\\\/petrochimie-chimie-nucleaire\\\/diesel-gasole\\\/setacheck-biodiesel-plus-stanhope-seta-sa5550-0\\\/#primaryimage\"},\"thumbnailUrl\":\"https:\\\/\\\/webdesi-gn.fr\\\/dev_deltalabo\\\/wp-content\\\/uploads\\\/2025\\\/11\\\/DELTA-LABO-SetaCheck-Biodesel-Plus-Stanhope.jpg\",\"datePublished\":\"2025-04-18T09:45:05+00:00\",\"dateModified\":\"2025-11-24T12:41:29+00:00\",\"breadcrumb\":{\"@id\":\"https:\\\/\\\/webdesi-gn.fr\\\/dev_deltalabo\\\/produits\\\/petrochimie-chimie-nucleaire\\\/diesel-gasole\\\/setacheck-biodiesel-plus-stanhope-seta-sa5550-0\\\/#breadcrumb\"},\"inLanguage\":\"fr-FR\",\"potentialAction\":[{\"@type\":\"ReadAction\",\"target\":[\"https:\\\/\\\/webdesi-gn.fr\\\/dev_deltalabo\\\/produits\\\/petrochimie-chimie-nucleaire\\\/diesel-gasole\\\/setacheck-biodiesel-plus-stanhope-seta-sa5550-0\\\/\"]}]},{\"@type\":\"ImageObject\",\"inLanguage\":\"fr-FR\",\"@id\":\"https:\\\/\\\/webdesi-gn.fr\\\/dev_deltalabo\\\/produits\\\/petrochimie-chimie-nucleaire\\\/diesel-gasole\\\/setacheck-biodiesel-plus-stanhope-seta-sa5550-0\\\/#primaryimage\",\"url\":\"https:\\\/\\\/webdesi-gn.fr\\\/dev_deltalabo\\\/wp-content\\\/uploads\\\/2025\\\/11\\\/DELTA-LABO-SetaCheck-Biodesel-Plus-Stanhope.jpg\",\"contentUrl\":\"https:\\\/\\\/webdesi-gn.fr\\\/dev_deltalabo\\\/wp-content\\\/uploads\\\/2025\\\/11\\\/DELTA-LABO-SetaCheck-Biodesel-Plus-Stanhope.jpg\",\"width\":449,\"height\":539},{\"@type\":\"BreadcrumbList\",\"@id\":\"https:\\\/\\\/webdesi-gn.fr\\\/dev_deltalabo\\\/produits\\\/petrochimie-chimie-nucleaire\\\/diesel-gasole\\\/setacheck-biodiesel-plus-stanhope-seta-sa5550-0\\\/#breadcrumb\",\"itemListElement\":[{\"@type\":\"ListItem\",\"position\":1,\"name\":\"Accueil\",\"item\":\"https:\\\/\\\/webdesi-gn.fr\\\/dev_deltalabo\\\/\"},{\"@type\":\"ListItem\",\"position\":2,\"name\":\"Produits\",\"item\":\"https:\\\/\\\/webdesi-gn.fr\\\/dev_deltalabo\\\/produits\\\/\"},{\"@type\":\"ListItem\",\"position\":3,\"name\":\"SetaCheck\u00ae Biodiesel Plus STANHOPE SETA &#8211; SA5550-0\"}]},{\"@type\":\"WebSite\",\"@id\":\"https:\\\/\\\/webdesi-gn.fr\\\/dev_deltalabo\\\/#website\",\"url\":\"https:\\\/\\\/webdesi-gn.fr\\\/dev_deltalabo\\\/\",\"name\":\"Delta Labo\",\"description\":\"Un site utilisant WordPress\",\"publisher\":{\"@id\":\"https:\\\/\\\/webdesi-gn.fr\\\/dev_deltalabo\\\/#organization\"},\"alternateName\":\"Delta Labo\",\"potentialAction\":[{\"@type\":\"SearchAction\",\"target\":{\"@type\":\"EntryPoint\",\"urlTemplate\":\"https:\\\/\\\/webdesi-gn.fr\\\/dev_deltalabo\\\/?s={search_term_string}\"},\"query-input\":{\"@type\":\"PropertyValueSpecification\",\"valueRequired\":true,\"valueName\":\"search_term_string\"}}],\"inLanguage\":\"fr-FR\"},{\"@type\":\"Organization\",\"@id\":\"https:\\\/\\\/webdesi-gn.fr\\\/dev_deltalabo\\\/#organization\",\"name\":\"DeltaLabo\",\"url\":\"https:\\\/\\\/webdesi-gn.fr\\\/dev_deltalabo\\\/\",\"logo\":{\"@type\":\"ImageObject\",\"inLanguage\":\"fr-FR\",\"@id\":\"https:\\\/\\\/webdesi-gn.fr\\\/dev_deltalabo\\\/#\\\/schema\\\/logo\\\/image\\\/\",\"url\":\"https:\\\/\\\/webdesi-gn.fr\\\/dev_deltalabo\\\/wp-content\\\/uploads\\\/2022\\\/07\\\/logo-deltalabo.png\",\"contentUrl\":\"https:\\\/\\\/webdesi-gn.fr\\\/dev_deltalabo\\\/wp-content\\\/uploads\\\/2022\\\/07\\\/logo-deltalabo.png\",\"width\":694,\"height\":306,\"caption\":\"DeltaLabo\"},\"image\":{\"@id\":\"https:\\\/\\\/webdesi-gn.fr\\\/dev_deltalabo\\\/#\\\/schema\\\/logo\\\/image\\\/\"}}]}<\/script>\n<!-- \/ Yoast SEO plugin. -->","yoast_head_json":{"title":"SetaCheck\u00ae Biodiesel Plus STANHOPE SETA - SA5550-0 | DeltaLabo","robots":{"index":"noindex","follow":"follow","max-snippet":"max-snippet:-1","max-image-preview":"max-image-preview:large","max-video-preview":"max-video-preview:-1"},"og_locale":"fr_FR","og_type":"article","og_title":"SetaCheck\u00ae Biodiesel Plus STANHOPE SETA - SA5550-0 | DeltaLabo","og_description":"SetaCheck\u00ae Biodiesel Plus Stanhope Seta - SA5550-0 : Le SetaCheck\u00ae Biodiesel Plus Stanhope Seta - SA5550-0 est un instrument portatif con\u00e7u pour fournir une mesure sur site rapide, pr\u00e9cise et reproductible de la teneur en biodiesel dans les m\u00e9langes de carburant diesel.  Il est conforme aux normes ASTM D8274 et IP 639. Utilisant la technologie unique Mid-IR, l'analyseur a une plage de mesure de 0,1 % \u00e0 80 % de biodiesel. Seulement 2 ml d'\u00e9chantillon sont n\u00e9cessaires et un test est effectu\u00e9 en moins d'une minute avec les r\u00e9sultats affich\u00e9s sur un \u00e9cran r\u00e9tro\u00e9clair\u00e9 lumineux.  La proc\u00e9dure de test de SetaCheck est simple, ne n\u00e9cessitant aucune comp\u00e9tence technique particuli\u00e8re ni conditions de laboratoire, ce qui la rend id\u00e9ale pour le contr\u00f4le par lots de carburants dans les terminaux jusqu'\u00e0 la surveillance de l'approvisionnement en carburant de secours. T\u00e9l\u00e9charger la brochure produit : SetaCheck\u00ae Biodiesel Plus Stanhope Seta SA5550-0","og_url":"https:\/\/webdesi-gn.fr\/dev_deltalabo\/produits\/petrochimie-chimie-nucleaire\/diesel-gasole\/setacheck-biodiesel-plus-stanhope-seta-sa5550-0\/","og_site_name":"DeltaLabo","article_modified_time":"2025-11-24T12:41:29+00:00","og_image":[{"width":449,"height":539,"url":"https:\/\/webdesi-gn.fr\/dev_deltalabo\/wp-content\/uploads\/2025\/04\/DELTA-LABO-SetaCheck-Biodesel-Plus-Stanhope.jpg","type":"image\/jpeg"}],"twitter_card":"summary_large_image","twitter_misc":{"Dur\u00e9e de lecture estim\u00e9e":"1 minute"},"schema":{"@context":"https:\/\/schema.org","@graph":[{"@type":"WebPage","@id":"https:\/\/webdesi-gn.fr\/dev_deltalabo\/produits\/petrochimie-chimie-nucleaire\/diesel-gasole\/setacheck-biodiesel-plus-stanhope-seta-sa5550-0\/","url":"https:\/\/webdesi-gn.fr\/dev_deltalabo\/produits\/petrochimie-chimie-nucleaire\/diesel-gasole\/setacheck-biodiesel-plus-stanhope-seta-sa5550-0\/","name":"SetaCheck\u00ae Biodiesel Plus STANHOPE SETA - SA5550-0 | DeltaLabo","isPartOf":{"@id":"https:\/\/webdesi-gn.fr\/dev_deltalabo\/#website"},"primaryImageOfPage":{"@id":"https:\/\/webdesi-gn.fr\/dev_deltalabo\/produits\/petrochimie-chimie-nucleaire\/diesel-gasole\/setacheck-biodiesel-plus-stanhope-seta-sa5550-0\/#primaryimage"},"image":{"@id":"https:\/\/webdesi-gn.fr\/dev_deltalabo\/produits\/petrochimie-chimie-nucleaire\/diesel-gasole\/setacheck-biodiesel-plus-stanhope-seta-sa5550-0\/#primaryimage"},"thumbnailUrl":"https:\/\/webdesi-gn.fr\/dev_deltalabo\/wp-content\/uploads\/2025\/11\/DELTA-LABO-SetaCheck-Biodesel-Plus-Stanhope.jpg","datePublished":"2025-04-18T09:45:05+00:00","dateModified":"2025-11-24T12:41:29+00:00","breadcrumb":{"@id":"https:\/\/webdesi-gn.fr\/dev_deltalabo\/produits\/petrochimie-chimie-nucleaire\/diesel-gasole\/setacheck-biodiesel-plus-stanhope-seta-sa5550-0\/#breadcrumb"},"inLanguage":"fr-FR","potentialAction":[{"@type":"ReadAction","target":["https:\/\/webdesi-gn.fr\/dev_deltalabo\/produits\/petrochimie-chimie-nucleaire\/diesel-gasole\/setacheck-biodiesel-plus-stanhope-seta-sa5550-0\/"]}]},{"@type":"ImageObject","inLanguage":"fr-FR","@id":"https:\/\/webdesi-gn.fr\/dev_deltalabo\/produits\/petrochimie-chimie-nucleaire\/diesel-gasole\/setacheck-biodiesel-plus-stanhope-seta-sa5550-0\/#primaryimage","url":"https:\/\/webdesi-gn.fr\/dev_deltalabo\/wp-content\/uploads\/2025\/11\/DELTA-LABO-SetaCheck-Biodesel-Plus-Stanhope.jpg","contentUrl":"https:\/\/webdesi-gn.fr\/dev_deltalabo\/wp-content\/uploads\/2025\/11\/DELTA-LABO-SetaCheck-Biodesel-Plus-Stanhope.jpg","width":449,"height":539},{"@type":"BreadcrumbList","@id":"https:\/\/webdesi-gn.fr\/dev_deltalabo\/produits\/petrochimie-chimie-nucleaire\/diesel-gasole\/setacheck-biodiesel-plus-stanhope-seta-sa5550-0\/#breadcrumb","itemListElement":[{"@type":"ListItem","position":1,"name":"Accueil","item":"https:\/\/webdesi-gn.fr\/dev_deltalabo\/"},{"@type":"ListItem","position":2,"name":"Produits","item":"https:\/\/webdesi-gn.fr\/dev_deltalabo\/produits\/"},{"@type":"ListItem","position":3,"name":"SetaCheck\u00ae Biodiesel Plus STANHOPE SETA &#8211; SA5550-0"}]},{"@type":"WebSite","@id":"https:\/\/webdesi-gn.fr\/dev_deltalabo\/#website","url":"https:\/\/webdesi-gn.fr\/dev_deltalabo\/","name":"Delta Labo","description":"Un site utilisant WordPress","publisher":{"@id":"https:\/\/webdesi-gn.fr\/dev_deltalabo\/#organization"},"alternateName":"Delta Labo","potentialAction":[{"@type":"SearchAction","target":{"@type":"EntryPoint","urlTemplate":"https:\/\/webdesi-gn.fr\/dev_deltalabo\/?s={search_term_string}"},"query-input":{"@type":"PropertyValueSpecification","valueRequired":true,"valueName":"search_term_string"}}],"inLanguage":"fr-FR"},{"@type":"Organization","@id":"https:\/\/webdesi-gn.fr\/dev_deltalabo\/#organization","name":"DeltaLabo","url":"https:\/\/webdesi-gn.fr\/dev_deltalabo\/","logo":{"@type":"ImageObject","inLanguage":"fr-FR","@id":"https:\/\/webdesi-gn.fr\/dev_deltalabo\/#\/schema\/logo\/image\/","url":"https:\/\/webdesi-gn.fr\/dev_deltalabo\/wp-content\/uploads\/2022\/07\/logo-deltalabo.png","contentUrl":"https:\/\/webdesi-gn.fr\/dev_deltalabo\/wp-content\/uploads\/2022\/07\/logo-deltalabo.png","width":694,"height":306,"caption":"DeltaLabo"},"image":{"@id":"https:\/\/webdesi-gn.fr\/dev_deltalabo\/#\/schema\/logo\/image\/"}}]}},"_links":{"self":[{"href":"https:\/\/webdesi-gn.fr\/dev_deltalabo\/wp-json\/wp\/v2\/product\/259767","targetHints":{"allow":["GET"]}}],"collection":[{"href":"https:\/\/webdesi-gn.fr\/dev_deltalabo\/wp-json\/wp\/v2\/product"}],"about":[{"href":"https:\/\/webdesi-gn.fr\/dev_deltalabo\/wp-json\/wp\/v2\/types\/product"}],"wp:featuredmedia":[{"embeddable":true,"href":"https:\/\/webdesi-gn.fr\/dev_deltalabo\/wp-json\/wp\/v2\/media\/262020"}],"wp:attachment":[{"href":"https:\/\/webdesi-gn.fr\/dev_deltalabo\/wp-json\/wp\/v2\/media?parent=259767"}],"wp:term":[{"taxonomy":"domaine","embeddable":true,"href":"https:\/\/webdesi-gn.fr\/dev_deltalabo\/wp-json\/wp\/v2\/domaine?post=259767"},{"taxonomy":"normes","embeddable":true,"href":"https:\/\/webdesi-gn.fr\/dev_deltalabo\/wp-json\/wp\/v2\/normes?post=259767"},{"taxonomy":"product_brand","embeddable":true,"href":"https:\/\/webdesi-gn.fr\/dev_deltalabo\/wp-json\/wp\/v2\/product_brand?post=259767"},{"taxonomy":"product_cat","embeddable":true,"href":"https:\/\/webdesi-gn.fr\/dev_deltalabo\/wp-json\/wp\/v2\/product_cat?post=259767"},{"taxonomy":"product_tag","embeddable":true,"href":"https:\/\/webdesi-gn.fr\/dev_deltalabo\/wp-json\/wp\/v2\/product_tag?post=259767"}],"curies":[{"name":"wp","href":"https:\/\/api.w.org\/{rel}","templated":true}]}}