{"id":260215,"date":"2025-05-28T16:17:25","date_gmt":"2025-05-28T14:17:25","guid":{"rendered":"https:\/\/webdesi-gn.fr\/dev_deltalabo\/?post_type=product&#038;p=260215"},"modified":"2025-11-24T13:41:26","modified_gmt":"2025-11-24T12:41:26","slug":"instrument-de-point-de-solidification-du-benzene-lin-tech-astm-d852-astm-d6875","status":"publish","type":"product","link":"https:\/\/webdesi-gn.fr\/dev_deltalabo\/produits\/cat-produit\/instrument-de-point-de-solidification-du-benzene-lin-tech-astm-d852-astm-d6875\/","title":{"rendered":"Instrument de point de solidification du benz\u00e8ne LIN-TECH"},"content":{"rendered":"","protected":false},"excerpt":{"rendered":"<p><strong>Instrument de point de solidification du benz\u00e8ne LIN-TECH :<\/strong><\/p>\n<p>Cet instrument permet la mesure manuelle du point de solidification du benz\u00e8ne selon la norme ASTM D852 et du point de solidification des produits chimiques organiques industriels selon la norme ASTM D6875.<\/p>\n<ul>\n<li id=\"tw-target-text\" class=\"tw-data-text tw-text-large tw-ta\" dir=\"ltr\" data-placeholder=\"Traduction\" data-ved=\"2ahUKEwi96terntKNAxXHMfsDHXcVLQIQ3ewLegQICRAV\" aria-label=\"Texte traduit\u00a0: Cette m\u00e9thode d'essai couvre une proc\u00e9dure g\u00e9n\u00e9rale pour d\u00e9terminer le point de solidification de la plupart des produits chimiques organiques ayant des temp\u00e9ratures de fusion appr\u00e9ciables et des points de solidification compris entre 4 et 41\u00b0C.\"><span class=\"Y2IQFc\" lang=\"fr\">Points de solidification compris entre 4\u00b0C et 41\u00b0C<\/span><\/li>\n<li class=\"tw-data-text tw-text-large tw-ta\" dir=\"ltr\" data-placeholder=\"Traduction\" data-ved=\"2ahUKEwi96terntKNAxXHMfsDHXcVLQIQ3ewLegQICRAV\" aria-label=\"Texte traduit\u00a0: Cette m\u00e9thode d'essai couvre une proc\u00e9dure g\u00e9n\u00e9rale pour d\u00e9terminer le point de solidification de la plupart des produits chimiques organiques ayant des temp\u00e9ratures de fusion appr\u00e9ciables et des points de solidification compris entre 4 et 41\u00b0C.\"><span class=\"Y2IQFc\" lang=\"fr\">Thermor\u00e9gulateur, interrupteur agitateur, interrupteur principal et fusible de d\u00e9tection r\u00e9armable avec indicateur d&rsquo;\u00e9tat LED<\/span><\/li>\n<li class=\"tw-data-text tw-text-large tw-ta\" dir=\"ltr\" data-placeholder=\"Traduction\" data-ved=\"2ahUKEwi96terntKNAxXHMfsDHXcVLQIQ3ewLegQICRAV\" aria-label=\"Texte traduit\u00a0: Cette m\u00e9thode d'essai couvre une proc\u00e9dure g\u00e9n\u00e9rale pour d\u00e9terminer le point de solidification de la plupart des produits chimiques organiques ayant des temp\u00e9ratures de fusion appr\u00e9ciables et des points de solidification compris entre 4 et 41\u00b0C.\"><span class=\"Y2IQFc\" lang=\"fr\">Vitesse d&rsquo;agitation \u00e0 80 tr\/min<\/span><\/li>\n<li class=\"tw-data-text tw-text-large tw-ta\" dir=\"ltr\" data-placeholder=\"Traduction\" data-ved=\"2ahUKEwi96terntKNAxXHMfsDHXcVLQIQ3ewLegQICRAV\" aria-label=\"Texte traduit\u00a0: Cette m\u00e9thode d'essai couvre une proc\u00e9dure g\u00e9n\u00e9rale pour d\u00e9terminer le point de solidification de la plupart des produits chimiques organiques ayant des temp\u00e9ratures de fusion appr\u00e9ciables et des points de solidification compris entre 4 et 41\u00b0C.\"><span class=\"Y2IQFc\" lang=\"fr\">PT100 Classe A pour la temp\u00e9rature de l&rsquo;\u00e9chantillon avec une lecture \u00e0 0,1\u00b0C<\/span><\/li>\n<\/ul>\n<p><strong>T\u00e9l\u00e9charger la brochure produit :<\/strong> <a href=\"https:\/\/www.deltalabo.fr\/wp-content\/uploads\/2025\/06\/D852-benzene-solid.-pt-engl-DL.pdf\">Instrument de point de solidification du benz\u00e8ne LIN-TECH<\/a><\/p>\n","protected":false},"featured_media":261976,"template":"","meta":{"_acf_changed":false,"site-sidebar-layout":"default","site-content-layout":"","ast-site-content-layout":"default","site-content-style":"default","site-sidebar-style":"default","ast-global-header-display":"","ast-banner-title-visibility":"","ast-main-header-display":"","ast-hfb-above-header-display":"","ast-hfb-below-header-display":"","ast-hfb-mobile-header-display":"","site-post-title":"","ast-breadcrumbs-content":"","ast-featured-img":"","footer-sml-layout":"","ast-disable-related-posts":"","theme-transparent-header-meta":"","adv-header-id-meta":"","stick-header-meta":"","header-above-stick-meta":"","header-main-stick-meta":"","header-below-stick-meta":"","astra-migrate-meta-layouts":"default","ast-page-background-enabled":"default","ast-page-background-meta":{"desktop":{"background-color":"var(--ast-global-color-5)","background-image":"","background-repeat":"repeat","background-position":"center center","background-size":"auto","background-attachment":"scroll","background-type":"","background-media":"","overlay-type":"","overlay-color":"","overlay-opacity":"","overlay-gradient":""},"tablet":{"background-color":"","background-image":"","background-repeat":"repeat","background-position":"center center","background-size":"auto","background-attachment":"scroll","background-type":"","background-media":"","overlay-type":"","overlay-color":"","overlay-opacity":"","overlay-gradient":""},"mobile":{"background-color":"","background-image":"","background-repeat":"repeat","background-position":"center center","background-size":"auto","background-attachment":"scroll","background-type":"","background-media":"","overlay-type":"","overlay-color":"","overlay-opacity":"","overlay-gradient":""}},"ast-content-background-meta":{"desktop":{"background-color":"var(--ast-global-color-4)","background-image":"","background-repeat":"repeat","background-position":"center center","background-size":"auto","background-attachment":"scroll","background-type":"","background-media":"","overlay-type":"","overlay-color":"","overlay-opacity":"","overlay-gradient":""},"tablet":{"background-color":"var(--ast-global-color-4)","background-image":"","background-repeat":"repeat","background-position":"center center","background-size":"auto","background-attachment":"scroll","background-type":"","background-media":"","overlay-type":"","overlay-color":"","overlay-opacity":"","overlay-gradient":""},"mobile":{"background-color":"var(--ast-global-color-4)","background-image":"","background-repeat":"repeat","background-position":"center center","background-size":"auto","background-attachment":"scroll","background-type":"","background-media":"","overlay-type":"","overlay-color":"","overlay-opacity":"","overlay-gradient":""}}},"domaine":[],"normes":[3369,3391,17135],"product_brand":[],"product_cat":[15],"product_tag":[],"class_list":{"0":"post-260215","1":"product","2":"type-product","3":"status-publish","4":"has-post-thumbnail","6":"normes-d6875","7":"normes-d852","8":"normes-din-51562","9":"product_cat-cat-produit","10":"desktop-align-left","11":"tablet-align-left","12":"mobile-align-left","14":"first","15":"instock","16":"shipping-taxable","17":"product-type-simple"},"acf":[],"yoast_head":"<!-- This site is optimized with the Yoast SEO plugin v27.4 - https:\/\/yoast.com\/product\/yoast-seo-wordpress\/ -->\n<title>Instrument de point de solidification du benz\u00e8ne LIN-TECH | DeltaLabo<\/title>\n<meta name=\"robots\" content=\"noindex, follow, max-snippet:-1, max-image-preview:large, max-video-preview:-1\" \/>\n<meta property=\"og:locale\" content=\"fr_FR\" \/>\n<meta property=\"og:type\" content=\"article\" \/>\n<meta property=\"og:title\" content=\"Instrument de point de solidification du benz\u00e8ne LIN-TECH | DeltaLabo\" \/>\n<meta property=\"og:description\" content=\"Instrument de point de solidification du benz\u00e8ne LIN-TECH :  Cet instrument permet la mesure manuelle du point de solidification du benz\u00e8ne selon la norme ASTM D852 et du point de solidification des produits chimiques organiques industriels selon la norme ASTM D6875.   Points de solidification compris entre 4\u00b0C et 41\u00b0C  Thermor\u00e9gulateur, interrupteur agitateur, interrupteur principal et fusible de d\u00e9tection r\u00e9armable avec indicateur d&#039;\u00e9tat LED  Vitesse d&#039;agitation \u00e0 80 tr\/min  PT100 Classe A pour la temp\u00e9rature de l&#039;\u00e9chantillon avec une lecture \u00e0 0,1\u00b0C  T\u00e9l\u00e9charger la brochure produit : Instrument de point de solidification du benz\u00e8ne LIN-TECH\" \/>\n<meta property=\"og:url\" content=\"https:\/\/webdesi-gn.fr\/dev_deltalabo\/produits\/cat-produit\/instrument-de-point-de-solidification-du-benzene-lin-tech-astm-d852-astm-d6875\/\" \/>\n<meta property=\"og:site_name\" content=\"DeltaLabo\" \/>\n<meta property=\"article:modified_time\" content=\"2025-11-24T12:41:26+00:00\" \/>\n<meta property=\"og:image\" content=\"https:\/\/webdesi-gn.fr\/dev_deltalabo\/wp-content\/uploads\/2025\/05\/DELTA-LABO-D852.jpg\" \/>\n\t<meta property=\"og:image:width\" content=\"676\" \/>\n\t<meta property=\"og:image:height\" content=\"609\" \/>\n\t<meta property=\"og:image:type\" content=\"image\/jpeg\" \/>\n<meta name=\"twitter:card\" content=\"summary_large_image\" \/>\n<script type=\"application\/ld+json\" class=\"yoast-schema-graph\">{\"@context\":\"https:\\\/\\\/schema.org\",\"@graph\":[{\"@type\":\"WebPage\",\"@id\":\"https:\\\/\\\/webdesi-gn.fr\\\/dev_deltalabo\\\/produits\\\/cat-produit\\\/instrument-de-point-de-solidification-du-benzene-lin-tech-astm-d852-astm-d6875\\\/\",\"url\":\"https:\\\/\\\/webdesi-gn.fr\\\/dev_deltalabo\\\/produits\\\/cat-produit\\\/instrument-de-point-de-solidification-du-benzene-lin-tech-astm-d852-astm-d6875\\\/\",\"name\":\"Instrument de point de solidification du benz\u00e8ne LIN-TECH | DeltaLabo\",\"isPartOf\":{\"@id\":\"https:\\\/\\\/webdesi-gn.fr\\\/dev_deltalabo\\\/#website\"},\"primaryImageOfPage\":{\"@id\":\"https:\\\/\\\/webdesi-gn.fr\\\/dev_deltalabo\\\/produits\\\/cat-produit\\\/instrument-de-point-de-solidification-du-benzene-lin-tech-astm-d852-astm-d6875\\\/#primaryimage\"},\"image\":{\"@id\":\"https:\\\/\\\/webdesi-gn.fr\\\/dev_deltalabo\\\/produits\\\/cat-produit\\\/instrument-de-point-de-solidification-du-benzene-lin-tech-astm-d852-astm-d6875\\\/#primaryimage\"},\"thumbnailUrl\":\"https:\\\/\\\/webdesi-gn.fr\\\/dev_deltalabo\\\/wp-content\\\/uploads\\\/2025\\\/11\\\/DELTA-LABO-D852.jpg\",\"datePublished\":\"2025-05-28T14:17:25+00:00\",\"dateModified\":\"2025-11-24T12:41:26+00:00\",\"breadcrumb\":{\"@id\":\"https:\\\/\\\/webdesi-gn.fr\\\/dev_deltalabo\\\/produits\\\/cat-produit\\\/instrument-de-point-de-solidification-du-benzene-lin-tech-astm-d852-astm-d6875\\\/#breadcrumb\"},\"inLanguage\":\"fr-FR\",\"potentialAction\":[{\"@type\":\"ReadAction\",\"target\":[\"https:\\\/\\\/webdesi-gn.fr\\\/dev_deltalabo\\\/produits\\\/cat-produit\\\/instrument-de-point-de-solidification-du-benzene-lin-tech-astm-d852-astm-d6875\\\/\"]}]},{\"@type\":\"ImageObject\",\"inLanguage\":\"fr-FR\",\"@id\":\"https:\\\/\\\/webdesi-gn.fr\\\/dev_deltalabo\\\/produits\\\/cat-produit\\\/instrument-de-point-de-solidification-du-benzene-lin-tech-astm-d852-astm-d6875\\\/#primaryimage\",\"url\":\"https:\\\/\\\/webdesi-gn.fr\\\/dev_deltalabo\\\/wp-content\\\/uploads\\\/2025\\\/11\\\/DELTA-LABO-D852.jpg\",\"contentUrl\":\"https:\\\/\\\/webdesi-gn.fr\\\/dev_deltalabo\\\/wp-content\\\/uploads\\\/2025\\\/11\\\/DELTA-LABO-D852.jpg\",\"width\":676,\"height\":609},{\"@type\":\"BreadcrumbList\",\"@id\":\"https:\\\/\\\/webdesi-gn.fr\\\/dev_deltalabo\\\/produits\\\/cat-produit\\\/instrument-de-point-de-solidification-du-benzene-lin-tech-astm-d852-astm-d6875\\\/#breadcrumb\",\"itemListElement\":[{\"@type\":\"ListItem\",\"position\":1,\"name\":\"Accueil\",\"item\":\"https:\\\/\\\/webdesi-gn.fr\\\/dev_deltalabo\\\/\"},{\"@type\":\"ListItem\",\"position\":2,\"name\":\"Produits\",\"item\":\"https:\\\/\\\/webdesi-gn.fr\\\/dev_deltalabo\\\/produits\\\/\"},{\"@type\":\"ListItem\",\"position\":3,\"name\":\"Instrument de point de solidification du benz\u00e8ne LIN-TECH\"}]},{\"@type\":\"WebSite\",\"@id\":\"https:\\\/\\\/webdesi-gn.fr\\\/dev_deltalabo\\\/#website\",\"url\":\"https:\\\/\\\/webdesi-gn.fr\\\/dev_deltalabo\\\/\",\"name\":\"Delta Labo\",\"description\":\"Un site utilisant WordPress\",\"publisher\":{\"@id\":\"https:\\\/\\\/webdesi-gn.fr\\\/dev_deltalabo\\\/#organization\"},\"alternateName\":\"Delta Labo\",\"potentialAction\":[{\"@type\":\"SearchAction\",\"target\":{\"@type\":\"EntryPoint\",\"urlTemplate\":\"https:\\\/\\\/webdesi-gn.fr\\\/dev_deltalabo\\\/?s={search_term_string}\"},\"query-input\":{\"@type\":\"PropertyValueSpecification\",\"valueRequired\":true,\"valueName\":\"search_term_string\"}}],\"inLanguage\":\"fr-FR\"},{\"@type\":\"Organization\",\"@id\":\"https:\\\/\\\/webdesi-gn.fr\\\/dev_deltalabo\\\/#organization\",\"name\":\"DeltaLabo\",\"url\":\"https:\\\/\\\/webdesi-gn.fr\\\/dev_deltalabo\\\/\",\"logo\":{\"@type\":\"ImageObject\",\"inLanguage\":\"fr-FR\",\"@id\":\"https:\\\/\\\/webdesi-gn.fr\\\/dev_deltalabo\\\/#\\\/schema\\\/logo\\\/image\\\/\",\"url\":\"https:\\\/\\\/webdesi-gn.fr\\\/dev_deltalabo\\\/wp-content\\\/uploads\\\/2022\\\/07\\\/logo-deltalabo.png\",\"contentUrl\":\"https:\\\/\\\/webdesi-gn.fr\\\/dev_deltalabo\\\/wp-content\\\/uploads\\\/2022\\\/07\\\/logo-deltalabo.png\",\"width\":694,\"height\":306,\"caption\":\"DeltaLabo\"},\"image\":{\"@id\":\"https:\\\/\\\/webdesi-gn.fr\\\/dev_deltalabo\\\/#\\\/schema\\\/logo\\\/image\\\/\"}}]}<\/script>\n<!-- \/ Yoast SEO plugin. -->","yoast_head_json":{"title":"Instrument de point de solidification du benz\u00e8ne LIN-TECH | DeltaLabo","robots":{"index":"noindex","follow":"follow","max-snippet":"max-snippet:-1","max-image-preview":"max-image-preview:large","max-video-preview":"max-video-preview:-1"},"og_locale":"fr_FR","og_type":"article","og_title":"Instrument de point de solidification du benz\u00e8ne LIN-TECH | DeltaLabo","og_description":"Instrument de point de solidification du benz\u00e8ne LIN-TECH :  Cet instrument permet la mesure manuelle du point de solidification du benz\u00e8ne selon la norme ASTM D852 et du point de solidification des produits chimiques organiques industriels selon la norme ASTM D6875.   Points de solidification compris entre 4\u00b0C et 41\u00b0C  Thermor\u00e9gulateur, interrupteur agitateur, interrupteur principal et fusible de d\u00e9tection r\u00e9armable avec indicateur d'\u00e9tat LED  Vitesse d'agitation \u00e0 80 tr\/min  PT100 Classe A pour la temp\u00e9rature de l'\u00e9chantillon avec une lecture \u00e0 0,1\u00b0C  T\u00e9l\u00e9charger la brochure produit : Instrument de point de solidification du benz\u00e8ne LIN-TECH","og_url":"https:\/\/webdesi-gn.fr\/dev_deltalabo\/produits\/cat-produit\/instrument-de-point-de-solidification-du-benzene-lin-tech-astm-d852-astm-d6875\/","og_site_name":"DeltaLabo","article_modified_time":"2025-11-24T12:41:26+00:00","og_image":[{"width":676,"height":609,"url":"https:\/\/webdesi-gn.fr\/dev_deltalabo\/wp-content\/uploads\/2025\/05\/DELTA-LABO-D852.jpg","type":"image\/jpeg"}],"twitter_card":"summary_large_image","schema":{"@context":"https:\/\/schema.org","@graph":[{"@type":"WebPage","@id":"https:\/\/webdesi-gn.fr\/dev_deltalabo\/produits\/cat-produit\/instrument-de-point-de-solidification-du-benzene-lin-tech-astm-d852-astm-d6875\/","url":"https:\/\/webdesi-gn.fr\/dev_deltalabo\/produits\/cat-produit\/instrument-de-point-de-solidification-du-benzene-lin-tech-astm-d852-astm-d6875\/","name":"Instrument de point de solidification du benz\u00e8ne LIN-TECH | DeltaLabo","isPartOf":{"@id":"https:\/\/webdesi-gn.fr\/dev_deltalabo\/#website"},"primaryImageOfPage":{"@id":"https:\/\/webdesi-gn.fr\/dev_deltalabo\/produits\/cat-produit\/instrument-de-point-de-solidification-du-benzene-lin-tech-astm-d852-astm-d6875\/#primaryimage"},"image":{"@id":"https:\/\/webdesi-gn.fr\/dev_deltalabo\/produits\/cat-produit\/instrument-de-point-de-solidification-du-benzene-lin-tech-astm-d852-astm-d6875\/#primaryimage"},"thumbnailUrl":"https:\/\/webdesi-gn.fr\/dev_deltalabo\/wp-content\/uploads\/2025\/11\/DELTA-LABO-D852.jpg","datePublished":"2025-05-28T14:17:25+00:00","dateModified":"2025-11-24T12:41:26+00:00","breadcrumb":{"@id":"https:\/\/webdesi-gn.fr\/dev_deltalabo\/produits\/cat-produit\/instrument-de-point-de-solidification-du-benzene-lin-tech-astm-d852-astm-d6875\/#breadcrumb"},"inLanguage":"fr-FR","potentialAction":[{"@type":"ReadAction","target":["https:\/\/webdesi-gn.fr\/dev_deltalabo\/produits\/cat-produit\/instrument-de-point-de-solidification-du-benzene-lin-tech-astm-d852-astm-d6875\/"]}]},{"@type":"ImageObject","inLanguage":"fr-FR","@id":"https:\/\/webdesi-gn.fr\/dev_deltalabo\/produits\/cat-produit\/instrument-de-point-de-solidification-du-benzene-lin-tech-astm-d852-astm-d6875\/#primaryimage","url":"https:\/\/webdesi-gn.fr\/dev_deltalabo\/wp-content\/uploads\/2025\/11\/DELTA-LABO-D852.jpg","contentUrl":"https:\/\/webdesi-gn.fr\/dev_deltalabo\/wp-content\/uploads\/2025\/11\/DELTA-LABO-D852.jpg","width":676,"height":609},{"@type":"BreadcrumbList","@id":"https:\/\/webdesi-gn.fr\/dev_deltalabo\/produits\/cat-produit\/instrument-de-point-de-solidification-du-benzene-lin-tech-astm-d852-astm-d6875\/#breadcrumb","itemListElement":[{"@type":"ListItem","position":1,"name":"Accueil","item":"https:\/\/webdesi-gn.fr\/dev_deltalabo\/"},{"@type":"ListItem","position":2,"name":"Produits","item":"https:\/\/webdesi-gn.fr\/dev_deltalabo\/produits\/"},{"@type":"ListItem","position":3,"name":"Instrument de point de solidification du benz\u00e8ne LIN-TECH"}]},{"@type":"WebSite","@id":"https:\/\/webdesi-gn.fr\/dev_deltalabo\/#website","url":"https:\/\/webdesi-gn.fr\/dev_deltalabo\/","name":"Delta Labo","description":"Un site utilisant WordPress","publisher":{"@id":"https:\/\/webdesi-gn.fr\/dev_deltalabo\/#organization"},"alternateName":"Delta Labo","potentialAction":[{"@type":"SearchAction","target":{"@type":"EntryPoint","urlTemplate":"https:\/\/webdesi-gn.fr\/dev_deltalabo\/?s={search_term_string}"},"query-input":{"@type":"PropertyValueSpecification","valueRequired":true,"valueName":"search_term_string"}}],"inLanguage":"fr-FR"},{"@type":"Organization","@id":"https:\/\/webdesi-gn.fr\/dev_deltalabo\/#organization","name":"DeltaLabo","url":"https:\/\/webdesi-gn.fr\/dev_deltalabo\/","logo":{"@type":"ImageObject","inLanguage":"fr-FR","@id":"https:\/\/webdesi-gn.fr\/dev_deltalabo\/#\/schema\/logo\/image\/","url":"https:\/\/webdesi-gn.fr\/dev_deltalabo\/wp-content\/uploads\/2022\/07\/logo-deltalabo.png","contentUrl":"https:\/\/webdesi-gn.fr\/dev_deltalabo\/wp-content\/uploads\/2022\/07\/logo-deltalabo.png","width":694,"height":306,"caption":"DeltaLabo"},"image":{"@id":"https:\/\/webdesi-gn.fr\/dev_deltalabo\/#\/schema\/logo\/image\/"}}]}},"_links":{"self":[{"href":"https:\/\/webdesi-gn.fr\/dev_deltalabo\/wp-json\/wp\/v2\/product\/260215","targetHints":{"allow":["GET"]}}],"collection":[{"href":"https:\/\/webdesi-gn.fr\/dev_deltalabo\/wp-json\/wp\/v2\/product"}],"about":[{"href":"https:\/\/webdesi-gn.fr\/dev_deltalabo\/wp-json\/wp\/v2\/types\/product"}],"wp:featuredmedia":[{"embeddable":true,"href":"https:\/\/webdesi-gn.fr\/dev_deltalabo\/wp-json\/wp\/v2\/media\/261976"}],"wp:attachment":[{"href":"https:\/\/webdesi-gn.fr\/dev_deltalabo\/wp-json\/wp\/v2\/media?parent=260215"}],"wp:term":[{"taxonomy":"domaine","embeddable":true,"href":"https:\/\/webdesi-gn.fr\/dev_deltalabo\/wp-json\/wp\/v2\/domaine?post=260215"},{"taxonomy":"normes","embeddable":true,"href":"https:\/\/webdesi-gn.fr\/dev_deltalabo\/wp-json\/wp\/v2\/normes?post=260215"},{"taxonomy":"product_brand","embeddable":true,"href":"https:\/\/webdesi-gn.fr\/dev_deltalabo\/wp-json\/wp\/v2\/product_brand?post=260215"},{"taxonomy":"product_cat","embeddable":true,"href":"https:\/\/webdesi-gn.fr\/dev_deltalabo\/wp-json\/wp\/v2\/product_cat?post=260215"},{"taxonomy":"product_tag","embeddable":true,"href":"https:\/\/webdesi-gn.fr\/dev_deltalabo\/wp-json\/wp\/v2\/product_tag?post=260215"}],"curies":[{"name":"wp","href":"https:\/\/api.w.org\/{rel}","templated":true}]}}