{"id":260831,"date":"2025-07-08T16:17:14","date_gmt":"2025-07-08T14:17:14","guid":{"rendered":"https:\/\/webdesi-gn.fr\/dev_deltalabo\/?post_type=product&#038;p=260831"},"modified":"2025-11-24T13:41:21","modified_gmt":"2025-11-24T12:41:21","slug":"testeur-de-graisse-skf-emcor","status":"publish","type":"product","link":"https:\/\/webdesi-gn.fr\/dev_deltalabo\/produits\/cat-produit\/testeur-de-graisse-skf-emcor\/","title":{"rendered":"Testeur de graisse SKF EMCOR"},"content":{"rendered":"","protected":false},"excerpt":{"rendered":"<p><strong>Testeur de graisse SKF EMCOR :<\/strong><\/p>\n<p>Le testeur de graisse SKF EMCOR est conforme aux normes suivantes, en fonction des accessoires :<br \/>\n&#8211; ISO\/TS 11007-2:2023 Produits p\u00e9troliers et lubrifiants \u2014 D\u00e9termination des caract\u00e9ristiques antirouille des graisses lubrifiantes. Partie 2: M\u00e9thode avec lavage \u00e0 l&rsquo;eau.<br \/>\n&#8211; ISO 11007-1:2021 Produits p\u00e9troliers et lubrifiants \u2014 D\u00e9termination des caract\u00e9ristiques antirouille des graisses lubrifiantes. Partie 1: Conditions dynamiques humides<\/p>\n<p>Afin de pouvoir distinguer les bonnes graisses antirouille des mauvaises et recommander la meilleure pour ses propres roulements, SKF a d\u00e9velopp\u00e9 il y a de nombreuses ann\u00e9es le banc d&rsquo;essai de graisse EMCOR.<\/p>\n<p>Le but du test est de mesurer la capacit\u00e9 d&rsquo;une graisse \u00e0 prot\u00e9ger un roulement contre la corrosion, m\u00eame en pr\u00e9sence d&rsquo;eau. Avec le banc d&rsquo;essai de graisse SKF EMCOR, cela se fait de mani\u00e8re dynamique, c&rsquo;est-\u00e0-dire que les graisses sont test\u00e9es pendant que les roulements sont en mouvement et \u00e0 l&rsquo;arr\u00eat. Cela signifie que le mince film d&rsquo;huile restant dans la zone de contact des roulements doit \u00eatre capable de prot\u00e9ger les roulements contre la corrosion.<\/p>\n<p><strong>T\u00e9l\u00e9charger la brochure produit :<\/strong> <a href=\"https:\/\/www.deltalabo.fr\/wp-content\/uploads\/2025\/07\/SKF-grease-test-rig-EMCOR-engl-DL.pdf\">Testeur de graisse SKF EMCOR<\/a><\/p>\n","protected":false},"featured_media":261916,"template":"","meta":{"_acf_changed":false,"site-sidebar-layout":"default","site-content-layout":"","ast-site-content-layout":"default","site-content-style":"default","site-sidebar-style":"default","ast-global-header-display":"","ast-banner-title-visibility":"","ast-main-header-display":"","ast-hfb-above-header-display":"","ast-hfb-below-header-display":"","ast-hfb-mobile-header-display":"","site-post-title":"","ast-breadcrumbs-content":"","ast-featured-img":"","footer-sml-layout":"","ast-disable-related-posts":"","theme-transparent-header-meta":"","adv-header-id-meta":"","stick-header-meta":"","header-above-stick-meta":"","header-main-stick-meta":"","header-below-stick-meta":"","astra-migrate-meta-layouts":"default","ast-page-background-enabled":"default","ast-page-background-meta":{"desktop":{"background-color":"var(--ast-global-color-5)","background-image":"","background-repeat":"repeat","background-position":"center center","background-size":"auto","background-attachment":"scroll","background-type":"","background-media":"","overlay-type":"","overlay-color":"","overlay-opacity":"","overlay-gradient":""},"tablet":{"background-color":"","background-image":"","background-repeat":"repeat","background-position":"center center","background-size":"auto","background-attachment":"scroll","background-type":"","background-media":"","overlay-type":"","overlay-color":"","overlay-opacity":"","overlay-gradient":""},"mobile":{"background-color":"","background-image":"","background-repeat":"repeat","background-position":"center center","background-size":"auto","background-attachment":"scroll","background-type":"","background-media":"","overlay-type":"","overlay-color":"","overlay-opacity":"","overlay-gradient":""}},"ast-content-background-meta":{"desktop":{"background-color":"var(--ast-global-color-4)","background-image":"","background-repeat":"repeat","background-position":"center center","background-size":"auto","background-attachment":"scroll","background-type":"","background-media":"","overlay-type":"","overlay-color":"","overlay-opacity":"","overlay-gradient":""},"tablet":{"background-color":"var(--ast-global-color-4)","background-image":"","background-repeat":"repeat","background-position":"center center","background-size":"auto","background-attachment":"scroll","background-type":"","background-media":"","overlay-type":"","overlay-color":"","overlay-opacity":"","overlay-gradient":""},"mobile":{"background-color":"var(--ast-global-color-4)","background-image":"","background-repeat":"repeat","background-position":"center center","background-size":"auto","background-attachment":"scroll","background-type":"","background-media":"","overlay-type":"","overlay-color":"","overlay-opacity":"","overlay-gradient":""}}},"domaine":[],"normes":[17135,17094,478],"product_brand":[],"product_cat":[15],"product_tag":[],"class_list":{"0":"post-260831","1":"product","2":"type-product","3":"status-publish","4":"has-post-thumbnail","6":"normes-din-51562","7":"normes-iso-11007","8":"normes-normes-ip","9":"product_cat-cat-produit","10":"desktop-align-left","11":"tablet-align-left","12":"mobile-align-left","14":"first","15":"instock","16":"shipping-taxable","17":"product-type-simple"},"acf":[],"yoast_head":"<!-- This site is optimized with the Yoast SEO plugin v27.4 - https:\/\/yoast.com\/product\/yoast-seo-wordpress\/ -->\n<title>Testeur de graisse SKF EMCOR | DeltaLabo<\/title>\n<meta name=\"robots\" content=\"noindex, follow, max-snippet:-1, max-image-preview:large, max-video-preview:-1\" \/>\n<meta property=\"og:locale\" content=\"fr_FR\" \/>\n<meta property=\"og:type\" content=\"article\" \/>\n<meta property=\"og:title\" content=\"Testeur de graisse SKF EMCOR | DeltaLabo\" \/>\n<meta property=\"og:description\" content=\"Testeur de graisse SKF EMCOR :  Le testeur de graisse SKF EMCOR est conforme aux normes suivantes, en fonction des accessoires : - ISO\/TS 11007-2:2023 Produits p\u00e9troliers et lubrifiants \u2014 D\u00e9termination des caract\u00e9ristiques antirouille des graisses lubrifiantes. Partie 2: M\u00e9thode avec lavage \u00e0 l&#039;eau. - ISO 11007-1:2021 Produits p\u00e9troliers et lubrifiants \u2014 D\u00e9termination des caract\u00e9ristiques antirouille des graisses lubrifiantes. Partie 1: Conditions dynamiques humides  Afin de pouvoir distinguer les bonnes graisses antirouille des mauvaises et recommander la meilleure pour ses propres roulements, SKF a d\u00e9velopp\u00e9 il y a de nombreuses ann\u00e9es le banc d&#039;essai de graisse EMCOR.  Le but du test est de mesurer la capacit\u00e9 d&#039;une graisse \u00e0 prot\u00e9ger un roulement contre la corrosion, m\u00eame en pr\u00e9sence d&#039;eau. Avec le banc d&#039;essai de graisse SKF EMCOR, cela se fait de mani\u00e8re dynamique, c&#039;est-\u00e0-dire que les graisses sont test\u00e9es pendant que les roulements sont en mouvement et \u00e0 l&#039;arr\u00eat. Cela signifie que le mince film d&#039;huile restant dans la zone de contact des roulements doit \u00eatre capable de prot\u00e9ger les roulements contre la corrosion.  T\u00e9l\u00e9charger la brochure produit : Testeur de graisse SKF EMCOR\" \/>\n<meta property=\"og:url\" content=\"https:\/\/webdesi-gn.fr\/dev_deltalabo\/produits\/cat-produit\/testeur-de-graisse-skf-emcor\/\" \/>\n<meta property=\"og:site_name\" content=\"DeltaLabo\" \/>\n<meta property=\"article:modified_time\" content=\"2025-11-24T12:41:21+00:00\" \/>\n<meta property=\"og:image\" content=\"https:\/\/webdesi-gn.fr\/dev_deltalabo\/wp-content\/uploads\/2025\/07\/DELTA-LABO-banc-dessai-de-graisse-EMCOR.jpg\" \/>\n\t<meta property=\"og:image:width\" content=\"465\" \/>\n\t<meta property=\"og:image:height\" content=\"310\" \/>\n\t<meta property=\"og:image:type\" content=\"image\/jpeg\" \/>\n<meta name=\"twitter:card\" content=\"summary_large_image\" \/>\n<meta name=\"twitter:label1\" content=\"Dur\u00e9e de lecture estim\u00e9e\" \/>\n\t<meta name=\"twitter:data1\" content=\"1 minute\" \/>\n<script type=\"application\/ld+json\" class=\"yoast-schema-graph\">{\"@context\":\"https:\\\/\\\/schema.org\",\"@graph\":[{\"@type\":\"WebPage\",\"@id\":\"https:\\\/\\\/webdesi-gn.fr\\\/dev_deltalabo\\\/produits\\\/cat-produit\\\/testeur-de-graisse-skf-emcor\\\/\",\"url\":\"https:\\\/\\\/webdesi-gn.fr\\\/dev_deltalabo\\\/produits\\\/cat-produit\\\/testeur-de-graisse-skf-emcor\\\/\",\"name\":\"Testeur de graisse SKF EMCOR | DeltaLabo\",\"isPartOf\":{\"@id\":\"https:\\\/\\\/webdesi-gn.fr\\\/dev_deltalabo\\\/#website\"},\"primaryImageOfPage\":{\"@id\":\"https:\\\/\\\/webdesi-gn.fr\\\/dev_deltalabo\\\/produits\\\/cat-produit\\\/testeur-de-graisse-skf-emcor\\\/#primaryimage\"},\"image\":{\"@id\":\"https:\\\/\\\/webdesi-gn.fr\\\/dev_deltalabo\\\/produits\\\/cat-produit\\\/testeur-de-graisse-skf-emcor\\\/#primaryimage\"},\"thumbnailUrl\":\"https:\\\/\\\/webdesi-gn.fr\\\/dev_deltalabo\\\/wp-content\\\/uploads\\\/2025\\\/11\\\/DELTA-LABO-banc-dessai-de-graisse-EMCOR.jpg\",\"datePublished\":\"2025-07-08T14:17:14+00:00\",\"dateModified\":\"2025-11-24T12:41:21+00:00\",\"breadcrumb\":{\"@id\":\"https:\\\/\\\/webdesi-gn.fr\\\/dev_deltalabo\\\/produits\\\/cat-produit\\\/testeur-de-graisse-skf-emcor\\\/#breadcrumb\"},\"inLanguage\":\"fr-FR\",\"potentialAction\":[{\"@type\":\"ReadAction\",\"target\":[\"https:\\\/\\\/webdesi-gn.fr\\\/dev_deltalabo\\\/produits\\\/cat-produit\\\/testeur-de-graisse-skf-emcor\\\/\"]}]},{\"@type\":\"ImageObject\",\"inLanguage\":\"fr-FR\",\"@id\":\"https:\\\/\\\/webdesi-gn.fr\\\/dev_deltalabo\\\/produits\\\/cat-produit\\\/testeur-de-graisse-skf-emcor\\\/#primaryimage\",\"url\":\"https:\\\/\\\/webdesi-gn.fr\\\/dev_deltalabo\\\/wp-content\\\/uploads\\\/2025\\\/11\\\/DELTA-LABO-banc-dessai-de-graisse-EMCOR.jpg\",\"contentUrl\":\"https:\\\/\\\/webdesi-gn.fr\\\/dev_deltalabo\\\/wp-content\\\/uploads\\\/2025\\\/11\\\/DELTA-LABO-banc-dessai-de-graisse-EMCOR.jpg\",\"width\":465,\"height\":310},{\"@type\":\"BreadcrumbList\",\"@id\":\"https:\\\/\\\/webdesi-gn.fr\\\/dev_deltalabo\\\/produits\\\/cat-produit\\\/testeur-de-graisse-skf-emcor\\\/#breadcrumb\",\"itemListElement\":[{\"@type\":\"ListItem\",\"position\":1,\"name\":\"Accueil\",\"item\":\"https:\\\/\\\/webdesi-gn.fr\\\/dev_deltalabo\\\/\"},{\"@type\":\"ListItem\",\"position\":2,\"name\":\"Produits\",\"item\":\"https:\\\/\\\/webdesi-gn.fr\\\/dev_deltalabo\\\/produits\\\/\"},{\"@type\":\"ListItem\",\"position\":3,\"name\":\"Testeur de graisse SKF EMCOR\"}]},{\"@type\":\"WebSite\",\"@id\":\"https:\\\/\\\/webdesi-gn.fr\\\/dev_deltalabo\\\/#website\",\"url\":\"https:\\\/\\\/webdesi-gn.fr\\\/dev_deltalabo\\\/\",\"name\":\"Delta Labo\",\"description\":\"Un site utilisant WordPress\",\"publisher\":{\"@id\":\"https:\\\/\\\/webdesi-gn.fr\\\/dev_deltalabo\\\/#organization\"},\"alternateName\":\"Delta Labo\",\"potentialAction\":[{\"@type\":\"SearchAction\",\"target\":{\"@type\":\"EntryPoint\",\"urlTemplate\":\"https:\\\/\\\/webdesi-gn.fr\\\/dev_deltalabo\\\/?s={search_term_string}\"},\"query-input\":{\"@type\":\"PropertyValueSpecification\",\"valueRequired\":true,\"valueName\":\"search_term_string\"}}],\"inLanguage\":\"fr-FR\"},{\"@type\":\"Organization\",\"@id\":\"https:\\\/\\\/webdesi-gn.fr\\\/dev_deltalabo\\\/#organization\",\"name\":\"DeltaLabo\",\"url\":\"https:\\\/\\\/webdesi-gn.fr\\\/dev_deltalabo\\\/\",\"logo\":{\"@type\":\"ImageObject\",\"inLanguage\":\"fr-FR\",\"@id\":\"https:\\\/\\\/webdesi-gn.fr\\\/dev_deltalabo\\\/#\\\/schema\\\/logo\\\/image\\\/\",\"url\":\"https:\\\/\\\/webdesi-gn.fr\\\/dev_deltalabo\\\/wp-content\\\/uploads\\\/2022\\\/07\\\/logo-deltalabo.png\",\"contentUrl\":\"https:\\\/\\\/webdesi-gn.fr\\\/dev_deltalabo\\\/wp-content\\\/uploads\\\/2022\\\/07\\\/logo-deltalabo.png\",\"width\":694,\"height\":306,\"caption\":\"DeltaLabo\"},\"image\":{\"@id\":\"https:\\\/\\\/webdesi-gn.fr\\\/dev_deltalabo\\\/#\\\/schema\\\/logo\\\/image\\\/\"}}]}<\/script>\n<!-- \/ Yoast SEO plugin. -->","yoast_head_json":{"title":"Testeur de graisse SKF EMCOR | DeltaLabo","robots":{"index":"noindex","follow":"follow","max-snippet":"max-snippet:-1","max-image-preview":"max-image-preview:large","max-video-preview":"max-video-preview:-1"},"og_locale":"fr_FR","og_type":"article","og_title":"Testeur de graisse SKF EMCOR | DeltaLabo","og_description":"Testeur de graisse SKF EMCOR :  Le testeur de graisse SKF EMCOR est conforme aux normes suivantes, en fonction des accessoires : - ISO\/TS 11007-2:2023 Produits p\u00e9troliers et lubrifiants \u2014 D\u00e9termination des caract\u00e9ristiques antirouille des graisses lubrifiantes. Partie 2: M\u00e9thode avec lavage \u00e0 l'eau. - ISO 11007-1:2021 Produits p\u00e9troliers et lubrifiants \u2014 D\u00e9termination des caract\u00e9ristiques antirouille des graisses lubrifiantes. Partie 1: Conditions dynamiques humides  Afin de pouvoir distinguer les bonnes graisses antirouille des mauvaises et recommander la meilleure pour ses propres roulements, SKF a d\u00e9velopp\u00e9 il y a de nombreuses ann\u00e9es le banc d'essai de graisse EMCOR.  Le but du test est de mesurer la capacit\u00e9 d'une graisse \u00e0 prot\u00e9ger un roulement contre la corrosion, m\u00eame en pr\u00e9sence d'eau. Avec le banc d'essai de graisse SKF EMCOR, cela se fait de mani\u00e8re dynamique, c'est-\u00e0-dire que les graisses sont test\u00e9es pendant que les roulements sont en mouvement et \u00e0 l'arr\u00eat. Cela signifie que le mince film d'huile restant dans la zone de contact des roulements doit \u00eatre capable de prot\u00e9ger les roulements contre la corrosion.  T\u00e9l\u00e9charger la brochure produit : Testeur de graisse SKF EMCOR","og_url":"https:\/\/webdesi-gn.fr\/dev_deltalabo\/produits\/cat-produit\/testeur-de-graisse-skf-emcor\/","og_site_name":"DeltaLabo","article_modified_time":"2025-11-24T12:41:21+00:00","og_image":[{"width":465,"height":310,"url":"https:\/\/webdesi-gn.fr\/dev_deltalabo\/wp-content\/uploads\/2025\/07\/DELTA-LABO-banc-dessai-de-graisse-EMCOR.jpg","type":"image\/jpeg"}],"twitter_card":"summary_large_image","twitter_misc":{"Dur\u00e9e de lecture estim\u00e9e":"1 minute"},"schema":{"@context":"https:\/\/schema.org","@graph":[{"@type":"WebPage","@id":"https:\/\/webdesi-gn.fr\/dev_deltalabo\/produits\/cat-produit\/testeur-de-graisse-skf-emcor\/","url":"https:\/\/webdesi-gn.fr\/dev_deltalabo\/produits\/cat-produit\/testeur-de-graisse-skf-emcor\/","name":"Testeur de graisse SKF EMCOR | DeltaLabo","isPartOf":{"@id":"https:\/\/webdesi-gn.fr\/dev_deltalabo\/#website"},"primaryImageOfPage":{"@id":"https:\/\/webdesi-gn.fr\/dev_deltalabo\/produits\/cat-produit\/testeur-de-graisse-skf-emcor\/#primaryimage"},"image":{"@id":"https:\/\/webdesi-gn.fr\/dev_deltalabo\/produits\/cat-produit\/testeur-de-graisse-skf-emcor\/#primaryimage"},"thumbnailUrl":"https:\/\/webdesi-gn.fr\/dev_deltalabo\/wp-content\/uploads\/2025\/11\/DELTA-LABO-banc-dessai-de-graisse-EMCOR.jpg","datePublished":"2025-07-08T14:17:14+00:00","dateModified":"2025-11-24T12:41:21+00:00","breadcrumb":{"@id":"https:\/\/webdesi-gn.fr\/dev_deltalabo\/produits\/cat-produit\/testeur-de-graisse-skf-emcor\/#breadcrumb"},"inLanguage":"fr-FR","potentialAction":[{"@type":"ReadAction","target":["https:\/\/webdesi-gn.fr\/dev_deltalabo\/produits\/cat-produit\/testeur-de-graisse-skf-emcor\/"]}]},{"@type":"ImageObject","inLanguage":"fr-FR","@id":"https:\/\/webdesi-gn.fr\/dev_deltalabo\/produits\/cat-produit\/testeur-de-graisse-skf-emcor\/#primaryimage","url":"https:\/\/webdesi-gn.fr\/dev_deltalabo\/wp-content\/uploads\/2025\/11\/DELTA-LABO-banc-dessai-de-graisse-EMCOR.jpg","contentUrl":"https:\/\/webdesi-gn.fr\/dev_deltalabo\/wp-content\/uploads\/2025\/11\/DELTA-LABO-banc-dessai-de-graisse-EMCOR.jpg","width":465,"height":310},{"@type":"BreadcrumbList","@id":"https:\/\/webdesi-gn.fr\/dev_deltalabo\/produits\/cat-produit\/testeur-de-graisse-skf-emcor\/#breadcrumb","itemListElement":[{"@type":"ListItem","position":1,"name":"Accueil","item":"https:\/\/webdesi-gn.fr\/dev_deltalabo\/"},{"@type":"ListItem","position":2,"name":"Produits","item":"https:\/\/webdesi-gn.fr\/dev_deltalabo\/produits\/"},{"@type":"ListItem","position":3,"name":"Testeur de graisse SKF EMCOR"}]},{"@type":"WebSite","@id":"https:\/\/webdesi-gn.fr\/dev_deltalabo\/#website","url":"https:\/\/webdesi-gn.fr\/dev_deltalabo\/","name":"Delta Labo","description":"Un site utilisant WordPress","publisher":{"@id":"https:\/\/webdesi-gn.fr\/dev_deltalabo\/#organization"},"alternateName":"Delta Labo","potentialAction":[{"@type":"SearchAction","target":{"@type":"EntryPoint","urlTemplate":"https:\/\/webdesi-gn.fr\/dev_deltalabo\/?s={search_term_string}"},"query-input":{"@type":"PropertyValueSpecification","valueRequired":true,"valueName":"search_term_string"}}],"inLanguage":"fr-FR"},{"@type":"Organization","@id":"https:\/\/webdesi-gn.fr\/dev_deltalabo\/#organization","name":"DeltaLabo","url":"https:\/\/webdesi-gn.fr\/dev_deltalabo\/","logo":{"@type":"ImageObject","inLanguage":"fr-FR","@id":"https:\/\/webdesi-gn.fr\/dev_deltalabo\/#\/schema\/logo\/image\/","url":"https:\/\/webdesi-gn.fr\/dev_deltalabo\/wp-content\/uploads\/2022\/07\/logo-deltalabo.png","contentUrl":"https:\/\/webdesi-gn.fr\/dev_deltalabo\/wp-content\/uploads\/2022\/07\/logo-deltalabo.png","width":694,"height":306,"caption":"DeltaLabo"},"image":{"@id":"https:\/\/webdesi-gn.fr\/dev_deltalabo\/#\/schema\/logo\/image\/"}}]}},"_links":{"self":[{"href":"https:\/\/webdesi-gn.fr\/dev_deltalabo\/wp-json\/wp\/v2\/product\/260831","targetHints":{"allow":["GET"]}}],"collection":[{"href":"https:\/\/webdesi-gn.fr\/dev_deltalabo\/wp-json\/wp\/v2\/product"}],"about":[{"href":"https:\/\/webdesi-gn.fr\/dev_deltalabo\/wp-json\/wp\/v2\/types\/product"}],"wp:featuredmedia":[{"embeddable":true,"href":"https:\/\/webdesi-gn.fr\/dev_deltalabo\/wp-json\/wp\/v2\/media\/261916"}],"wp:attachment":[{"href":"https:\/\/webdesi-gn.fr\/dev_deltalabo\/wp-json\/wp\/v2\/media?parent=260831"}],"wp:term":[{"taxonomy":"domaine","embeddable":true,"href":"https:\/\/webdesi-gn.fr\/dev_deltalabo\/wp-json\/wp\/v2\/domaine?post=260831"},{"taxonomy":"normes","embeddable":true,"href":"https:\/\/webdesi-gn.fr\/dev_deltalabo\/wp-json\/wp\/v2\/normes?post=260831"},{"taxonomy":"product_brand","embeddable":true,"href":"https:\/\/webdesi-gn.fr\/dev_deltalabo\/wp-json\/wp\/v2\/product_brand?post=260831"},{"taxonomy":"product_cat","embeddable":true,"href":"https:\/\/webdesi-gn.fr\/dev_deltalabo\/wp-json\/wp\/v2\/product_cat?post=260831"},{"taxonomy":"product_tag","embeddable":true,"href":"https:\/\/webdesi-gn.fr\/dev_deltalabo\/wp-json\/wp\/v2\/product_tag?post=260831"}],"curies":[{"name":"wp","href":"https:\/\/api.w.org\/{rel}","templated":true}]}}