{"id":260843,"date":"2025-07-09T10:55:25","date_gmt":"2025-07-09T08:55:25","guid":{"rendered":"https:\/\/webdesi-gn.fr\/dev_deltalabo\/?post_type=product&#038;p=260843"},"modified":"2025-11-24T15:52:58","modified_gmt":"2025-11-24T14:52:58","slug":"bain-anti-corrosion-seta-copper-corrosion-block-bath-11308-0-stanhope-seta","status":"publish","type":"product","link":"https:\/\/webdesi-gn.fr\/dev_deltalabo\/produits\/cat-produit\/bain-anti-corrosion-seta-copper-corrosion-block-bath-11308-0-stanhope-seta\/","title":{"rendered":"Bain pour test de corrosion cuivre Seta Copper Corrosion Block Bath &#8211; 11308-0"},"content":{"rendered":"","protected":false},"excerpt":{"rendered":"<p><strong>Bain pour test de corrosion cuivre Seta Copper Corrosion Block Bath &#8211; 11308-0 :\u00a0<\/strong><\/p>\n<p>Le bain pour test de corrosion cuivre Seta Copper Corrosion Black Bath &#8211; 11308-0 est un bain chauffant de pr\u00e9cision, contr\u00f4l\u00e9 par un processeur et con\u00e7u pour recevoir des tubes d&rsquo;essai de corrosion du cuivre.<\/p>\n<p>Il est conforme aux normes suivantes : ASTM D130, ASTM D4814, IP 154, BS EN ISO 2160 &amp; BS 2000-154 &amp; ISO 2160.<\/p>\n<p>Caract\u00e9ristiques :<\/p>\n<ul>\n<li>Convient pour quatre tubes \u00e0 essai de 25 mm de diam\u00e8tre ext\u00e9rieur<\/li>\n<li>Temps de chauffage rapide<\/li>\n<li>Pr\u00e9cision de \u00b10,1\u00b0C \u00e0 150\u00b0C<\/li>\n<li>Minuterie de fonction pour le d\u00e9marrage\/arr\u00eat diff\u00e9r\u00e9 (1 min &#8211; 72 heures)<\/li>\n<\/ul>\n<p><strong>T\u00e9l\u00e9charger la brochure produit :<\/strong> <a href=\"https:\/\/www.deltalabo.fr\/wp-content\/uploads\/2025\/07\/11308-0_Copper_Corrosion-dry-_Block_Bath-engl-DL.pdf\">Seta Copper Corrosion Block Bath &#8211; Stanhope Seta &#8211; 11308-0<\/a><\/p>\n","protected":false},"featured_media":261914,"template":"","meta":{"_acf_changed":false,"site-sidebar-layout":"default","site-content-layout":"","ast-site-content-layout":"default","site-content-style":"default","site-sidebar-style":"default","ast-global-header-display":"","ast-banner-title-visibility":"","ast-main-header-display":"","ast-hfb-above-header-display":"","ast-hfb-below-header-display":"","ast-hfb-mobile-header-display":"","site-post-title":"","ast-breadcrumbs-content":"","ast-featured-img":"","footer-sml-layout":"","ast-disable-related-posts":"","theme-transparent-header-meta":"default","adv-header-id-meta":"","stick-header-meta":"","header-above-stick-meta":"","header-main-stick-meta":"","header-below-stick-meta":"","astra-migrate-meta-layouts":"set","ast-page-background-enabled":"default","ast-page-background-meta":{"desktop":{"background-color":"var(--ast-global-color-5)","background-image":"","background-repeat":"repeat","background-position":"center center","background-size":"auto","background-attachment":"scroll","background-type":"","background-media":"","overlay-type":"","overlay-color":"","overlay-opacity":"","overlay-gradient":""},"tablet":{"background-color":"","background-image":"","background-repeat":"repeat","background-position":"center center","background-size":"auto","background-attachment":"scroll","background-type":"","background-media":"","overlay-type":"","overlay-color":"","overlay-opacity":"","overlay-gradient":""},"mobile":{"background-color":"","background-image":"","background-repeat":"repeat","background-position":"center center","background-size":"auto","background-attachment":"scroll","background-type":"","background-media":"","overlay-type":"","overlay-color":"","overlay-opacity":"","overlay-gradient":""}},"ast-content-background-meta":{"desktop":{"background-color":"var(--ast-global-color-4)","background-image":"","background-repeat":"repeat","background-position":"center center","background-size":"auto","background-attachment":"scroll","background-type":"","background-media":"","overlay-type":"","overlay-color":"","overlay-opacity":"","overlay-gradient":""},"tablet":{"background-color":"var(--ast-global-color-4)","background-image":"","background-repeat":"repeat","background-position":"center center","background-size":"auto","background-attachment":"scroll","background-type":"","background-media":"","overlay-type":"","overlay-color":"","overlay-opacity":"","overlay-gradient":""},"mobile":{"background-color":"var(--ast-global-color-4)","background-image":"","background-repeat":"repeat","background-position":"center center","background-size":"auto","background-attachment":"scroll","background-type":"","background-media":"","overlay-type":"","overlay-color":"","overlay-opacity":"","overlay-gradient":""}}},"domaine":[],"normes":[3296,3340,17135,17174,17102,478],"product_brand":[],"product_cat":[15],"product_tag":[],"class_list":{"0":"post-260843","1":"product","2":"type-product","3":"status-publish","4":"has-post-thumbnail","6":"normes-d130","7":"normes-d4814","8":"normes-din-51562","9":"normes-ip-154","10":"normes-iso-2160","11":"normes-normes-ip","12":"product_cat-cat-produit","13":"desktop-align-left","14":"tablet-align-left","15":"mobile-align-left","17":"first","18":"instock","19":"shipping-taxable","20":"product-type-simple"},"acf":[],"yoast_head":"<!-- This site is optimized with the Yoast SEO plugin v27.4 - https:\/\/yoast.com\/product\/yoast-seo-wordpress\/ -->\n<title>Bain pour test de corrosion cuivre Seta Copper Corrosion Block Bath - 11308-0 | DeltaLabo<\/title>\n<meta name=\"robots\" content=\"noindex, follow, max-snippet:-1, max-image-preview:large, max-video-preview:-1\" \/>\n<meta property=\"og:locale\" content=\"fr_FR\" \/>\n<meta property=\"og:type\" content=\"article\" \/>\n<meta property=\"og:title\" content=\"Bain pour test de corrosion cuivre Seta Copper Corrosion Block Bath - 11308-0 | DeltaLabo\" \/>\n<meta property=\"og:description\" content=\"Bain pour test de corrosion cuivre Seta Copper Corrosion Block Bath - 11308-0 :\u00a0  Le bain pour test de corrosion cuivre Seta Copper Corrosion Black Bath - 11308-0 est un bain chauffant de pr\u00e9cision, contr\u00f4l\u00e9 par un processeur et con\u00e7u pour recevoir des tubes d&#039;essai de corrosion du cuivre.  Il est conforme aux normes suivantes : ASTM D130, ASTM D4814, IP 154, BS EN ISO 2160 &amp; BS 2000-154 &amp; ISO 2160.  Caract\u00e9ristiques :   Convient pour quatre tubes \u00e0 essai de 25 mm de diam\u00e8tre ext\u00e9rieur  Temps de chauffage rapide  Pr\u00e9cision de \u00b10,1\u00b0C \u00e0 150\u00b0C  Minuterie de fonction pour le d\u00e9marrage\/arr\u00eat diff\u00e9r\u00e9 (1 min - 72 heures)  T\u00e9l\u00e9charger la brochure produit : Seta Copper Corrosion Block Bath - Stanhope Seta - 11308-0\" \/>\n<meta property=\"og:url\" content=\"https:\/\/webdesi-gn.fr\/dev_deltalabo\/produits\/astm-d4814\/bain-anti-corrosion-seta-copper-corrosion-block-bath-11308-0-stanhope-seta\/\" \/>\n<meta property=\"og:site_name\" content=\"DeltaLabo\" \/>\n<meta property=\"article:modified_time\" content=\"2025-11-24T14:52:58+00:00\" \/>\n<meta property=\"og:image\" content=\"https:\/\/webdesi-gn.fr\/dev_deltalabo\/wp-content\/uploads\/2025\/11\/DELTA-LABO-Seta-copper-corrosion-block-bath.jpg\" \/>\n\t<meta property=\"og:image:width\" content=\"500\" \/>\n\t<meta property=\"og:image:height\" content=\"500\" \/>\n\t<meta property=\"og:image:type\" content=\"image\/jpeg\" \/>\n<meta name=\"twitter:card\" content=\"summary_large_image\" \/>\n<meta name=\"twitter:label1\" content=\"Dur\u00e9e de lecture estim\u00e9e\" \/>\n\t<meta name=\"twitter:data1\" content=\"1 minute\" \/>\n<script type=\"application\/ld+json\" class=\"yoast-schema-graph\">{\"@context\":\"https:\\\/\\\/schema.org\",\"@graph\":[{\"@type\":\"WebPage\",\"@id\":\"https:\\\/\\\/webdesi-gn.fr\\\/dev_deltalabo\\\/produits\\\/astm-d4814\\\/bain-anti-corrosion-seta-copper-corrosion-block-bath-11308-0-stanhope-seta\\\/\",\"url\":\"https:\\\/\\\/webdesi-gn.fr\\\/dev_deltalabo\\\/produits\\\/astm-d4814\\\/bain-anti-corrosion-seta-copper-corrosion-block-bath-11308-0-stanhope-seta\\\/\",\"name\":\"Bain pour test de corrosion cuivre Seta Copper Corrosion Block Bath - 11308-0 | DeltaLabo\",\"isPartOf\":{\"@id\":\"https:\\\/\\\/webdesi-gn.fr\\\/dev_deltalabo\\\/#website\"},\"primaryImageOfPage\":{\"@id\":\"https:\\\/\\\/webdesi-gn.fr\\\/dev_deltalabo\\\/produits\\\/astm-d4814\\\/bain-anti-corrosion-seta-copper-corrosion-block-bath-11308-0-stanhope-seta\\\/#primaryimage\"},\"image\":{\"@id\":\"https:\\\/\\\/webdesi-gn.fr\\\/dev_deltalabo\\\/produits\\\/astm-d4814\\\/bain-anti-corrosion-seta-copper-corrosion-block-bath-11308-0-stanhope-seta\\\/#primaryimage\"},\"thumbnailUrl\":\"https:\\\/\\\/webdesi-gn.fr\\\/dev_deltalabo\\\/wp-content\\\/uploads\\\/2025\\\/11\\\/DELTA-LABO-Seta-copper-corrosion-block-bath.jpg\",\"datePublished\":\"2025-07-09T08:55:25+00:00\",\"dateModified\":\"2025-11-24T14:52:58+00:00\",\"breadcrumb\":{\"@id\":\"https:\\\/\\\/webdesi-gn.fr\\\/dev_deltalabo\\\/produits\\\/astm-d4814\\\/bain-anti-corrosion-seta-copper-corrosion-block-bath-11308-0-stanhope-seta\\\/#breadcrumb\"},\"inLanguage\":\"fr-FR\",\"potentialAction\":[{\"@type\":\"ReadAction\",\"target\":[\"https:\\\/\\\/webdesi-gn.fr\\\/dev_deltalabo\\\/produits\\\/astm-d4814\\\/bain-anti-corrosion-seta-copper-corrosion-block-bath-11308-0-stanhope-seta\\\/\"]}]},{\"@type\":\"ImageObject\",\"inLanguage\":\"fr-FR\",\"@id\":\"https:\\\/\\\/webdesi-gn.fr\\\/dev_deltalabo\\\/produits\\\/astm-d4814\\\/bain-anti-corrosion-seta-copper-corrosion-block-bath-11308-0-stanhope-seta\\\/#primaryimage\",\"url\":\"https:\\\/\\\/webdesi-gn.fr\\\/dev_deltalabo\\\/wp-content\\\/uploads\\\/2025\\\/11\\\/DELTA-LABO-Seta-copper-corrosion-block-bath.jpg\",\"contentUrl\":\"https:\\\/\\\/webdesi-gn.fr\\\/dev_deltalabo\\\/wp-content\\\/uploads\\\/2025\\\/11\\\/DELTA-LABO-Seta-copper-corrosion-block-bath.jpg\",\"width\":500,\"height\":500},{\"@type\":\"BreadcrumbList\",\"@id\":\"https:\\\/\\\/webdesi-gn.fr\\\/dev_deltalabo\\\/produits\\\/astm-d4814\\\/bain-anti-corrosion-seta-copper-corrosion-block-bath-11308-0-stanhope-seta\\\/#breadcrumb\",\"itemListElement\":[{\"@type\":\"ListItem\",\"position\":1,\"name\":\"Accueil\",\"item\":\"https:\\\/\\\/webdesi-gn.fr\\\/dev_deltalabo\\\/\"},{\"@type\":\"ListItem\",\"position\":2,\"name\":\"Produits\",\"item\":\"https:\\\/\\\/webdesi-gn.fr\\\/dev_deltalabo\\\/produits\\\/\"},{\"@type\":\"ListItem\",\"position\":3,\"name\":\"Bain pour test de corrosion cuivre Seta Copper Corrosion Block Bath &#8211; 11308-0\"}]},{\"@type\":\"WebSite\",\"@id\":\"https:\\\/\\\/webdesi-gn.fr\\\/dev_deltalabo\\\/#website\",\"url\":\"https:\\\/\\\/webdesi-gn.fr\\\/dev_deltalabo\\\/\",\"name\":\"Delta Labo\",\"description\":\"Un site utilisant WordPress\",\"publisher\":{\"@id\":\"https:\\\/\\\/webdesi-gn.fr\\\/dev_deltalabo\\\/#organization\"},\"alternateName\":\"Delta Labo\",\"potentialAction\":[{\"@type\":\"SearchAction\",\"target\":{\"@type\":\"EntryPoint\",\"urlTemplate\":\"https:\\\/\\\/webdesi-gn.fr\\\/dev_deltalabo\\\/?s={search_term_string}\"},\"query-input\":{\"@type\":\"PropertyValueSpecification\",\"valueRequired\":true,\"valueName\":\"search_term_string\"}}],\"inLanguage\":\"fr-FR\"},{\"@type\":\"Organization\",\"@id\":\"https:\\\/\\\/webdesi-gn.fr\\\/dev_deltalabo\\\/#organization\",\"name\":\"DeltaLabo\",\"url\":\"https:\\\/\\\/webdesi-gn.fr\\\/dev_deltalabo\\\/\",\"logo\":{\"@type\":\"ImageObject\",\"inLanguage\":\"fr-FR\",\"@id\":\"https:\\\/\\\/webdesi-gn.fr\\\/dev_deltalabo\\\/#\\\/schema\\\/logo\\\/image\\\/\",\"url\":\"https:\\\/\\\/webdesi-gn.fr\\\/dev_deltalabo\\\/wp-content\\\/uploads\\\/2022\\\/07\\\/logo-deltalabo.png\",\"contentUrl\":\"https:\\\/\\\/webdesi-gn.fr\\\/dev_deltalabo\\\/wp-content\\\/uploads\\\/2022\\\/07\\\/logo-deltalabo.png\",\"width\":694,\"height\":306,\"caption\":\"DeltaLabo\"},\"image\":{\"@id\":\"https:\\\/\\\/webdesi-gn.fr\\\/dev_deltalabo\\\/#\\\/schema\\\/logo\\\/image\\\/\"}}]}<\/script>\n<!-- \/ Yoast SEO plugin. -->","yoast_head_json":{"title":"Bain pour test de corrosion cuivre Seta Copper Corrosion Block Bath - 11308-0 | DeltaLabo","robots":{"index":"noindex","follow":"follow","max-snippet":"max-snippet:-1","max-image-preview":"max-image-preview:large","max-video-preview":"max-video-preview:-1"},"og_locale":"fr_FR","og_type":"article","og_title":"Bain pour test de corrosion cuivre Seta Copper Corrosion Block Bath - 11308-0 | DeltaLabo","og_description":"Bain pour test de corrosion cuivre Seta Copper Corrosion Block Bath - 11308-0 :\u00a0  Le bain pour test de corrosion cuivre Seta Copper Corrosion Black Bath - 11308-0 est un bain chauffant de pr\u00e9cision, contr\u00f4l\u00e9 par un processeur et con\u00e7u pour recevoir des tubes d'essai de corrosion du cuivre.  Il est conforme aux normes suivantes : ASTM D130, ASTM D4814, IP 154, BS EN ISO 2160 &amp; BS 2000-154 &amp; ISO 2160.  Caract\u00e9ristiques :   Convient pour quatre tubes \u00e0 essai de 25 mm de diam\u00e8tre ext\u00e9rieur  Temps de chauffage rapide  Pr\u00e9cision de \u00b10,1\u00b0C \u00e0 150\u00b0C  Minuterie de fonction pour le d\u00e9marrage\/arr\u00eat diff\u00e9r\u00e9 (1 min - 72 heures)  T\u00e9l\u00e9charger la brochure produit : Seta Copper Corrosion Block Bath - Stanhope Seta - 11308-0","og_url":"https:\/\/webdesi-gn.fr\/dev_deltalabo\/produits\/astm-d4814\/bain-anti-corrosion-seta-copper-corrosion-block-bath-11308-0-stanhope-seta\/","og_site_name":"DeltaLabo","article_modified_time":"2025-11-24T14:52:58+00:00","og_image":[{"width":500,"height":500,"url":"https:\/\/webdesi-gn.fr\/dev_deltalabo\/wp-content\/uploads\/2025\/11\/DELTA-LABO-Seta-copper-corrosion-block-bath.jpg","type":"image\/jpeg"}],"twitter_card":"summary_large_image","twitter_misc":{"Dur\u00e9e de lecture estim\u00e9e":"1 minute"},"schema":{"@context":"https:\/\/schema.org","@graph":[{"@type":"WebPage","@id":"https:\/\/webdesi-gn.fr\/dev_deltalabo\/produits\/astm-d4814\/bain-anti-corrosion-seta-copper-corrosion-block-bath-11308-0-stanhope-seta\/","url":"https:\/\/webdesi-gn.fr\/dev_deltalabo\/produits\/astm-d4814\/bain-anti-corrosion-seta-copper-corrosion-block-bath-11308-0-stanhope-seta\/","name":"Bain pour test de corrosion cuivre Seta Copper Corrosion Block Bath - 11308-0 | DeltaLabo","isPartOf":{"@id":"https:\/\/webdesi-gn.fr\/dev_deltalabo\/#website"},"primaryImageOfPage":{"@id":"https:\/\/webdesi-gn.fr\/dev_deltalabo\/produits\/astm-d4814\/bain-anti-corrosion-seta-copper-corrosion-block-bath-11308-0-stanhope-seta\/#primaryimage"},"image":{"@id":"https:\/\/webdesi-gn.fr\/dev_deltalabo\/produits\/astm-d4814\/bain-anti-corrosion-seta-copper-corrosion-block-bath-11308-0-stanhope-seta\/#primaryimage"},"thumbnailUrl":"https:\/\/webdesi-gn.fr\/dev_deltalabo\/wp-content\/uploads\/2025\/11\/DELTA-LABO-Seta-copper-corrosion-block-bath.jpg","datePublished":"2025-07-09T08:55:25+00:00","dateModified":"2025-11-24T14:52:58+00:00","breadcrumb":{"@id":"https:\/\/webdesi-gn.fr\/dev_deltalabo\/produits\/astm-d4814\/bain-anti-corrosion-seta-copper-corrosion-block-bath-11308-0-stanhope-seta\/#breadcrumb"},"inLanguage":"fr-FR","potentialAction":[{"@type":"ReadAction","target":["https:\/\/webdesi-gn.fr\/dev_deltalabo\/produits\/astm-d4814\/bain-anti-corrosion-seta-copper-corrosion-block-bath-11308-0-stanhope-seta\/"]}]},{"@type":"ImageObject","inLanguage":"fr-FR","@id":"https:\/\/webdesi-gn.fr\/dev_deltalabo\/produits\/astm-d4814\/bain-anti-corrosion-seta-copper-corrosion-block-bath-11308-0-stanhope-seta\/#primaryimage","url":"https:\/\/webdesi-gn.fr\/dev_deltalabo\/wp-content\/uploads\/2025\/11\/DELTA-LABO-Seta-copper-corrosion-block-bath.jpg","contentUrl":"https:\/\/webdesi-gn.fr\/dev_deltalabo\/wp-content\/uploads\/2025\/11\/DELTA-LABO-Seta-copper-corrosion-block-bath.jpg","width":500,"height":500},{"@type":"BreadcrumbList","@id":"https:\/\/webdesi-gn.fr\/dev_deltalabo\/produits\/astm-d4814\/bain-anti-corrosion-seta-copper-corrosion-block-bath-11308-0-stanhope-seta\/#breadcrumb","itemListElement":[{"@type":"ListItem","position":1,"name":"Accueil","item":"https:\/\/webdesi-gn.fr\/dev_deltalabo\/"},{"@type":"ListItem","position":2,"name":"Produits","item":"https:\/\/webdesi-gn.fr\/dev_deltalabo\/produits\/"},{"@type":"ListItem","position":3,"name":"Bain pour test de corrosion cuivre Seta Copper Corrosion Block Bath &#8211; 11308-0"}]},{"@type":"WebSite","@id":"https:\/\/webdesi-gn.fr\/dev_deltalabo\/#website","url":"https:\/\/webdesi-gn.fr\/dev_deltalabo\/","name":"Delta Labo","description":"Un site utilisant WordPress","publisher":{"@id":"https:\/\/webdesi-gn.fr\/dev_deltalabo\/#organization"},"alternateName":"Delta Labo","potentialAction":[{"@type":"SearchAction","target":{"@type":"EntryPoint","urlTemplate":"https:\/\/webdesi-gn.fr\/dev_deltalabo\/?s={search_term_string}"},"query-input":{"@type":"PropertyValueSpecification","valueRequired":true,"valueName":"search_term_string"}}],"inLanguage":"fr-FR"},{"@type":"Organization","@id":"https:\/\/webdesi-gn.fr\/dev_deltalabo\/#organization","name":"DeltaLabo","url":"https:\/\/webdesi-gn.fr\/dev_deltalabo\/","logo":{"@type":"ImageObject","inLanguage":"fr-FR","@id":"https:\/\/webdesi-gn.fr\/dev_deltalabo\/#\/schema\/logo\/image\/","url":"https:\/\/webdesi-gn.fr\/dev_deltalabo\/wp-content\/uploads\/2022\/07\/logo-deltalabo.png","contentUrl":"https:\/\/webdesi-gn.fr\/dev_deltalabo\/wp-content\/uploads\/2022\/07\/logo-deltalabo.png","width":694,"height":306,"caption":"DeltaLabo"},"image":{"@id":"https:\/\/webdesi-gn.fr\/dev_deltalabo\/#\/schema\/logo\/image\/"}}]}},"_links":{"self":[{"href":"https:\/\/webdesi-gn.fr\/dev_deltalabo\/wp-json\/wp\/v2\/product\/260843","targetHints":{"allow":["GET"]}}],"collection":[{"href":"https:\/\/webdesi-gn.fr\/dev_deltalabo\/wp-json\/wp\/v2\/product"}],"about":[{"href":"https:\/\/webdesi-gn.fr\/dev_deltalabo\/wp-json\/wp\/v2\/types\/product"}],"wp:featuredmedia":[{"embeddable":true,"href":"https:\/\/webdesi-gn.fr\/dev_deltalabo\/wp-json\/wp\/v2\/media\/261914"}],"wp:attachment":[{"href":"https:\/\/webdesi-gn.fr\/dev_deltalabo\/wp-json\/wp\/v2\/media?parent=260843"}],"wp:term":[{"taxonomy":"domaine","embeddable":true,"href":"https:\/\/webdesi-gn.fr\/dev_deltalabo\/wp-json\/wp\/v2\/domaine?post=260843"},{"taxonomy":"normes","embeddable":true,"href":"https:\/\/webdesi-gn.fr\/dev_deltalabo\/wp-json\/wp\/v2\/normes?post=260843"},{"taxonomy":"product_brand","embeddable":true,"href":"https:\/\/webdesi-gn.fr\/dev_deltalabo\/wp-json\/wp\/v2\/product_brand?post=260843"},{"taxonomy":"product_cat","embeddable":true,"href":"https:\/\/webdesi-gn.fr\/dev_deltalabo\/wp-json\/wp\/v2\/product_cat?post=260843"},{"taxonomy":"product_tag","embeddable":true,"href":"https:\/\/webdesi-gn.fr\/dev_deltalabo\/wp-json\/wp\/v2\/product_tag?post=260843"}],"curies":[{"name":"wp","href":"https:\/\/api.w.org\/{rel}","templated":true}]}}