{"id":262384,"date":"2025-11-24T15:06:35","date_gmt":"2025-11-24T14:06:35","guid":{"rendered":"https:\/\/webdesi-gn.fr\/dev_deltalabo\/?post_type=product&#038;p=262384"},"modified":"2025-11-24T15:42:46","modified_gmt":"2025-11-24T14:42:46","slug":"distillateur-manuel-setastill-stanhope-seta-11860-3","status":"publish","type":"product","link":"https:\/\/webdesi-gn.fr\/dev_deltalabo\/produits\/categories\/distillateur-manuel-setastill-stanhope-seta-11860-3\/","title":{"rendered":"Distillateur manuel Setastill STANHOPE SETA &#8211; 11860-3"},"content":{"rendered":"","protected":false},"excerpt":{"rendered":"<p><strong>Distillateur manuel Setastill STANHOPE SETA &#8211; 11860-3<\/strong><\/p>\n<p>Le distillateur manuel Setastill STANHOPE SETA &#8211; 11860-3 est un instrument de table utilis\u00e9 pour effectuer la distillation atmosph\u00e9rique de produits p\u00e9troliers et de combustibles liquides afin de d\u00e9terminer les caract\u00e9ristiques de la plage d&rsquo;\u00e9bullition.<\/p>\n<p>Il peut distiller des \u00e9chantillons \u00e0 partir de la temp\u00e9rature ambiante jusqu&rsquo;\u00e0 400\u00b0C et se compose d&rsquo;une enceinte de distillation chauff\u00e9e \u00e9lectriquement avec un ventilateur de refroidissement et un condenseur int\u00e9gr\u00e9 de 7,2 litres.<\/p>\n<p>L&rsquo;enceinte de distillation en acier abrite le ballon de distillation qui est soutenu par un support en c\u00e9ramique (accessoire) mont\u00e9 sur une plate-forme r\u00e9glable en hauteur.<\/p>\n<p>Le distillateur manuel Setastill STANHOPE SETA &#8211; 11860-3 est conforme aux normes ASTM D86, ASTM D850, ASTM D1078, ASTM E133, IP 123, IP 191, IP 195, EN 3405 et ISO 198.<\/p>\n<p><strong>T\u00e9l\u00e9charger la brochure produit :<\/strong> <a href=\"https:\/\/www.deltalabo.fr\/wp-content\/uploads\/2025\/11\/Doc-distillateurs-manuels-Stanhope-eng-DL.pdf\">Distillateur manuel Setastill STANHOPE SETA &#8211; 11860-3<\/a><\/p>\n","protected":false},"featured_media":262420,"template":"","meta":{"_acf_changed":false,"site-sidebar-layout":"default","site-content-layout":"","ast-site-content-layout":"default","site-content-style":"default","site-sidebar-style":"default","ast-global-header-display":"","ast-banner-title-visibility":"","ast-main-header-display":"","ast-hfb-above-header-display":"","ast-hfb-below-header-display":"","ast-hfb-mobile-header-display":"","site-post-title":"","ast-breadcrumbs-content":"","ast-featured-img":"","footer-sml-layout":"","ast-disable-related-posts":"","theme-transparent-header-meta":"default","adv-header-id-meta":"","stick-header-meta":"","header-above-stick-meta":"","header-main-stick-meta":"","header-below-stick-meta":"","astra-migrate-meta-layouts":"set","ast-page-background-enabled":"default","ast-page-background-meta":{"desktop":{"background-color":"var(--ast-global-color-5)","background-image":"","background-repeat":"repeat","background-position":"center center","background-size":"auto","background-attachment":"scroll","background-type":"","background-media":"","overlay-type":"","overlay-color":"","overlay-opacity":"","overlay-gradient":""},"tablet":{"background-color":"","background-image":"","background-repeat":"repeat","background-position":"center center","background-size":"auto","background-attachment":"scroll","background-type":"","background-media":"","overlay-type":"","overlay-color":"","overlay-opacity":"","overlay-gradient":""},"mobile":{"background-color":"","background-image":"","background-repeat":"repeat","background-position":"center center","background-size":"auto","background-attachment":"scroll","background-type":"","background-media":"","overlay-type":"","overlay-color":"","overlay-opacity":"","overlay-gradient":""}},"ast-content-background-meta":{"desktop":{"background-color":"var(--ast-global-color-4)","background-image":"","background-repeat":"repeat","background-position":"center center","background-size":"auto","background-attachment":"scroll","background-type":"","background-media":"","overlay-type":"","overlay-color":"","overlay-opacity":"","overlay-gradient":""},"tablet":{"background-color":"var(--ast-global-color-4)","background-image":"","background-repeat":"repeat","background-position":"center center","background-size":"auto","background-attachment":"scroll","background-type":"","background-media":"","overlay-type":"","overlay-color":"","overlay-opacity":"","overlay-gradient":""},"mobile":{"background-color":"var(--ast-global-color-4)","background-image":"","background-repeat":"repeat","background-position":"center center","background-size":"auto","background-attachment":"scroll","background-type":"","background-media":"","overlay-type":"","overlay-color":"","overlay-opacity":"","overlay-gradient":""}}},"domaine":[],"normes":[3289],"product_brand":[],"product_cat":[17240],"product_tag":[],"class_list":{"0":"post-262384","1":"product","2":"type-product","3":"status-publish","4":"has-post-thumbnail","6":"normes-d1078","7":"product_cat-categories","8":"desktop-align-left","9":"tablet-align-left","10":"mobile-align-left","12":"first","13":"instock","14":"shipping-taxable","15":"product-type-simple"},"acf":[],"yoast_head":"<!-- This site is optimized with the Yoast SEO plugin v27.4 - https:\/\/yoast.com\/product\/yoast-seo-wordpress\/ -->\n<title>Distillateur manuel Setastill STANHOPE SETA - 11860-3 | DeltaLabo<\/title>\n<meta name=\"robots\" content=\"noindex, follow, max-snippet:-1, max-image-preview:large, max-video-preview:-1\" \/>\n<meta property=\"og:locale\" content=\"fr_FR\" \/>\n<meta property=\"og:type\" content=\"article\" \/>\n<meta property=\"og:title\" content=\"Distillateur manuel Setastill STANHOPE SETA - 11860-3 | DeltaLabo\" \/>\n<meta property=\"og:description\" content=\"Distillateur manuel Setastill STANHOPE SETA - 11860-3  Le distillateur manuel Setastill STANHOPE SETA - 11860-3 est un instrument de table utilis\u00e9 pour effectuer la distillation atmosph\u00e9rique de produits p\u00e9troliers et de combustibles liquides afin de d\u00e9terminer les caract\u00e9ristiques de la plage d&#039;\u00e9bullition.  Il peut distiller des \u00e9chantillons \u00e0 partir de la temp\u00e9rature ambiante jusqu&#039;\u00e0 400\u00b0C et se compose d&#039;une enceinte de distillation chauff\u00e9e \u00e9lectriquement avec un ventilateur de refroidissement et un condenseur int\u00e9gr\u00e9 de 7,2 litres.  L&#039;enceinte de distillation en acier abrite le ballon de distillation qui est soutenu par un support en c\u00e9ramique (accessoire) mont\u00e9 sur une plate-forme r\u00e9glable en hauteur.  Le distillateur manuel Setastill STANHOPE SETA - 11860-3 est conforme aux normes ASTM D86, ASTM D850, ASTM D1078, ASTM E133, IP 123, IP 191, IP 195, EN 3405 et ISO 198.  T\u00e9l\u00e9charger la brochure produit : Distillateur manuel Setastill STANHOPE SETA - 11860-3\" \/>\n<meta property=\"og:url\" content=\"https:\/\/webdesi-gn.fr\/dev_deltalabo\/produits\/categories\/distillateur-manuel-setastill-stanhope-seta-11860-3\/\" \/>\n<meta property=\"og:site_name\" content=\"DeltaLabo\" \/>\n<meta property=\"article:modified_time\" content=\"2025-11-24T14:42:46+00:00\" \/>\n<meta property=\"og:image\" content=\"https:\/\/webdesi-gn.fr\/dev_deltalabo\/wp-content\/uploads\/2025\/11\/DELTA-LABO-11860-3_Setastill_Distillation.webp\" \/>\n\t<meta property=\"og:image:width\" content=\"800\" \/>\n\t<meta property=\"og:image:height\" content=\"800\" \/>\n\t<meta property=\"og:image:type\" content=\"image\/webp\" \/>\n<meta name=\"twitter:card\" content=\"summary_large_image\" \/>\n<meta name=\"twitter:label1\" content=\"Dur\u00e9e de lecture estim\u00e9e\" \/>\n\t<meta name=\"twitter:data1\" content=\"1 minute\" \/>\n<script type=\"application\/ld+json\" class=\"yoast-schema-graph\">{\"@context\":\"https:\\\/\\\/schema.org\",\"@graph\":[{\"@type\":\"WebPage\",\"@id\":\"https:\\\/\\\/webdesi-gn.fr\\\/dev_deltalabo\\\/produits\\\/categories\\\/distillateur-manuel-setastill-stanhope-seta-11860-3\\\/\",\"url\":\"https:\\\/\\\/webdesi-gn.fr\\\/dev_deltalabo\\\/produits\\\/categories\\\/distillateur-manuel-setastill-stanhope-seta-11860-3\\\/\",\"name\":\"Distillateur manuel Setastill STANHOPE SETA - 11860-3 | DeltaLabo\",\"isPartOf\":{\"@id\":\"https:\\\/\\\/webdesi-gn.fr\\\/dev_deltalabo\\\/#website\"},\"primaryImageOfPage\":{\"@id\":\"https:\\\/\\\/webdesi-gn.fr\\\/dev_deltalabo\\\/produits\\\/categories\\\/distillateur-manuel-setastill-stanhope-seta-11860-3\\\/#primaryimage\"},\"image\":{\"@id\":\"https:\\\/\\\/webdesi-gn.fr\\\/dev_deltalabo\\\/produits\\\/categories\\\/distillateur-manuel-setastill-stanhope-seta-11860-3\\\/#primaryimage\"},\"thumbnailUrl\":\"https:\\\/\\\/webdesi-gn.fr\\\/dev_deltalabo\\\/wp-content\\\/uploads\\\/2025\\\/11\\\/DELTA-LABO-11860-3_Setastill_Distillation.webp\",\"datePublished\":\"2025-11-24T14:06:35+00:00\",\"dateModified\":\"2025-11-24T14:42:46+00:00\",\"breadcrumb\":{\"@id\":\"https:\\\/\\\/webdesi-gn.fr\\\/dev_deltalabo\\\/produits\\\/categories\\\/distillateur-manuel-setastill-stanhope-seta-11860-3\\\/#breadcrumb\"},\"inLanguage\":\"fr-FR\",\"potentialAction\":[{\"@type\":\"ReadAction\",\"target\":[\"https:\\\/\\\/webdesi-gn.fr\\\/dev_deltalabo\\\/produits\\\/categories\\\/distillateur-manuel-setastill-stanhope-seta-11860-3\\\/\"]}]},{\"@type\":\"ImageObject\",\"inLanguage\":\"fr-FR\",\"@id\":\"https:\\\/\\\/webdesi-gn.fr\\\/dev_deltalabo\\\/produits\\\/categories\\\/distillateur-manuel-setastill-stanhope-seta-11860-3\\\/#primaryimage\",\"url\":\"https:\\\/\\\/webdesi-gn.fr\\\/dev_deltalabo\\\/wp-content\\\/uploads\\\/2025\\\/11\\\/DELTA-LABO-11860-3_Setastill_Distillation.webp\",\"contentUrl\":\"https:\\\/\\\/webdesi-gn.fr\\\/dev_deltalabo\\\/wp-content\\\/uploads\\\/2025\\\/11\\\/DELTA-LABO-11860-3_Setastill_Distillation.webp\",\"width\":800,\"height\":800},{\"@type\":\"BreadcrumbList\",\"@id\":\"https:\\\/\\\/webdesi-gn.fr\\\/dev_deltalabo\\\/produits\\\/categories\\\/distillateur-manuel-setastill-stanhope-seta-11860-3\\\/#breadcrumb\",\"itemListElement\":[{\"@type\":\"ListItem\",\"position\":1,\"name\":\"Accueil\",\"item\":\"https:\\\/\\\/webdesi-gn.fr\\\/dev_deltalabo\\\/\"},{\"@type\":\"ListItem\",\"position\":2,\"name\":\"Produits\",\"item\":\"https:\\\/\\\/webdesi-gn.fr\\\/dev_deltalabo\\\/produits\\\/\"},{\"@type\":\"ListItem\",\"position\":3,\"name\":\"Distillateur manuel Setastill STANHOPE SETA &#8211; 11860-3\"}]},{\"@type\":\"WebSite\",\"@id\":\"https:\\\/\\\/webdesi-gn.fr\\\/dev_deltalabo\\\/#website\",\"url\":\"https:\\\/\\\/webdesi-gn.fr\\\/dev_deltalabo\\\/\",\"name\":\"Delta Labo\",\"description\":\"Un site utilisant WordPress\",\"publisher\":{\"@id\":\"https:\\\/\\\/webdesi-gn.fr\\\/dev_deltalabo\\\/#organization\"},\"alternateName\":\"Delta Labo\",\"potentialAction\":[{\"@type\":\"SearchAction\",\"target\":{\"@type\":\"EntryPoint\",\"urlTemplate\":\"https:\\\/\\\/webdesi-gn.fr\\\/dev_deltalabo\\\/?s={search_term_string}\"},\"query-input\":{\"@type\":\"PropertyValueSpecification\",\"valueRequired\":true,\"valueName\":\"search_term_string\"}}],\"inLanguage\":\"fr-FR\"},{\"@type\":\"Organization\",\"@id\":\"https:\\\/\\\/webdesi-gn.fr\\\/dev_deltalabo\\\/#organization\",\"name\":\"DeltaLabo\",\"url\":\"https:\\\/\\\/webdesi-gn.fr\\\/dev_deltalabo\\\/\",\"logo\":{\"@type\":\"ImageObject\",\"inLanguage\":\"fr-FR\",\"@id\":\"https:\\\/\\\/webdesi-gn.fr\\\/dev_deltalabo\\\/#\\\/schema\\\/logo\\\/image\\\/\",\"url\":\"https:\\\/\\\/webdesi-gn.fr\\\/dev_deltalabo\\\/wp-content\\\/uploads\\\/2022\\\/07\\\/logo-deltalabo.png\",\"contentUrl\":\"https:\\\/\\\/webdesi-gn.fr\\\/dev_deltalabo\\\/wp-content\\\/uploads\\\/2022\\\/07\\\/logo-deltalabo.png\",\"width\":694,\"height\":306,\"caption\":\"DeltaLabo\"},\"image\":{\"@id\":\"https:\\\/\\\/webdesi-gn.fr\\\/dev_deltalabo\\\/#\\\/schema\\\/logo\\\/image\\\/\"}}]}<\/script>\n<!-- \/ Yoast SEO plugin. -->","yoast_head_json":{"title":"Distillateur manuel Setastill STANHOPE SETA - 11860-3 | DeltaLabo","robots":{"index":"noindex","follow":"follow","max-snippet":"max-snippet:-1","max-image-preview":"max-image-preview:large","max-video-preview":"max-video-preview:-1"},"og_locale":"fr_FR","og_type":"article","og_title":"Distillateur manuel Setastill STANHOPE SETA - 11860-3 | DeltaLabo","og_description":"Distillateur manuel Setastill STANHOPE SETA - 11860-3  Le distillateur manuel Setastill STANHOPE SETA - 11860-3 est un instrument de table utilis\u00e9 pour effectuer la distillation atmosph\u00e9rique de produits p\u00e9troliers et de combustibles liquides afin de d\u00e9terminer les caract\u00e9ristiques de la plage d'\u00e9bullition.  Il peut distiller des \u00e9chantillons \u00e0 partir de la temp\u00e9rature ambiante jusqu'\u00e0 400\u00b0C et se compose d'une enceinte de distillation chauff\u00e9e \u00e9lectriquement avec un ventilateur de refroidissement et un condenseur int\u00e9gr\u00e9 de 7,2 litres.  L'enceinte de distillation en acier abrite le ballon de distillation qui est soutenu par un support en c\u00e9ramique (accessoire) mont\u00e9 sur une plate-forme r\u00e9glable en hauteur.  Le distillateur manuel Setastill STANHOPE SETA - 11860-3 est conforme aux normes ASTM D86, ASTM D850, ASTM D1078, ASTM E133, IP 123, IP 191, IP 195, EN 3405 et ISO 198.  T\u00e9l\u00e9charger la brochure produit : Distillateur manuel Setastill STANHOPE SETA - 11860-3","og_url":"https:\/\/webdesi-gn.fr\/dev_deltalabo\/produits\/categories\/distillateur-manuel-setastill-stanhope-seta-11860-3\/","og_site_name":"DeltaLabo","article_modified_time":"2025-11-24T14:42:46+00:00","og_image":[{"width":800,"height":800,"url":"https:\/\/webdesi-gn.fr\/dev_deltalabo\/wp-content\/uploads\/2025\/11\/DELTA-LABO-11860-3_Setastill_Distillation.webp","type":"image\/webp"}],"twitter_card":"summary_large_image","twitter_misc":{"Dur\u00e9e de lecture estim\u00e9e":"1 minute"},"schema":{"@context":"https:\/\/schema.org","@graph":[{"@type":"WebPage","@id":"https:\/\/webdesi-gn.fr\/dev_deltalabo\/produits\/categories\/distillateur-manuel-setastill-stanhope-seta-11860-3\/","url":"https:\/\/webdesi-gn.fr\/dev_deltalabo\/produits\/categories\/distillateur-manuel-setastill-stanhope-seta-11860-3\/","name":"Distillateur manuel Setastill STANHOPE SETA - 11860-3 | DeltaLabo","isPartOf":{"@id":"https:\/\/webdesi-gn.fr\/dev_deltalabo\/#website"},"primaryImageOfPage":{"@id":"https:\/\/webdesi-gn.fr\/dev_deltalabo\/produits\/categories\/distillateur-manuel-setastill-stanhope-seta-11860-3\/#primaryimage"},"image":{"@id":"https:\/\/webdesi-gn.fr\/dev_deltalabo\/produits\/categories\/distillateur-manuel-setastill-stanhope-seta-11860-3\/#primaryimage"},"thumbnailUrl":"https:\/\/webdesi-gn.fr\/dev_deltalabo\/wp-content\/uploads\/2025\/11\/DELTA-LABO-11860-3_Setastill_Distillation.webp","datePublished":"2025-11-24T14:06:35+00:00","dateModified":"2025-11-24T14:42:46+00:00","breadcrumb":{"@id":"https:\/\/webdesi-gn.fr\/dev_deltalabo\/produits\/categories\/distillateur-manuel-setastill-stanhope-seta-11860-3\/#breadcrumb"},"inLanguage":"fr-FR","potentialAction":[{"@type":"ReadAction","target":["https:\/\/webdesi-gn.fr\/dev_deltalabo\/produits\/categories\/distillateur-manuel-setastill-stanhope-seta-11860-3\/"]}]},{"@type":"ImageObject","inLanguage":"fr-FR","@id":"https:\/\/webdesi-gn.fr\/dev_deltalabo\/produits\/categories\/distillateur-manuel-setastill-stanhope-seta-11860-3\/#primaryimage","url":"https:\/\/webdesi-gn.fr\/dev_deltalabo\/wp-content\/uploads\/2025\/11\/DELTA-LABO-11860-3_Setastill_Distillation.webp","contentUrl":"https:\/\/webdesi-gn.fr\/dev_deltalabo\/wp-content\/uploads\/2025\/11\/DELTA-LABO-11860-3_Setastill_Distillation.webp","width":800,"height":800},{"@type":"BreadcrumbList","@id":"https:\/\/webdesi-gn.fr\/dev_deltalabo\/produits\/categories\/distillateur-manuel-setastill-stanhope-seta-11860-3\/#breadcrumb","itemListElement":[{"@type":"ListItem","position":1,"name":"Accueil","item":"https:\/\/webdesi-gn.fr\/dev_deltalabo\/"},{"@type":"ListItem","position":2,"name":"Produits","item":"https:\/\/webdesi-gn.fr\/dev_deltalabo\/produits\/"},{"@type":"ListItem","position":3,"name":"Distillateur manuel Setastill STANHOPE SETA &#8211; 11860-3"}]},{"@type":"WebSite","@id":"https:\/\/webdesi-gn.fr\/dev_deltalabo\/#website","url":"https:\/\/webdesi-gn.fr\/dev_deltalabo\/","name":"Delta Labo","description":"Un site utilisant WordPress","publisher":{"@id":"https:\/\/webdesi-gn.fr\/dev_deltalabo\/#organization"},"alternateName":"Delta Labo","potentialAction":[{"@type":"SearchAction","target":{"@type":"EntryPoint","urlTemplate":"https:\/\/webdesi-gn.fr\/dev_deltalabo\/?s={search_term_string}"},"query-input":{"@type":"PropertyValueSpecification","valueRequired":true,"valueName":"search_term_string"}}],"inLanguage":"fr-FR"},{"@type":"Organization","@id":"https:\/\/webdesi-gn.fr\/dev_deltalabo\/#organization","name":"DeltaLabo","url":"https:\/\/webdesi-gn.fr\/dev_deltalabo\/","logo":{"@type":"ImageObject","inLanguage":"fr-FR","@id":"https:\/\/webdesi-gn.fr\/dev_deltalabo\/#\/schema\/logo\/image\/","url":"https:\/\/webdesi-gn.fr\/dev_deltalabo\/wp-content\/uploads\/2022\/07\/logo-deltalabo.png","contentUrl":"https:\/\/webdesi-gn.fr\/dev_deltalabo\/wp-content\/uploads\/2022\/07\/logo-deltalabo.png","width":694,"height":306,"caption":"DeltaLabo"},"image":{"@id":"https:\/\/webdesi-gn.fr\/dev_deltalabo\/#\/schema\/logo\/image\/"}}]}},"_links":{"self":[{"href":"https:\/\/webdesi-gn.fr\/dev_deltalabo\/wp-json\/wp\/v2\/product\/262384","targetHints":{"allow":["GET"]}}],"collection":[{"href":"https:\/\/webdesi-gn.fr\/dev_deltalabo\/wp-json\/wp\/v2\/product"}],"about":[{"href":"https:\/\/webdesi-gn.fr\/dev_deltalabo\/wp-json\/wp\/v2\/types\/product"}],"wp:featuredmedia":[{"embeddable":true,"href":"https:\/\/webdesi-gn.fr\/dev_deltalabo\/wp-json\/wp\/v2\/media\/262420"}],"wp:attachment":[{"href":"https:\/\/webdesi-gn.fr\/dev_deltalabo\/wp-json\/wp\/v2\/media?parent=262384"}],"wp:term":[{"taxonomy":"domaine","embeddable":true,"href":"https:\/\/webdesi-gn.fr\/dev_deltalabo\/wp-json\/wp\/v2\/domaine?post=262384"},{"taxonomy":"normes","embeddable":true,"href":"https:\/\/webdesi-gn.fr\/dev_deltalabo\/wp-json\/wp\/v2\/normes?post=262384"},{"taxonomy":"product_brand","embeddable":true,"href":"https:\/\/webdesi-gn.fr\/dev_deltalabo\/wp-json\/wp\/v2\/product_brand?post=262384"},{"taxonomy":"product_cat","embeddable":true,"href":"https:\/\/webdesi-gn.fr\/dev_deltalabo\/wp-json\/wp\/v2\/product_cat?post=262384"},{"taxonomy":"product_tag","embeddable":true,"href":"https:\/\/webdesi-gn.fr\/dev_deltalabo\/wp-json\/wp\/v2\/product_tag?post=262384"}],"curies":[{"name":"wp","href":"https:\/\/api.w.org\/{rel}","templated":true}]}}