{"id":262404,"date":"2025-11-24T15:06:41","date_gmt":"2025-11-24T14:06:41","guid":{"rendered":"https:\/\/webdesi-gn.fr\/dev_deltalabo\/?post_type=product&#038;p=262404"},"modified":"2025-11-24T15:09:00","modified_gmt":"2025-11-24T14:09:00","slug":"testeur-de-blocage-de-filtre-a-froid-stanhope-seta-cfbt-et-cscfbt-91670-2","status":"publish","type":"product","link":"https:\/\/webdesi-gn.fr\/dev_deltalabo\/produits\/categories\/testeur-de-blocage-de-filtre-a-froid-stanhope-seta-cfbt-et-cscfbt-91670-2\/","title":{"rendered":"Testeur de blocage de filtre \u00e0 froid Stanhope Seta (CFBT et CSCFBT) &#8211; 91670-2"},"content":{"rendered":"","protected":false},"excerpt":{"rendered":"<p><strong>Testeur de blocage de filtre \u00e0 froid Stanhope Seta (CFBT et CSCFBT) &#8211; 91670-2 :<\/strong><\/p>\n<p><span dir=\"auto\">Le testeur de blocage de filtre \u00e0 froid Stanhope Seta (CFBT et CSCFBT) &#8211; 91670-2 est un analyseur de laboratoire compact qui mesure la tendance au colmatage \u00e0 froid (CFBT) des gazole et des fiouls \u00e0 des temp\u00e9ratures comprises entre la temp\u00e9rature ambiante et -5\u00b0C.\u00a0<\/span><\/p>\n<p><span dir=\"auto\">Cet instrument simple d&rsquo;utilisation, calcule automatiquement le CFBT et le CSCFBT \u00e0 des temp\u00e9ratures fixes et programmables. Un test standard dure seulement 20 minutes pour 2 temp\u00e9ratures, les r\u00e9sultats s&rsquo;affichant sur l&rsquo;\u00e9cran LCD couleur.<\/span><\/p>\n<p>Il est conforme aux normes ASTM D2068, IP 387 et IP 618.<\/p>\n<p><strong>T\u00e9l\u00e9charger la brochure produit :<\/strong> <a href=\"https:\/\/www.deltalabo.fr\/wp-content\/uploads\/2025\/10\/doc-91670-2_Cold_Filter_Blocking-engl-DL.pdf\">Testeur de blocage de filtre \u00e0 froid Stanhope Seta (CFBT et CSCFBT) &#8211; 91670-2<\/a><\/p>\n","protected":false},"featured_media":262470,"template":"","meta":{"_acf_changed":false,"site-sidebar-layout":"default","site-content-layout":"","ast-site-content-layout":"default","site-content-style":"default","site-sidebar-style":"default","ast-global-header-display":"","ast-banner-title-visibility":"","ast-main-header-display":"","ast-hfb-above-header-display":"","ast-hfb-below-header-display":"","ast-hfb-mobile-header-display":"","site-post-title":"","ast-breadcrumbs-content":"","ast-featured-img":"","footer-sml-layout":"","ast-disable-related-posts":"","theme-transparent-header-meta":"","adv-header-id-meta":"","stick-header-meta":"","header-above-stick-meta":"","header-main-stick-meta":"","header-below-stick-meta":"","astra-migrate-meta-layouts":"default","ast-page-background-enabled":"default","ast-page-background-meta":{"desktop":{"background-color":"var(--ast-global-color-5)","background-image":"","background-repeat":"repeat","background-position":"center center","background-size":"auto","background-attachment":"scroll","background-type":"","background-media":"","overlay-type":"","overlay-color":"","overlay-opacity":"","overlay-gradient":""},"tablet":{"background-color":"","background-image":"","background-repeat":"repeat","background-position":"center center","background-size":"auto","background-attachment":"scroll","background-type":"","background-media":"","overlay-type":"","overlay-color":"","overlay-opacity":"","overlay-gradient":""},"mobile":{"background-color":"","background-image":"","background-repeat":"repeat","background-position":"center center","background-size":"auto","background-attachment":"scroll","background-type":"","background-media":"","overlay-type":"","overlay-color":"","overlay-opacity":"","overlay-gradient":""}},"ast-content-background-meta":{"desktop":{"background-color":"var(--ast-global-color-4)","background-image":"","background-repeat":"repeat","background-position":"center center","background-size":"auto","background-attachment":"scroll","background-type":"","background-media":"","overlay-type":"","overlay-color":"","overlay-opacity":"","overlay-gradient":""},"tablet":{"background-color":"var(--ast-global-color-4)","background-image":"","background-repeat":"repeat","background-position":"center center","background-size":"auto","background-attachment":"scroll","background-type":"","background-media":"","overlay-type":"","overlay-color":"","overlay-opacity":"","overlay-gradient":""},"mobile":{"background-color":"var(--ast-global-color-4)","background-image":"","background-repeat":"repeat","background-position":"center center","background-size":"auto","background-attachment":"scroll","background-type":"","background-media":"","overlay-type":"","overlay-color":"","overlay-opacity":"","overlay-gradient":""}}},"domaine":[],"normes":[],"product_brand":[],"product_cat":[17240],"product_tag":[],"class_list":{"0":"post-262404","1":"product","2":"type-product","3":"status-publish","4":"has-post-thumbnail","6":"product_cat-categories","7":"desktop-align-left","8":"tablet-align-left","9":"mobile-align-left","11":"first","12":"instock","13":"shipping-taxable","14":"product-type-simple"},"acf":[],"yoast_head":"<!-- This site is optimized with the Yoast SEO plugin v27.4 - https:\/\/yoast.com\/product\/yoast-seo-wordpress\/ -->\n<title>Testeur de blocage de filtre \u00e0 froid Stanhope Seta (CFBT et CSCFBT) - 91670-2 | DeltaLabo<\/title>\n<meta name=\"robots\" content=\"noindex, follow, max-snippet:-1, max-image-preview:large, max-video-preview:-1\" \/>\n<meta property=\"og:locale\" content=\"fr_FR\" \/>\n<meta property=\"og:type\" content=\"article\" \/>\n<meta property=\"og:title\" content=\"Testeur de blocage de filtre \u00e0 froid Stanhope Seta (CFBT et CSCFBT) - 91670-2 | DeltaLabo\" \/>\n<meta property=\"og:description\" content=\"Testeur de blocage de filtre \u00e0 froid Stanhope Seta (CFBT et CSCFBT) - 91670-2 :  Le testeur de blocage de filtre \u00e0 froid Stanhope Seta (CFBT et CSCFBT) - 91670-2 est un analyseur de laboratoire compact qui mesure la tendance au colmatage \u00e0 froid (CFBT) des gazole et des fiouls \u00e0 des temp\u00e9ratures comprises entre la temp\u00e9rature ambiante et -5\u00b0C.\u00a0  Cet instrument simple d&#039;utilisation, calcule automatiquement le CFBT et le CSCFBT \u00e0 des temp\u00e9ratures fixes et programmables. Un test standard dure seulement 20 minutes pour 2 temp\u00e9ratures, les r\u00e9sultats s&#039;affichant sur l&#039;\u00e9cran LCD couleur.  Il est conforme aux normes ASTM D2068, IP 387 et IP 618.  T\u00e9l\u00e9charger la brochure produit : Testeur de blocage de filtre \u00e0 froid Stanhope Seta (CFBT et CSCFBT) - 91670-2\" \/>\n<meta property=\"og:url\" content=\"https:\/\/webdesi-gn.fr\/dev_deltalabo\/produits\/cat-produit\/testeur-de-blocage-de-filtre-a-froid-stanhope-seta-cfbt-et-cscfbt-91670-2\/\" \/>\n<meta property=\"og:site_name\" content=\"DeltaLabo\" \/>\n<meta property=\"article:modified_time\" content=\"2025-11-24T14:09:00+00:00\" \/>\n<meta property=\"og:image\" content=\"https:\/\/webdesi-gn.fr\/dev_deltalabo\/wp-content\/uploads\/2022\/01\/laboratory-g43d8b3442_1280.jpg\" \/>\n\t<meta property=\"og:image:width\" content=\"1280\" \/>\n\t<meta property=\"og:image:height\" content=\"853\" \/>\n\t<meta property=\"og:image:type\" content=\"image\/jpeg\" \/>\n<meta name=\"twitter:card\" content=\"summary_large_image\" \/>\n<script type=\"application\/ld+json\" class=\"yoast-schema-graph\">{\"@context\":\"https:\\\/\\\/schema.org\",\"@graph\":[{\"@type\":\"WebPage\",\"@id\":\"https:\\\/\\\/webdesi-gn.fr\\\/dev_deltalabo\\\/produits\\\/cat-produit\\\/testeur-de-blocage-de-filtre-a-froid-stanhope-seta-cfbt-et-cscfbt-91670-2\\\/\",\"url\":\"https:\\\/\\\/webdesi-gn.fr\\\/dev_deltalabo\\\/produits\\\/cat-produit\\\/testeur-de-blocage-de-filtre-a-froid-stanhope-seta-cfbt-et-cscfbt-91670-2\\\/\",\"name\":\"Testeur de blocage de filtre \u00e0 froid Stanhope Seta (CFBT et CSCFBT) - 91670-2 | DeltaLabo\",\"isPartOf\":{\"@id\":\"https:\\\/\\\/webdesi-gn.fr\\\/dev_deltalabo\\\/#website\"},\"primaryImageOfPage\":{\"@id\":\"https:\\\/\\\/webdesi-gn.fr\\\/dev_deltalabo\\\/produits\\\/cat-produit\\\/testeur-de-blocage-de-filtre-a-froid-stanhope-seta-cfbt-et-cscfbt-91670-2\\\/#primaryimage\"},\"image\":{\"@id\":\"https:\\\/\\\/webdesi-gn.fr\\\/dev_deltalabo\\\/produits\\\/cat-produit\\\/testeur-de-blocage-de-filtre-a-froid-stanhope-seta-cfbt-et-cscfbt-91670-2\\\/#primaryimage\"},\"thumbnailUrl\":\"https:\\\/\\\/webdesi-gn.fr\\\/dev_deltalabo\\\/wp-content\\\/uploads\\\/2025\\\/11\\\/DELTA-LABO-testeur-blocage-filtre-a-froid.webp\",\"datePublished\":\"2025-11-24T14:06:41+00:00\",\"dateModified\":\"2025-11-24T14:09:00+00:00\",\"breadcrumb\":{\"@id\":\"https:\\\/\\\/webdesi-gn.fr\\\/dev_deltalabo\\\/produits\\\/cat-produit\\\/testeur-de-blocage-de-filtre-a-froid-stanhope-seta-cfbt-et-cscfbt-91670-2\\\/#breadcrumb\"},\"inLanguage\":\"fr-FR\",\"potentialAction\":[{\"@type\":\"ReadAction\",\"target\":[\"https:\\\/\\\/webdesi-gn.fr\\\/dev_deltalabo\\\/produits\\\/cat-produit\\\/testeur-de-blocage-de-filtre-a-froid-stanhope-seta-cfbt-et-cscfbt-91670-2\\\/\"]}]},{\"@type\":\"ImageObject\",\"inLanguage\":\"fr-FR\",\"@id\":\"https:\\\/\\\/webdesi-gn.fr\\\/dev_deltalabo\\\/produits\\\/cat-produit\\\/testeur-de-blocage-de-filtre-a-froid-stanhope-seta-cfbt-et-cscfbt-91670-2\\\/#primaryimage\",\"url\":\"https:\\\/\\\/webdesi-gn.fr\\\/dev_deltalabo\\\/wp-content\\\/uploads\\\/2025\\\/11\\\/DELTA-LABO-testeur-blocage-filtre-a-froid.webp\",\"contentUrl\":\"https:\\\/\\\/webdesi-gn.fr\\\/dev_deltalabo\\\/wp-content\\\/uploads\\\/2025\\\/11\\\/DELTA-LABO-testeur-blocage-filtre-a-froid.webp\",\"width\":800,\"height\":800},{\"@type\":\"BreadcrumbList\",\"@id\":\"https:\\\/\\\/webdesi-gn.fr\\\/dev_deltalabo\\\/produits\\\/cat-produit\\\/testeur-de-blocage-de-filtre-a-froid-stanhope-seta-cfbt-et-cscfbt-91670-2\\\/#breadcrumb\",\"itemListElement\":[{\"@type\":\"ListItem\",\"position\":1,\"name\":\"Accueil\",\"item\":\"https:\\\/\\\/webdesi-gn.fr\\\/dev_deltalabo\\\/\"},{\"@type\":\"ListItem\",\"position\":2,\"name\":\"Produits\",\"item\":\"https:\\\/\\\/webdesi-gn.fr\\\/dev_deltalabo\\\/produits\\\/\"},{\"@type\":\"ListItem\",\"position\":3,\"name\":\"Testeur de blocage de filtre \u00e0 froid Stanhope Seta (CFBT et CSCFBT) &#8211; 91670-2\"}]},{\"@type\":\"WebSite\",\"@id\":\"https:\\\/\\\/webdesi-gn.fr\\\/dev_deltalabo\\\/#website\",\"url\":\"https:\\\/\\\/webdesi-gn.fr\\\/dev_deltalabo\\\/\",\"name\":\"Delta Labo\",\"description\":\"Un site utilisant WordPress\",\"publisher\":{\"@id\":\"https:\\\/\\\/webdesi-gn.fr\\\/dev_deltalabo\\\/#organization\"},\"alternateName\":\"Delta Labo\",\"potentialAction\":[{\"@type\":\"SearchAction\",\"target\":{\"@type\":\"EntryPoint\",\"urlTemplate\":\"https:\\\/\\\/webdesi-gn.fr\\\/dev_deltalabo\\\/?s={search_term_string}\"},\"query-input\":{\"@type\":\"PropertyValueSpecification\",\"valueRequired\":true,\"valueName\":\"search_term_string\"}}],\"inLanguage\":\"fr-FR\"},{\"@type\":\"Organization\",\"@id\":\"https:\\\/\\\/webdesi-gn.fr\\\/dev_deltalabo\\\/#organization\",\"name\":\"DeltaLabo\",\"url\":\"https:\\\/\\\/webdesi-gn.fr\\\/dev_deltalabo\\\/\",\"logo\":{\"@type\":\"ImageObject\",\"inLanguage\":\"fr-FR\",\"@id\":\"https:\\\/\\\/webdesi-gn.fr\\\/dev_deltalabo\\\/#\\\/schema\\\/logo\\\/image\\\/\",\"url\":\"https:\\\/\\\/webdesi-gn.fr\\\/dev_deltalabo\\\/wp-content\\\/uploads\\\/2022\\\/07\\\/logo-deltalabo.png\",\"contentUrl\":\"https:\\\/\\\/webdesi-gn.fr\\\/dev_deltalabo\\\/wp-content\\\/uploads\\\/2022\\\/07\\\/logo-deltalabo.png\",\"width\":694,\"height\":306,\"caption\":\"DeltaLabo\"},\"image\":{\"@id\":\"https:\\\/\\\/webdesi-gn.fr\\\/dev_deltalabo\\\/#\\\/schema\\\/logo\\\/image\\\/\"}}]}<\/script>\n<!-- \/ Yoast SEO plugin. -->","yoast_head_json":{"title":"Testeur de blocage de filtre \u00e0 froid Stanhope Seta (CFBT et CSCFBT) - 91670-2 | DeltaLabo","robots":{"index":"noindex","follow":"follow","max-snippet":"max-snippet:-1","max-image-preview":"max-image-preview:large","max-video-preview":"max-video-preview:-1"},"og_locale":"fr_FR","og_type":"article","og_title":"Testeur de blocage de filtre \u00e0 froid Stanhope Seta (CFBT et CSCFBT) - 91670-2 | DeltaLabo","og_description":"Testeur de blocage de filtre \u00e0 froid Stanhope Seta (CFBT et CSCFBT) - 91670-2 :  Le testeur de blocage de filtre \u00e0 froid Stanhope Seta (CFBT et CSCFBT) - 91670-2 est un analyseur de laboratoire compact qui mesure la tendance au colmatage \u00e0 froid (CFBT) des gazole et des fiouls \u00e0 des temp\u00e9ratures comprises entre la temp\u00e9rature ambiante et -5\u00b0C.\u00a0  Cet instrument simple d'utilisation, calcule automatiquement le CFBT et le CSCFBT \u00e0 des temp\u00e9ratures fixes et programmables. Un test standard dure seulement 20 minutes pour 2 temp\u00e9ratures, les r\u00e9sultats s'affichant sur l'\u00e9cran LCD couleur.  Il est conforme aux normes ASTM D2068, IP 387 et IP 618.  T\u00e9l\u00e9charger la brochure produit : Testeur de blocage de filtre \u00e0 froid Stanhope Seta (CFBT et CSCFBT) - 91670-2","og_url":"https:\/\/webdesi-gn.fr\/dev_deltalabo\/produits\/cat-produit\/testeur-de-blocage-de-filtre-a-froid-stanhope-seta-cfbt-et-cscfbt-91670-2\/","og_site_name":"DeltaLabo","article_modified_time":"2025-11-24T14:09:00+00:00","og_image":[{"width":1280,"height":853,"url":"https:\/\/webdesi-gn.fr\/dev_deltalabo\/wp-content\/uploads\/2022\/01\/laboratory-g43d8b3442_1280.jpg","type":"image\/jpeg"}],"twitter_card":"summary_large_image","schema":{"@context":"https:\/\/schema.org","@graph":[{"@type":"WebPage","@id":"https:\/\/webdesi-gn.fr\/dev_deltalabo\/produits\/cat-produit\/testeur-de-blocage-de-filtre-a-froid-stanhope-seta-cfbt-et-cscfbt-91670-2\/","url":"https:\/\/webdesi-gn.fr\/dev_deltalabo\/produits\/cat-produit\/testeur-de-blocage-de-filtre-a-froid-stanhope-seta-cfbt-et-cscfbt-91670-2\/","name":"Testeur de blocage de filtre \u00e0 froid Stanhope Seta (CFBT et CSCFBT) - 91670-2 | DeltaLabo","isPartOf":{"@id":"https:\/\/webdesi-gn.fr\/dev_deltalabo\/#website"},"primaryImageOfPage":{"@id":"https:\/\/webdesi-gn.fr\/dev_deltalabo\/produits\/cat-produit\/testeur-de-blocage-de-filtre-a-froid-stanhope-seta-cfbt-et-cscfbt-91670-2\/#primaryimage"},"image":{"@id":"https:\/\/webdesi-gn.fr\/dev_deltalabo\/produits\/cat-produit\/testeur-de-blocage-de-filtre-a-froid-stanhope-seta-cfbt-et-cscfbt-91670-2\/#primaryimage"},"thumbnailUrl":"https:\/\/webdesi-gn.fr\/dev_deltalabo\/wp-content\/uploads\/2025\/11\/DELTA-LABO-testeur-blocage-filtre-a-froid.webp","datePublished":"2025-11-24T14:06:41+00:00","dateModified":"2025-11-24T14:09:00+00:00","breadcrumb":{"@id":"https:\/\/webdesi-gn.fr\/dev_deltalabo\/produits\/cat-produit\/testeur-de-blocage-de-filtre-a-froid-stanhope-seta-cfbt-et-cscfbt-91670-2\/#breadcrumb"},"inLanguage":"fr-FR","potentialAction":[{"@type":"ReadAction","target":["https:\/\/webdesi-gn.fr\/dev_deltalabo\/produits\/cat-produit\/testeur-de-blocage-de-filtre-a-froid-stanhope-seta-cfbt-et-cscfbt-91670-2\/"]}]},{"@type":"ImageObject","inLanguage":"fr-FR","@id":"https:\/\/webdesi-gn.fr\/dev_deltalabo\/produits\/cat-produit\/testeur-de-blocage-de-filtre-a-froid-stanhope-seta-cfbt-et-cscfbt-91670-2\/#primaryimage","url":"https:\/\/webdesi-gn.fr\/dev_deltalabo\/wp-content\/uploads\/2025\/11\/DELTA-LABO-testeur-blocage-filtre-a-froid.webp","contentUrl":"https:\/\/webdesi-gn.fr\/dev_deltalabo\/wp-content\/uploads\/2025\/11\/DELTA-LABO-testeur-blocage-filtre-a-froid.webp","width":800,"height":800},{"@type":"BreadcrumbList","@id":"https:\/\/webdesi-gn.fr\/dev_deltalabo\/produits\/cat-produit\/testeur-de-blocage-de-filtre-a-froid-stanhope-seta-cfbt-et-cscfbt-91670-2\/#breadcrumb","itemListElement":[{"@type":"ListItem","position":1,"name":"Accueil","item":"https:\/\/webdesi-gn.fr\/dev_deltalabo\/"},{"@type":"ListItem","position":2,"name":"Produits","item":"https:\/\/webdesi-gn.fr\/dev_deltalabo\/produits\/"},{"@type":"ListItem","position":3,"name":"Testeur de blocage de filtre \u00e0 froid Stanhope Seta (CFBT et CSCFBT) &#8211; 91670-2"}]},{"@type":"WebSite","@id":"https:\/\/webdesi-gn.fr\/dev_deltalabo\/#website","url":"https:\/\/webdesi-gn.fr\/dev_deltalabo\/","name":"Delta Labo","description":"Un site utilisant WordPress","publisher":{"@id":"https:\/\/webdesi-gn.fr\/dev_deltalabo\/#organization"},"alternateName":"Delta Labo","potentialAction":[{"@type":"SearchAction","target":{"@type":"EntryPoint","urlTemplate":"https:\/\/webdesi-gn.fr\/dev_deltalabo\/?s={search_term_string}"},"query-input":{"@type":"PropertyValueSpecification","valueRequired":true,"valueName":"search_term_string"}}],"inLanguage":"fr-FR"},{"@type":"Organization","@id":"https:\/\/webdesi-gn.fr\/dev_deltalabo\/#organization","name":"DeltaLabo","url":"https:\/\/webdesi-gn.fr\/dev_deltalabo\/","logo":{"@type":"ImageObject","inLanguage":"fr-FR","@id":"https:\/\/webdesi-gn.fr\/dev_deltalabo\/#\/schema\/logo\/image\/","url":"https:\/\/webdesi-gn.fr\/dev_deltalabo\/wp-content\/uploads\/2022\/07\/logo-deltalabo.png","contentUrl":"https:\/\/webdesi-gn.fr\/dev_deltalabo\/wp-content\/uploads\/2022\/07\/logo-deltalabo.png","width":694,"height":306,"caption":"DeltaLabo"},"image":{"@id":"https:\/\/webdesi-gn.fr\/dev_deltalabo\/#\/schema\/logo\/image\/"}}]}},"_links":{"self":[{"href":"https:\/\/webdesi-gn.fr\/dev_deltalabo\/wp-json\/wp\/v2\/product\/262404","targetHints":{"allow":["GET"]}}],"collection":[{"href":"https:\/\/webdesi-gn.fr\/dev_deltalabo\/wp-json\/wp\/v2\/product"}],"about":[{"href":"https:\/\/webdesi-gn.fr\/dev_deltalabo\/wp-json\/wp\/v2\/types\/product"}],"wp:featuredmedia":[{"embeddable":true,"href":"https:\/\/webdesi-gn.fr\/dev_deltalabo\/wp-json\/wp\/v2\/media\/262470"}],"wp:attachment":[{"href":"https:\/\/webdesi-gn.fr\/dev_deltalabo\/wp-json\/wp\/v2\/media?parent=262404"}],"wp:term":[{"taxonomy":"domaine","embeddable":true,"href":"https:\/\/webdesi-gn.fr\/dev_deltalabo\/wp-json\/wp\/v2\/domaine?post=262404"},{"taxonomy":"normes","embeddable":true,"href":"https:\/\/webdesi-gn.fr\/dev_deltalabo\/wp-json\/wp\/v2\/normes?post=262404"},{"taxonomy":"product_brand","embeddable":true,"href":"https:\/\/webdesi-gn.fr\/dev_deltalabo\/wp-json\/wp\/v2\/product_brand?post=262404"},{"taxonomy":"product_cat","embeddable":true,"href":"https:\/\/webdesi-gn.fr\/dev_deltalabo\/wp-json\/wp\/v2\/product_cat?post=262404"},{"taxonomy":"product_tag","embeddable":true,"href":"https:\/\/webdesi-gn.fr\/dev_deltalabo\/wp-json\/wp\/v2\/product_tag?post=262404"}],"curies":[{"name":"wp","href":"https:\/\/api.w.org\/{rel}","templated":true}]}}