{"id":262416,"date":"2025-11-24T15:07:05","date_gmt":"2025-11-24T14:07:05","guid":{"rendered":"https:\/\/webdesi-gn.fr\/dev_deltalabo\/?post_type=product&#038;p=262416"},"modified":"2025-11-24T16:05:42","modified_gmt":"2025-11-24T15:05:42","slug":"proprietes-anticorrosion-des-graisses-lubrifiantes-lin-tech","status":"publish","type":"product","link":"https:\/\/webdesi-gn.fr\/dev_deltalabo\/produits\/cat-produit\/proprietes-anticorrosion-des-graisses-lubrifiantes-lin-tech\/","title":{"rendered":"Propri\u00e9t\u00e9s anticorrosion des graisses lubrifiantes LIN-TECH"},"content":{"rendered":"","protected":false},"excerpt":{"rendered":"<p><strong>Propri\u00e9t\u00e9s anticorrosion des graisses lubrifiantes LIN-TECH :<\/strong><\/p>\n<p>L&rsquo;instrument pour les propri\u00e9t\u00e9s anticorrosion des graisses lubrifiantes LIN-TECH est conforme aux normes ASTM D1743 et ASTM D4950.<\/p>\n<p><span dir=\"auto\">ASTM D1743 &#8211; Propri\u00e9t\u00e9s anticorrosion des graisses lubrifiantes :<\/span><br \/>\n<span dir=\"auto\">Cette m\u00e9thode d&rsquo;essai permet de d\u00e9terminer les propri\u00e9t\u00e9s anticorrosion des graisses sur des roulements lubrifi\u00e9s \u00e0 la graisse et stock\u00e9s en conditions humides. Elle est bas\u00e9e sur la technique CRC L 41, qui \u00e9tablit des corr\u00e9lations entre les r\u00e9sultats de laboratoire et l&rsquo;utilisation des roulements a\u00e9ronautiques lubrifi\u00e9s \u00e0 la graisse.<\/span><\/p>\n<p><span dir=\"auto\">ASTM D4950 &#8211; Classification et sp\u00e9cification des graisses pour automobiles :<\/span><br \/>\n<span dir=\"auto\">Cette sp\u00e9cification couvre les graisses lubrifiantes adapt\u00e9es \u00e0 la relubrification p\u00e9riodique des ch\u00e2ssis et des roulements de roue des voitures, camions et autres v\u00e9hicules.<\/span><\/p>\n<p>Caract\u00e9ristiques :<\/p>\n<ul>\n<li>Moteur d&rsquo;entrainement r\u00e9glable de 0 \u00e0 2000 tr\/min et minuterie de 1 \u00e0 30 min<\/li>\n<li>\u00c9cran TFT avec logiciel d\u00e9di\u00e9 pour la pr\u00e9paration automatique des \u00e9chantillons<\/li>\n<li>Syst\u00e8me de positionnement automatique de la t\u00eate<\/li>\n<li>R\u00e9glage automatique de la force contr\u00f4l\u00e9 en continu<\/li>\n<li>Balance int\u00e9gr\u00e9e avec lecture en temps r\u00e9el jusqu&rsquo;\u00e0 5 kg<\/li>\n<li>Outils logiciels d&rsquo;\u00e9talonnage pour le syst\u00e8me de balance<\/li>\n<\/ul>\n<p><strong>T\u00e9l\u00e9charger la brochure produit :<\/strong> <a href=\"https:\/\/www.deltalabo.fr\/wp-content\/uploads\/2025\/10\/D1743-corrosion-preventive-corrosion-des-graisses-engl-DL.pdf\">Propri\u00e9t\u00e9s anticorrosion des graisses lubrifiantes LIN-TECH<\/a><\/p>\n","protected":false},"featured_media":262481,"template":"","meta":{"_acf_changed":false,"site-sidebar-layout":"default","site-content-layout":"","ast-site-content-layout":"default","site-content-style":"default","site-sidebar-style":"default","ast-global-header-display":"","ast-banner-title-visibility":"","ast-main-header-display":"","ast-hfb-above-header-display":"","ast-hfb-below-header-display":"","ast-hfb-mobile-header-display":"","site-post-title":"","ast-breadcrumbs-content":"","ast-featured-img":"","footer-sml-layout":"","ast-disable-related-posts":"","theme-transparent-header-meta":"default","adv-header-id-meta":"","stick-header-meta":"","header-above-stick-meta":"","header-main-stick-meta":"","header-below-stick-meta":"","astra-migrate-meta-layouts":"set","ast-page-background-enabled":"default","ast-page-background-meta":{"desktop":{"background-color":"var(--ast-global-color-5)","background-image":"","background-repeat":"repeat","background-position":"center center","background-size":"auto","background-attachment":"scroll","background-type":"","background-media":"","overlay-type":"","overlay-color":"","overlay-opacity":"","overlay-gradient":""},"tablet":{"background-color":"","background-image":"","background-repeat":"repeat","background-position":"center center","background-size":"auto","background-attachment":"scroll","background-type":"","background-media":"","overlay-type":"","overlay-color":"","overlay-opacity":"","overlay-gradient":""},"mobile":{"background-color":"","background-image":"","background-repeat":"repeat","background-position":"center center","background-size":"auto","background-attachment":"scroll","background-type":"","background-media":"","overlay-type":"","overlay-color":"","overlay-opacity":"","overlay-gradient":""}},"ast-content-background-meta":{"desktop":{"background-color":"var(--ast-global-color-4)","background-image":"","background-repeat":"repeat","background-position":"center center","background-size":"auto","background-attachment":"scroll","background-type":"","background-media":"","overlay-type":"","overlay-color":"","overlay-opacity":"","overlay-gradient":""},"tablet":{"background-color":"var(--ast-global-color-4)","background-image":"","background-repeat":"repeat","background-position":"center center","background-size":"auto","background-attachment":"scroll","background-type":"","background-media":"","overlay-type":"","overlay-color":"","overlay-opacity":"","overlay-gradient":""},"mobile":{"background-color":"var(--ast-global-color-4)","background-image":"","background-repeat":"repeat","background-position":"center center","background-size":"auto","background-attachment":"scroll","background-type":"","background-media":"","overlay-type":"","overlay-color":"","overlay-opacity":"","overlay-gradient":""}}},"domaine":[],"normes":[3342],"product_brand":[],"product_cat":[15],"product_tag":[],"class_list":{"0":"post-262416","1":"product","2":"type-product","3":"status-publish","4":"has-post-thumbnail","6":"normes-d4950","7":"product_cat-cat-produit","8":"desktop-align-left","9":"tablet-align-left","10":"mobile-align-left","12":"first","13":"instock","14":"shipping-taxable","15":"product-type-simple"},"acf":[],"yoast_head":"<!-- This site is optimized with the Yoast SEO plugin v27.4 - https:\/\/yoast.com\/product\/yoast-seo-wordpress\/ -->\n<title>Propri\u00e9t\u00e9s anticorrosion des graisses lubrifiantes LIN-TECH | DeltaLabo<\/title>\n<meta name=\"robots\" content=\"noindex, follow, max-snippet:-1, max-image-preview:large, max-video-preview:-1\" \/>\n<meta property=\"og:locale\" content=\"fr_FR\" \/>\n<meta property=\"og:type\" content=\"article\" \/>\n<meta property=\"og:title\" content=\"Propri\u00e9t\u00e9s anticorrosion des graisses lubrifiantes LIN-TECH | DeltaLabo\" \/>\n<meta property=\"og:description\" content=\"Propri\u00e9t\u00e9s anticorrosion des graisses lubrifiantes LIN-TECH :  L&#039;instrument pour les propri\u00e9t\u00e9s anticorrosion des graisses lubrifiantes LIN-TECH est conforme aux normes ASTM D1743 et ASTM D4950.  ASTM D1743 - Propri\u00e9t\u00e9s anticorrosion des graisses lubrifiantes : Cette m\u00e9thode d&#039;essai permet de d\u00e9terminer les propri\u00e9t\u00e9s anticorrosion des graisses sur des roulements lubrifi\u00e9s \u00e0 la graisse et stock\u00e9s en conditions humides. Elle est bas\u00e9e sur la technique CRC L 41, qui \u00e9tablit des corr\u00e9lations entre les r\u00e9sultats de laboratoire et l&#039;utilisation des roulements a\u00e9ronautiques lubrifi\u00e9s \u00e0 la graisse.  ASTM D4950 - Classification et sp\u00e9cification des graisses pour automobiles : Cette sp\u00e9cification couvre les graisses lubrifiantes adapt\u00e9es \u00e0 la relubrification p\u00e9riodique des ch\u00e2ssis et des roulements de roue des voitures, camions et autres v\u00e9hicules.  Caract\u00e9ristiques :   Moteur d&#039;entrainement r\u00e9glable de 0 \u00e0 2000 tr\/min et minuterie de 1 \u00e0 30 min  \u00c9cran TFT avec logiciel d\u00e9di\u00e9 pour la pr\u00e9paration automatique des \u00e9chantillons  Syst\u00e8me de positionnement automatique de la t\u00eate  R\u00e9glage automatique de la force contr\u00f4l\u00e9 en continu  Balance int\u00e9gr\u00e9e avec lecture en temps r\u00e9el jusqu&#039;\u00e0 5 kg  Outils logiciels d&#039;\u00e9talonnage pour le syst\u00e8me de balance  T\u00e9l\u00e9charger la brochure produit : Propri\u00e9t\u00e9s anticorrosion des graisses lubrifiantes LIN-TECH\" \/>\n<meta property=\"og:url\" content=\"https:\/\/webdesi-gn.fr\/dev_deltalabo\/produits\/cat-produit\/proprietes-anticorrosion-des-graisses-lubrifiantes-lin-tech\/\" \/>\n<meta property=\"og:site_name\" content=\"DeltaLabo\" \/>\n<meta property=\"article:modified_time\" content=\"2025-11-24T15:05:42+00:00\" \/>\n<meta property=\"og:image\" content=\"https:\/\/webdesi-gn.fr\/dev_deltalabo\/wp-content\/uploads\/2025\/11\/DELTA-LABO-corrosion-preventive-properties-of-lubricating-greases.png\" \/>\n\t<meta property=\"og:image:width\" content=\"800\" \/>\n\t<meta property=\"og:image:height\" content=\"800\" \/>\n\t<meta property=\"og:image:type\" content=\"image\/png\" \/>\n<meta name=\"twitter:card\" content=\"summary_large_image\" \/>\n<meta name=\"twitter:label1\" content=\"Dur\u00e9e de lecture estim\u00e9e\" \/>\n\t<meta name=\"twitter:data1\" content=\"1 minute\" \/>\n<script type=\"application\/ld+json\" class=\"yoast-schema-graph\">{\"@context\":\"https:\\\/\\\/schema.org\",\"@graph\":[{\"@type\":\"WebPage\",\"@id\":\"https:\\\/\\\/webdesi-gn.fr\\\/dev_deltalabo\\\/produits\\\/cat-produit\\\/proprietes-anticorrosion-des-graisses-lubrifiantes-lin-tech\\\/\",\"url\":\"https:\\\/\\\/webdesi-gn.fr\\\/dev_deltalabo\\\/produits\\\/cat-produit\\\/proprietes-anticorrosion-des-graisses-lubrifiantes-lin-tech\\\/\",\"name\":\"Propri\u00e9t\u00e9s anticorrosion des graisses lubrifiantes LIN-TECH | DeltaLabo\",\"isPartOf\":{\"@id\":\"https:\\\/\\\/webdesi-gn.fr\\\/dev_deltalabo\\\/#website\"},\"primaryImageOfPage\":{\"@id\":\"https:\\\/\\\/webdesi-gn.fr\\\/dev_deltalabo\\\/produits\\\/cat-produit\\\/proprietes-anticorrosion-des-graisses-lubrifiantes-lin-tech\\\/#primaryimage\"},\"image\":{\"@id\":\"https:\\\/\\\/webdesi-gn.fr\\\/dev_deltalabo\\\/produits\\\/cat-produit\\\/proprietes-anticorrosion-des-graisses-lubrifiantes-lin-tech\\\/#primaryimage\"},\"thumbnailUrl\":\"https:\\\/\\\/webdesi-gn.fr\\\/dev_deltalabo\\\/wp-content\\\/uploads\\\/2025\\\/11\\\/DELTA-LABO-corrosion-preventive-properties-of-lubricating-greases.png\",\"datePublished\":\"2025-11-24T14:07:05+00:00\",\"dateModified\":\"2025-11-24T15:05:42+00:00\",\"breadcrumb\":{\"@id\":\"https:\\\/\\\/webdesi-gn.fr\\\/dev_deltalabo\\\/produits\\\/cat-produit\\\/proprietes-anticorrosion-des-graisses-lubrifiantes-lin-tech\\\/#breadcrumb\"},\"inLanguage\":\"fr-FR\",\"potentialAction\":[{\"@type\":\"ReadAction\",\"target\":[\"https:\\\/\\\/webdesi-gn.fr\\\/dev_deltalabo\\\/produits\\\/cat-produit\\\/proprietes-anticorrosion-des-graisses-lubrifiantes-lin-tech\\\/\"]}]},{\"@type\":\"ImageObject\",\"inLanguage\":\"fr-FR\",\"@id\":\"https:\\\/\\\/webdesi-gn.fr\\\/dev_deltalabo\\\/produits\\\/cat-produit\\\/proprietes-anticorrosion-des-graisses-lubrifiantes-lin-tech\\\/#primaryimage\",\"url\":\"https:\\\/\\\/webdesi-gn.fr\\\/dev_deltalabo\\\/wp-content\\\/uploads\\\/2025\\\/11\\\/DELTA-LABO-corrosion-preventive-properties-of-lubricating-greases.png\",\"contentUrl\":\"https:\\\/\\\/webdesi-gn.fr\\\/dev_deltalabo\\\/wp-content\\\/uploads\\\/2025\\\/11\\\/DELTA-LABO-corrosion-preventive-properties-of-lubricating-greases.png\",\"width\":800,\"height\":800},{\"@type\":\"BreadcrumbList\",\"@id\":\"https:\\\/\\\/webdesi-gn.fr\\\/dev_deltalabo\\\/produits\\\/cat-produit\\\/proprietes-anticorrosion-des-graisses-lubrifiantes-lin-tech\\\/#breadcrumb\",\"itemListElement\":[{\"@type\":\"ListItem\",\"position\":1,\"name\":\"Accueil\",\"item\":\"https:\\\/\\\/webdesi-gn.fr\\\/dev_deltalabo\\\/\"},{\"@type\":\"ListItem\",\"position\":2,\"name\":\"Produits\",\"item\":\"https:\\\/\\\/webdesi-gn.fr\\\/dev_deltalabo\\\/produits\\\/\"},{\"@type\":\"ListItem\",\"position\":3,\"name\":\"Propri\u00e9t\u00e9s anticorrosion des graisses lubrifiantes LIN-TECH\"}]},{\"@type\":\"WebSite\",\"@id\":\"https:\\\/\\\/webdesi-gn.fr\\\/dev_deltalabo\\\/#website\",\"url\":\"https:\\\/\\\/webdesi-gn.fr\\\/dev_deltalabo\\\/\",\"name\":\"Delta Labo\",\"description\":\"Un site utilisant WordPress\",\"publisher\":{\"@id\":\"https:\\\/\\\/webdesi-gn.fr\\\/dev_deltalabo\\\/#organization\"},\"alternateName\":\"Delta Labo\",\"potentialAction\":[{\"@type\":\"SearchAction\",\"target\":{\"@type\":\"EntryPoint\",\"urlTemplate\":\"https:\\\/\\\/webdesi-gn.fr\\\/dev_deltalabo\\\/?s={search_term_string}\"},\"query-input\":{\"@type\":\"PropertyValueSpecification\",\"valueRequired\":true,\"valueName\":\"search_term_string\"}}],\"inLanguage\":\"fr-FR\"},{\"@type\":\"Organization\",\"@id\":\"https:\\\/\\\/webdesi-gn.fr\\\/dev_deltalabo\\\/#organization\",\"name\":\"DeltaLabo\",\"url\":\"https:\\\/\\\/webdesi-gn.fr\\\/dev_deltalabo\\\/\",\"logo\":{\"@type\":\"ImageObject\",\"inLanguage\":\"fr-FR\",\"@id\":\"https:\\\/\\\/webdesi-gn.fr\\\/dev_deltalabo\\\/#\\\/schema\\\/logo\\\/image\\\/\",\"url\":\"https:\\\/\\\/webdesi-gn.fr\\\/dev_deltalabo\\\/wp-content\\\/uploads\\\/2022\\\/07\\\/logo-deltalabo.png\",\"contentUrl\":\"https:\\\/\\\/webdesi-gn.fr\\\/dev_deltalabo\\\/wp-content\\\/uploads\\\/2022\\\/07\\\/logo-deltalabo.png\",\"width\":694,\"height\":306,\"caption\":\"DeltaLabo\"},\"image\":{\"@id\":\"https:\\\/\\\/webdesi-gn.fr\\\/dev_deltalabo\\\/#\\\/schema\\\/logo\\\/image\\\/\"}}]}<\/script>\n<!-- \/ Yoast SEO plugin. -->","yoast_head_json":{"title":"Propri\u00e9t\u00e9s anticorrosion des graisses lubrifiantes LIN-TECH | DeltaLabo","robots":{"index":"noindex","follow":"follow","max-snippet":"max-snippet:-1","max-image-preview":"max-image-preview:large","max-video-preview":"max-video-preview:-1"},"og_locale":"fr_FR","og_type":"article","og_title":"Propri\u00e9t\u00e9s anticorrosion des graisses lubrifiantes LIN-TECH | DeltaLabo","og_description":"Propri\u00e9t\u00e9s anticorrosion des graisses lubrifiantes LIN-TECH :  L'instrument pour les propri\u00e9t\u00e9s anticorrosion des graisses lubrifiantes LIN-TECH est conforme aux normes ASTM D1743 et ASTM D4950.  ASTM D1743 - Propri\u00e9t\u00e9s anticorrosion des graisses lubrifiantes : Cette m\u00e9thode d'essai permet de d\u00e9terminer les propri\u00e9t\u00e9s anticorrosion des graisses sur des roulements lubrifi\u00e9s \u00e0 la graisse et stock\u00e9s en conditions humides. Elle est bas\u00e9e sur la technique CRC L 41, qui \u00e9tablit des corr\u00e9lations entre les r\u00e9sultats de laboratoire et l'utilisation des roulements a\u00e9ronautiques lubrifi\u00e9s \u00e0 la graisse.  ASTM D4950 - Classification et sp\u00e9cification des graisses pour automobiles : Cette sp\u00e9cification couvre les graisses lubrifiantes adapt\u00e9es \u00e0 la relubrification p\u00e9riodique des ch\u00e2ssis et des roulements de roue des voitures, camions et autres v\u00e9hicules.  Caract\u00e9ristiques :   Moteur d'entrainement r\u00e9glable de 0 \u00e0 2000 tr\/min et minuterie de 1 \u00e0 30 min  \u00c9cran TFT avec logiciel d\u00e9di\u00e9 pour la pr\u00e9paration automatique des \u00e9chantillons  Syst\u00e8me de positionnement automatique de la t\u00eate  R\u00e9glage automatique de la force contr\u00f4l\u00e9 en continu  Balance int\u00e9gr\u00e9e avec lecture en temps r\u00e9el jusqu'\u00e0 5 kg  Outils logiciels d'\u00e9talonnage pour le syst\u00e8me de balance  T\u00e9l\u00e9charger la brochure produit : Propri\u00e9t\u00e9s anticorrosion des graisses lubrifiantes LIN-TECH","og_url":"https:\/\/webdesi-gn.fr\/dev_deltalabo\/produits\/cat-produit\/proprietes-anticorrosion-des-graisses-lubrifiantes-lin-tech\/","og_site_name":"DeltaLabo","article_modified_time":"2025-11-24T15:05:42+00:00","og_image":[{"width":800,"height":800,"url":"https:\/\/webdesi-gn.fr\/dev_deltalabo\/wp-content\/uploads\/2025\/11\/DELTA-LABO-corrosion-preventive-properties-of-lubricating-greases.png","type":"image\/png"}],"twitter_card":"summary_large_image","twitter_misc":{"Dur\u00e9e de lecture estim\u00e9e":"1 minute"},"schema":{"@context":"https:\/\/schema.org","@graph":[{"@type":"WebPage","@id":"https:\/\/webdesi-gn.fr\/dev_deltalabo\/produits\/cat-produit\/proprietes-anticorrosion-des-graisses-lubrifiantes-lin-tech\/","url":"https:\/\/webdesi-gn.fr\/dev_deltalabo\/produits\/cat-produit\/proprietes-anticorrosion-des-graisses-lubrifiantes-lin-tech\/","name":"Propri\u00e9t\u00e9s anticorrosion des graisses lubrifiantes LIN-TECH | DeltaLabo","isPartOf":{"@id":"https:\/\/webdesi-gn.fr\/dev_deltalabo\/#website"},"primaryImageOfPage":{"@id":"https:\/\/webdesi-gn.fr\/dev_deltalabo\/produits\/cat-produit\/proprietes-anticorrosion-des-graisses-lubrifiantes-lin-tech\/#primaryimage"},"image":{"@id":"https:\/\/webdesi-gn.fr\/dev_deltalabo\/produits\/cat-produit\/proprietes-anticorrosion-des-graisses-lubrifiantes-lin-tech\/#primaryimage"},"thumbnailUrl":"https:\/\/webdesi-gn.fr\/dev_deltalabo\/wp-content\/uploads\/2025\/11\/DELTA-LABO-corrosion-preventive-properties-of-lubricating-greases.png","datePublished":"2025-11-24T14:07:05+00:00","dateModified":"2025-11-24T15:05:42+00:00","breadcrumb":{"@id":"https:\/\/webdesi-gn.fr\/dev_deltalabo\/produits\/cat-produit\/proprietes-anticorrosion-des-graisses-lubrifiantes-lin-tech\/#breadcrumb"},"inLanguage":"fr-FR","potentialAction":[{"@type":"ReadAction","target":["https:\/\/webdesi-gn.fr\/dev_deltalabo\/produits\/cat-produit\/proprietes-anticorrosion-des-graisses-lubrifiantes-lin-tech\/"]}]},{"@type":"ImageObject","inLanguage":"fr-FR","@id":"https:\/\/webdesi-gn.fr\/dev_deltalabo\/produits\/cat-produit\/proprietes-anticorrosion-des-graisses-lubrifiantes-lin-tech\/#primaryimage","url":"https:\/\/webdesi-gn.fr\/dev_deltalabo\/wp-content\/uploads\/2025\/11\/DELTA-LABO-corrosion-preventive-properties-of-lubricating-greases.png","contentUrl":"https:\/\/webdesi-gn.fr\/dev_deltalabo\/wp-content\/uploads\/2025\/11\/DELTA-LABO-corrosion-preventive-properties-of-lubricating-greases.png","width":800,"height":800},{"@type":"BreadcrumbList","@id":"https:\/\/webdesi-gn.fr\/dev_deltalabo\/produits\/cat-produit\/proprietes-anticorrosion-des-graisses-lubrifiantes-lin-tech\/#breadcrumb","itemListElement":[{"@type":"ListItem","position":1,"name":"Accueil","item":"https:\/\/webdesi-gn.fr\/dev_deltalabo\/"},{"@type":"ListItem","position":2,"name":"Produits","item":"https:\/\/webdesi-gn.fr\/dev_deltalabo\/produits\/"},{"@type":"ListItem","position":3,"name":"Propri\u00e9t\u00e9s anticorrosion des graisses lubrifiantes LIN-TECH"}]},{"@type":"WebSite","@id":"https:\/\/webdesi-gn.fr\/dev_deltalabo\/#website","url":"https:\/\/webdesi-gn.fr\/dev_deltalabo\/","name":"Delta Labo","description":"Un site utilisant WordPress","publisher":{"@id":"https:\/\/webdesi-gn.fr\/dev_deltalabo\/#organization"},"alternateName":"Delta Labo","potentialAction":[{"@type":"SearchAction","target":{"@type":"EntryPoint","urlTemplate":"https:\/\/webdesi-gn.fr\/dev_deltalabo\/?s={search_term_string}"},"query-input":{"@type":"PropertyValueSpecification","valueRequired":true,"valueName":"search_term_string"}}],"inLanguage":"fr-FR"},{"@type":"Organization","@id":"https:\/\/webdesi-gn.fr\/dev_deltalabo\/#organization","name":"DeltaLabo","url":"https:\/\/webdesi-gn.fr\/dev_deltalabo\/","logo":{"@type":"ImageObject","inLanguage":"fr-FR","@id":"https:\/\/webdesi-gn.fr\/dev_deltalabo\/#\/schema\/logo\/image\/","url":"https:\/\/webdesi-gn.fr\/dev_deltalabo\/wp-content\/uploads\/2022\/07\/logo-deltalabo.png","contentUrl":"https:\/\/webdesi-gn.fr\/dev_deltalabo\/wp-content\/uploads\/2022\/07\/logo-deltalabo.png","width":694,"height":306,"caption":"DeltaLabo"},"image":{"@id":"https:\/\/webdesi-gn.fr\/dev_deltalabo\/#\/schema\/logo\/image\/"}}]}},"_links":{"self":[{"href":"https:\/\/webdesi-gn.fr\/dev_deltalabo\/wp-json\/wp\/v2\/product\/262416","targetHints":{"allow":["GET"]}}],"collection":[{"href":"https:\/\/webdesi-gn.fr\/dev_deltalabo\/wp-json\/wp\/v2\/product"}],"about":[{"href":"https:\/\/webdesi-gn.fr\/dev_deltalabo\/wp-json\/wp\/v2\/types\/product"}],"wp:featuredmedia":[{"embeddable":true,"href":"https:\/\/webdesi-gn.fr\/dev_deltalabo\/wp-json\/wp\/v2\/media\/262481"}],"wp:attachment":[{"href":"https:\/\/webdesi-gn.fr\/dev_deltalabo\/wp-json\/wp\/v2\/media?parent=262416"}],"wp:term":[{"taxonomy":"domaine","embeddable":true,"href":"https:\/\/webdesi-gn.fr\/dev_deltalabo\/wp-json\/wp\/v2\/domaine?post=262416"},{"taxonomy":"normes","embeddable":true,"href":"https:\/\/webdesi-gn.fr\/dev_deltalabo\/wp-json\/wp\/v2\/normes?post=262416"},{"taxonomy":"product_brand","embeddable":true,"href":"https:\/\/webdesi-gn.fr\/dev_deltalabo\/wp-json\/wp\/v2\/product_brand?post=262416"},{"taxonomy":"product_cat","embeddable":true,"href":"https:\/\/webdesi-gn.fr\/dev_deltalabo\/wp-json\/wp\/v2\/product_cat?post=262416"},{"taxonomy":"product_tag","embeddable":true,"href":"https:\/\/webdesi-gn.fr\/dev_deltalabo\/wp-json\/wp\/v2\/product_tag?post=262416"}],"curies":[{"name":"wp","href":"https:\/\/api.w.org\/{rel}","templated":true}]}}