{"id":262541,"date":"2025-11-24T15:11:30","date_gmt":"2025-11-24T14:11:30","guid":{"rendered":"https:\/\/webdesi-gn.fr\/dev_deltalabo\/?post_type=product&#038;p=262541"},"modified":"2025-11-24T16:29:21","modified_gmt":"2025-11-24T15:29:21","slug":"instrument-de-mesure-de-la-conductivite-mba-instruments-mla1000","status":"publish","type":"product","link":"https:\/\/webdesi-gn.fr\/dev_deltalabo\/produits\/categories\/instrument-de-mesure-de-la-conductivite-mba-instruments-mla1000\/","title":{"rendered":"Instrument de mesure de la conductivit\u00e9 MBA Instruments &#8211; MLA1000"},"content":{"rendered":"","protected":false},"excerpt":{"rendered":"<p><strong>Instrument de mesure de la conductivit\u00e9 MBA Instruments &#8211; MLA1000 :<\/strong><\/p>\n<p>L&rsquo;instrument de mesure de la conductivit\u00e9 &#8211; MLA1000 de chez MBA Instruments permet de m<span class=\"Y2IQFc\" lang=\"fr\">esurer en continue la conductivit\u00e9 et la temp\u00e9rature dans les huiles min\u00e9rales l\u00e9g\u00e8res\u00a0<\/span><span class=\"Y2IQFc\" lang=\"fr\">conform\u00e9ment \u00e0 la norme ASTM D2624 et en zone ATEX<\/span><span class=\"Y2IQFc\" lang=\"fr\">. Il <span dir=\"auto\">peut \u00eatre utilis\u00e9, par exemple, pour les j<\/span>ets de k\u00e9ros\u00e8ne A-1, les huiles hydrauliques, les huiles de silicone, les solvants, les huiles de laminage.<\/span><\/p>\n<p><span dir=\"auto\">Le MLA1000 mesure une conductivit\u00e9 moyenne de 50 \u00e0 15 000 picosiemens\/m\u00e8tre (pS\/m), garantissant ainsi un haut niveau de s\u00e9curit\u00e9 lors du pompage et de la manipulation de liquides dangereux. <\/span><\/p>\n<p>Caract\u00e9ristiques :<\/p>\n<ul class=\"unstyled-list\">\n<li><span dir=\"auto\">Conductivit\u00e9 \u00e9lectrique jusqu&rsquo;\u00e0 15 000 pS\/m<\/span><\/li>\n<li><span dir=\"auto\">Mesures de temp\u00e9rature de -20\u00b0C \u00e0 60\u00b0C<\/span><\/li>\n<li><span dir=\"auto\">Signal de sortie : 4..20 mA\u00a0<\/span><\/li>\n<li><span dir=\"auto\">V\u00e9rification simple du fonctionnement et de la pr\u00e9cision de l&rsquo;affichage<\/span><\/li>\n<li><span dir=\"auto\">Montage s\u00e9par\u00e9 de l&rsquo;\u00e9cran possible<\/span><\/li>\n<li><span dir=\"auto\">En option : manchon coulissant pour r\u00e9gler la profondeur d&rsquo;immersion\u00a0<\/span><\/li>\n<\/ul>\n<p><strong>T\u00e9l\u00e9charger la brochure produit :<\/strong> <a href=\"https:\/\/www.deltalabo.fr\/wp-content\/uploads\/2025\/09\/MLA1000-product-series-info-data-sheet-En_2023-03-DL.pdf\">Instrument de mesure de la conductivit\u00e9 MBA Instruments &#8211; MLA1000<\/a><\/p>\n","protected":false},"featured_media":262636,"template":"","meta":{"_acf_changed":false,"site-sidebar-layout":"default","site-content-layout":"","ast-site-content-layout":"default","site-content-style":"default","site-sidebar-style":"default","ast-global-header-display":"","ast-banner-title-visibility":"","ast-main-header-display":"","ast-hfb-above-header-display":"","ast-hfb-below-header-display":"","ast-hfb-mobile-header-display":"","site-post-title":"","ast-breadcrumbs-content":"","ast-featured-img":"","footer-sml-layout":"","ast-disable-related-posts":"","theme-transparent-header-meta":"default","adv-header-id-meta":"","stick-header-meta":"","header-above-stick-meta":"","header-main-stick-meta":"","header-below-stick-meta":"","astra-migrate-meta-layouts":"set","ast-page-background-enabled":"default","ast-page-background-meta":{"desktop":{"background-color":"var(--ast-global-color-5)","background-image":"","background-repeat":"repeat","background-position":"center center","background-size":"auto","background-attachment":"scroll","background-type":"","background-media":"","overlay-type":"","overlay-color":"","overlay-opacity":"","overlay-gradient":""},"tablet":{"background-color":"","background-image":"","background-repeat":"repeat","background-position":"center center","background-size":"auto","background-attachment":"scroll","background-type":"","background-media":"","overlay-type":"","overlay-color":"","overlay-opacity":"","overlay-gradient":""},"mobile":{"background-color":"","background-image":"","background-repeat":"repeat","background-position":"center center","background-size":"auto","background-attachment":"scroll","background-type":"","background-media":"","overlay-type":"","overlay-color":"","overlay-opacity":"","overlay-gradient":""}},"ast-content-background-meta":{"desktop":{"background-color":"var(--ast-global-color-4)","background-image":"","background-repeat":"repeat","background-position":"center center","background-size":"auto","background-attachment":"scroll","background-type":"","background-media":"","overlay-type":"","overlay-color":"","overlay-opacity":"","overlay-gradient":""},"tablet":{"background-color":"var(--ast-global-color-4)","background-image":"","background-repeat":"repeat","background-position":"center center","background-size":"auto","background-attachment":"scroll","background-type":"","background-media":"","overlay-type":"","overlay-color":"","overlay-opacity":"","overlay-gradient":""},"mobile":{"background-color":"var(--ast-global-color-4)","background-image":"","background-repeat":"repeat","background-position":"center center","background-size":"auto","background-attachment":"scroll","background-type":"","background-media":"","overlay-type":"","overlay-color":"","overlay-opacity":"","overlay-gradient":""}}},"domaine":[],"normes":[3319],"product_brand":[],"product_cat":[17240],"product_tag":[],"class_list":{"0":"post-262541","1":"product","2":"type-product","3":"status-publish","4":"has-post-thumbnail","6":"normes-d2624","7":"product_cat-categories","8":"desktop-align-left","9":"tablet-align-left","10":"mobile-align-left","12":"first","13":"instock","14":"shipping-taxable","15":"product-type-simple"},"acf":[],"yoast_head":"<!-- This site is optimized with the Yoast SEO plugin v27.4 - https:\/\/yoast.com\/product\/yoast-seo-wordpress\/ -->\n<title>Instrument de mesure de la conductivit\u00e9 MBA Instruments - MLA1000 | DeltaLabo<\/title>\n<meta name=\"robots\" content=\"noindex, follow, max-snippet:-1, max-image-preview:large, max-video-preview:-1\" \/>\n<meta property=\"og:locale\" content=\"fr_FR\" \/>\n<meta property=\"og:type\" content=\"article\" \/>\n<meta property=\"og:title\" content=\"Instrument de mesure de la conductivit\u00e9 MBA Instruments - MLA1000 | DeltaLabo\" \/>\n<meta property=\"og:description\" content=\"Instrument de mesure de la conductivit\u00e9 MBA Instruments - MLA1000 :  L&#039;instrument de mesure de la conductivit\u00e9 - MLA1000 de chez MBA Instruments permet de mesurer en continue la conductivit\u00e9 et la temp\u00e9rature dans les huiles min\u00e9rales l\u00e9g\u00e8res\u00a0conform\u00e9ment \u00e0 la norme ASTM D2624 et en zone ATEX. Il peut \u00eatre utilis\u00e9, par exemple, pour les jets de k\u00e9ros\u00e8ne A-1, les huiles hydrauliques, les huiles de silicone, les solvants, les huiles de laminage.  Le MLA1000 mesure une conductivit\u00e9 moyenne de 50 \u00e0 15 000 picosiemens\/m\u00e8tre (pS\/m), garantissant ainsi un haut niveau de s\u00e9curit\u00e9 lors du pompage et de la manipulation de liquides dangereux.   Caract\u00e9ristiques :   Conductivit\u00e9 \u00e9lectrique jusqu&#039;\u00e0 15 000 pS\/m  Mesures de temp\u00e9rature de -20\u00b0C \u00e0 60\u00b0C  Signal de sortie : 4..20 mA\u00a0  V\u00e9rification simple du fonctionnement et de la pr\u00e9cision de l&#039;affichage  Montage s\u00e9par\u00e9 de l&#039;\u00e9cran possible  En option : manchon coulissant pour r\u00e9gler la profondeur d&#039;immersion\u00a0  T\u00e9l\u00e9charger la brochure produit : Instrument de mesure de la conductivit\u00e9 MBA Instruments - MLA1000\" \/>\n<meta property=\"og:url\" content=\"https:\/\/webdesi-gn.fr\/dev_deltalabo\/produits\/categories\/instrument-de-mesure-de-la-conductivite-mba-instruments-mla1000\/\" \/>\n<meta property=\"og:site_name\" content=\"DeltaLabo\" \/>\n<meta property=\"article:modified_time\" content=\"2025-11-24T15:29:21+00:00\" \/>\n<meta property=\"og:image\" content=\"https:\/\/webdesi-gn.fr\/dev_deltalabo\/wp-content\/uploads\/2025\/11\/DELTA-LABO-mla1000.jpg\" \/>\n\t<meta property=\"og:image:width\" content=\"600\" \/>\n\t<meta property=\"og:image:height\" content=\"600\" \/>\n\t<meta property=\"og:image:type\" content=\"image\/jpeg\" \/>\n<meta name=\"twitter:card\" content=\"summary_large_image\" \/>\n<meta name=\"twitter:label1\" content=\"Dur\u00e9e de lecture estim\u00e9e\" \/>\n\t<meta name=\"twitter:data1\" content=\"1 minute\" \/>\n<script type=\"application\/ld+json\" class=\"yoast-schema-graph\">{\"@context\":\"https:\\\/\\\/schema.org\",\"@graph\":[{\"@type\":\"WebPage\",\"@id\":\"https:\\\/\\\/webdesi-gn.fr\\\/dev_deltalabo\\\/produits\\\/categories\\\/instrument-de-mesure-de-la-conductivite-mba-instruments-mla1000\\\/\",\"url\":\"https:\\\/\\\/webdesi-gn.fr\\\/dev_deltalabo\\\/produits\\\/categories\\\/instrument-de-mesure-de-la-conductivite-mba-instruments-mla1000\\\/\",\"name\":\"Instrument de mesure de la conductivit\u00e9 MBA Instruments - MLA1000 | DeltaLabo\",\"isPartOf\":{\"@id\":\"https:\\\/\\\/webdesi-gn.fr\\\/dev_deltalabo\\\/#website\"},\"primaryImageOfPage\":{\"@id\":\"https:\\\/\\\/webdesi-gn.fr\\\/dev_deltalabo\\\/produits\\\/categories\\\/instrument-de-mesure-de-la-conductivite-mba-instruments-mla1000\\\/#primaryimage\"},\"image\":{\"@id\":\"https:\\\/\\\/webdesi-gn.fr\\\/dev_deltalabo\\\/produits\\\/categories\\\/instrument-de-mesure-de-la-conductivite-mba-instruments-mla1000\\\/#primaryimage\"},\"thumbnailUrl\":\"https:\\\/\\\/webdesi-gn.fr\\\/dev_deltalabo\\\/wp-content\\\/uploads\\\/2025\\\/11\\\/DELTA-LABO-mla1000.jpg\",\"datePublished\":\"2025-11-24T14:11:30+00:00\",\"dateModified\":\"2025-11-24T15:29:21+00:00\",\"breadcrumb\":{\"@id\":\"https:\\\/\\\/webdesi-gn.fr\\\/dev_deltalabo\\\/produits\\\/categories\\\/instrument-de-mesure-de-la-conductivite-mba-instruments-mla1000\\\/#breadcrumb\"},\"inLanguage\":\"fr-FR\",\"potentialAction\":[{\"@type\":\"ReadAction\",\"target\":[\"https:\\\/\\\/webdesi-gn.fr\\\/dev_deltalabo\\\/produits\\\/categories\\\/instrument-de-mesure-de-la-conductivite-mba-instruments-mla1000\\\/\"]}]},{\"@type\":\"ImageObject\",\"inLanguage\":\"fr-FR\",\"@id\":\"https:\\\/\\\/webdesi-gn.fr\\\/dev_deltalabo\\\/produits\\\/categories\\\/instrument-de-mesure-de-la-conductivite-mba-instruments-mla1000\\\/#primaryimage\",\"url\":\"https:\\\/\\\/webdesi-gn.fr\\\/dev_deltalabo\\\/wp-content\\\/uploads\\\/2025\\\/11\\\/DELTA-LABO-mla1000.jpg\",\"contentUrl\":\"https:\\\/\\\/webdesi-gn.fr\\\/dev_deltalabo\\\/wp-content\\\/uploads\\\/2025\\\/11\\\/DELTA-LABO-mla1000.jpg\",\"width\":600,\"height\":600},{\"@type\":\"BreadcrumbList\",\"@id\":\"https:\\\/\\\/webdesi-gn.fr\\\/dev_deltalabo\\\/produits\\\/categories\\\/instrument-de-mesure-de-la-conductivite-mba-instruments-mla1000\\\/#breadcrumb\",\"itemListElement\":[{\"@type\":\"ListItem\",\"position\":1,\"name\":\"Accueil\",\"item\":\"https:\\\/\\\/webdesi-gn.fr\\\/dev_deltalabo\\\/\"},{\"@type\":\"ListItem\",\"position\":2,\"name\":\"Produits\",\"item\":\"https:\\\/\\\/webdesi-gn.fr\\\/dev_deltalabo\\\/produits\\\/\"},{\"@type\":\"ListItem\",\"position\":3,\"name\":\"Instrument de mesure de la conductivit\u00e9 MBA Instruments &#8211; MLA1000\"}]},{\"@type\":\"WebSite\",\"@id\":\"https:\\\/\\\/webdesi-gn.fr\\\/dev_deltalabo\\\/#website\",\"url\":\"https:\\\/\\\/webdesi-gn.fr\\\/dev_deltalabo\\\/\",\"name\":\"Delta Labo\",\"description\":\"Un site utilisant WordPress\",\"publisher\":{\"@id\":\"https:\\\/\\\/webdesi-gn.fr\\\/dev_deltalabo\\\/#organization\"},\"alternateName\":\"Delta Labo\",\"potentialAction\":[{\"@type\":\"SearchAction\",\"target\":{\"@type\":\"EntryPoint\",\"urlTemplate\":\"https:\\\/\\\/webdesi-gn.fr\\\/dev_deltalabo\\\/?s={search_term_string}\"},\"query-input\":{\"@type\":\"PropertyValueSpecification\",\"valueRequired\":true,\"valueName\":\"search_term_string\"}}],\"inLanguage\":\"fr-FR\"},{\"@type\":\"Organization\",\"@id\":\"https:\\\/\\\/webdesi-gn.fr\\\/dev_deltalabo\\\/#organization\",\"name\":\"DeltaLabo\",\"url\":\"https:\\\/\\\/webdesi-gn.fr\\\/dev_deltalabo\\\/\",\"logo\":{\"@type\":\"ImageObject\",\"inLanguage\":\"fr-FR\",\"@id\":\"https:\\\/\\\/webdesi-gn.fr\\\/dev_deltalabo\\\/#\\\/schema\\\/logo\\\/image\\\/\",\"url\":\"https:\\\/\\\/webdesi-gn.fr\\\/dev_deltalabo\\\/wp-content\\\/uploads\\\/2022\\\/07\\\/logo-deltalabo.png\",\"contentUrl\":\"https:\\\/\\\/webdesi-gn.fr\\\/dev_deltalabo\\\/wp-content\\\/uploads\\\/2022\\\/07\\\/logo-deltalabo.png\",\"width\":694,\"height\":306,\"caption\":\"DeltaLabo\"},\"image\":{\"@id\":\"https:\\\/\\\/webdesi-gn.fr\\\/dev_deltalabo\\\/#\\\/schema\\\/logo\\\/image\\\/\"}}]}<\/script>\n<!-- \/ Yoast SEO plugin. -->","yoast_head_json":{"title":"Instrument de mesure de la conductivit\u00e9 MBA Instruments - MLA1000 | DeltaLabo","robots":{"index":"noindex","follow":"follow","max-snippet":"max-snippet:-1","max-image-preview":"max-image-preview:large","max-video-preview":"max-video-preview:-1"},"og_locale":"fr_FR","og_type":"article","og_title":"Instrument de mesure de la conductivit\u00e9 MBA Instruments - MLA1000 | DeltaLabo","og_description":"Instrument de mesure de la conductivit\u00e9 MBA Instruments - MLA1000 :  L'instrument de mesure de la conductivit\u00e9 - MLA1000 de chez MBA Instruments permet de mesurer en continue la conductivit\u00e9 et la temp\u00e9rature dans les huiles min\u00e9rales l\u00e9g\u00e8res\u00a0conform\u00e9ment \u00e0 la norme ASTM D2624 et en zone ATEX. Il peut \u00eatre utilis\u00e9, par exemple, pour les jets de k\u00e9ros\u00e8ne A-1, les huiles hydrauliques, les huiles de silicone, les solvants, les huiles de laminage.  Le MLA1000 mesure une conductivit\u00e9 moyenne de 50 \u00e0 15 000 picosiemens\/m\u00e8tre (pS\/m), garantissant ainsi un haut niveau de s\u00e9curit\u00e9 lors du pompage et de la manipulation de liquides dangereux.   Caract\u00e9ristiques :   Conductivit\u00e9 \u00e9lectrique jusqu'\u00e0 15 000 pS\/m  Mesures de temp\u00e9rature de -20\u00b0C \u00e0 60\u00b0C  Signal de sortie : 4..20 mA\u00a0  V\u00e9rification simple du fonctionnement et de la pr\u00e9cision de l'affichage  Montage s\u00e9par\u00e9 de l'\u00e9cran possible  En option : manchon coulissant pour r\u00e9gler la profondeur d'immersion\u00a0  T\u00e9l\u00e9charger la brochure produit : Instrument de mesure de la conductivit\u00e9 MBA Instruments - MLA1000","og_url":"https:\/\/webdesi-gn.fr\/dev_deltalabo\/produits\/categories\/instrument-de-mesure-de-la-conductivite-mba-instruments-mla1000\/","og_site_name":"DeltaLabo","article_modified_time":"2025-11-24T15:29:21+00:00","og_image":[{"width":600,"height":600,"url":"https:\/\/webdesi-gn.fr\/dev_deltalabo\/wp-content\/uploads\/2025\/11\/DELTA-LABO-mla1000.jpg","type":"image\/jpeg"}],"twitter_card":"summary_large_image","twitter_misc":{"Dur\u00e9e de lecture estim\u00e9e":"1 minute"},"schema":{"@context":"https:\/\/schema.org","@graph":[{"@type":"WebPage","@id":"https:\/\/webdesi-gn.fr\/dev_deltalabo\/produits\/categories\/instrument-de-mesure-de-la-conductivite-mba-instruments-mla1000\/","url":"https:\/\/webdesi-gn.fr\/dev_deltalabo\/produits\/categories\/instrument-de-mesure-de-la-conductivite-mba-instruments-mla1000\/","name":"Instrument de mesure de la conductivit\u00e9 MBA Instruments - MLA1000 | DeltaLabo","isPartOf":{"@id":"https:\/\/webdesi-gn.fr\/dev_deltalabo\/#website"},"primaryImageOfPage":{"@id":"https:\/\/webdesi-gn.fr\/dev_deltalabo\/produits\/categories\/instrument-de-mesure-de-la-conductivite-mba-instruments-mla1000\/#primaryimage"},"image":{"@id":"https:\/\/webdesi-gn.fr\/dev_deltalabo\/produits\/categories\/instrument-de-mesure-de-la-conductivite-mba-instruments-mla1000\/#primaryimage"},"thumbnailUrl":"https:\/\/webdesi-gn.fr\/dev_deltalabo\/wp-content\/uploads\/2025\/11\/DELTA-LABO-mla1000.jpg","datePublished":"2025-11-24T14:11:30+00:00","dateModified":"2025-11-24T15:29:21+00:00","breadcrumb":{"@id":"https:\/\/webdesi-gn.fr\/dev_deltalabo\/produits\/categories\/instrument-de-mesure-de-la-conductivite-mba-instruments-mla1000\/#breadcrumb"},"inLanguage":"fr-FR","potentialAction":[{"@type":"ReadAction","target":["https:\/\/webdesi-gn.fr\/dev_deltalabo\/produits\/categories\/instrument-de-mesure-de-la-conductivite-mba-instruments-mla1000\/"]}]},{"@type":"ImageObject","inLanguage":"fr-FR","@id":"https:\/\/webdesi-gn.fr\/dev_deltalabo\/produits\/categories\/instrument-de-mesure-de-la-conductivite-mba-instruments-mla1000\/#primaryimage","url":"https:\/\/webdesi-gn.fr\/dev_deltalabo\/wp-content\/uploads\/2025\/11\/DELTA-LABO-mla1000.jpg","contentUrl":"https:\/\/webdesi-gn.fr\/dev_deltalabo\/wp-content\/uploads\/2025\/11\/DELTA-LABO-mla1000.jpg","width":600,"height":600},{"@type":"BreadcrumbList","@id":"https:\/\/webdesi-gn.fr\/dev_deltalabo\/produits\/categories\/instrument-de-mesure-de-la-conductivite-mba-instruments-mla1000\/#breadcrumb","itemListElement":[{"@type":"ListItem","position":1,"name":"Accueil","item":"https:\/\/webdesi-gn.fr\/dev_deltalabo\/"},{"@type":"ListItem","position":2,"name":"Produits","item":"https:\/\/webdesi-gn.fr\/dev_deltalabo\/produits\/"},{"@type":"ListItem","position":3,"name":"Instrument de mesure de la conductivit\u00e9 MBA Instruments &#8211; MLA1000"}]},{"@type":"WebSite","@id":"https:\/\/webdesi-gn.fr\/dev_deltalabo\/#website","url":"https:\/\/webdesi-gn.fr\/dev_deltalabo\/","name":"Delta Labo","description":"Un site utilisant WordPress","publisher":{"@id":"https:\/\/webdesi-gn.fr\/dev_deltalabo\/#organization"},"alternateName":"Delta Labo","potentialAction":[{"@type":"SearchAction","target":{"@type":"EntryPoint","urlTemplate":"https:\/\/webdesi-gn.fr\/dev_deltalabo\/?s={search_term_string}"},"query-input":{"@type":"PropertyValueSpecification","valueRequired":true,"valueName":"search_term_string"}}],"inLanguage":"fr-FR"},{"@type":"Organization","@id":"https:\/\/webdesi-gn.fr\/dev_deltalabo\/#organization","name":"DeltaLabo","url":"https:\/\/webdesi-gn.fr\/dev_deltalabo\/","logo":{"@type":"ImageObject","inLanguage":"fr-FR","@id":"https:\/\/webdesi-gn.fr\/dev_deltalabo\/#\/schema\/logo\/image\/","url":"https:\/\/webdesi-gn.fr\/dev_deltalabo\/wp-content\/uploads\/2022\/07\/logo-deltalabo.png","contentUrl":"https:\/\/webdesi-gn.fr\/dev_deltalabo\/wp-content\/uploads\/2022\/07\/logo-deltalabo.png","width":694,"height":306,"caption":"DeltaLabo"},"image":{"@id":"https:\/\/webdesi-gn.fr\/dev_deltalabo\/#\/schema\/logo\/image\/"}}]}},"_links":{"self":[{"href":"https:\/\/webdesi-gn.fr\/dev_deltalabo\/wp-json\/wp\/v2\/product\/262541","targetHints":{"allow":["GET"]}}],"collection":[{"href":"https:\/\/webdesi-gn.fr\/dev_deltalabo\/wp-json\/wp\/v2\/product"}],"about":[{"href":"https:\/\/webdesi-gn.fr\/dev_deltalabo\/wp-json\/wp\/v2\/types\/product"}],"wp:featuredmedia":[{"embeddable":true,"href":"https:\/\/webdesi-gn.fr\/dev_deltalabo\/wp-json\/wp\/v2\/media\/262636"}],"wp:attachment":[{"href":"https:\/\/webdesi-gn.fr\/dev_deltalabo\/wp-json\/wp\/v2\/media?parent=262541"}],"wp:term":[{"taxonomy":"domaine","embeddable":true,"href":"https:\/\/webdesi-gn.fr\/dev_deltalabo\/wp-json\/wp\/v2\/domaine?post=262541"},{"taxonomy":"normes","embeddable":true,"href":"https:\/\/webdesi-gn.fr\/dev_deltalabo\/wp-json\/wp\/v2\/normes?post=262541"},{"taxonomy":"product_brand","embeddable":true,"href":"https:\/\/webdesi-gn.fr\/dev_deltalabo\/wp-json\/wp\/v2\/product_brand?post=262541"},{"taxonomy":"product_cat","embeddable":true,"href":"https:\/\/webdesi-gn.fr\/dev_deltalabo\/wp-json\/wp\/v2\/product_cat?post=262541"},{"taxonomy":"product_tag","embeddable":true,"href":"https:\/\/webdesi-gn.fr\/dev_deltalabo\/wp-json\/wp\/v2\/product_tag?post=262541"}],"curies":[{"name":"wp","href":"https:\/\/api.w.org\/{rel}","templated":true}]}}