{"id":262608,"date":"2025-11-24T15:14:02","date_gmt":"2025-11-24T14:14:02","guid":{"rendered":"https:\/\/webdesi-gn.fr\/dev_deltalabo\/?post_type=product&#038;p=262608"},"modified":"2026-03-27T09:50:25","modified_gmt":"2026-03-27T08:50:25","slug":"pastilles-auxiliaires-de-broyage-herzog","status":"publish","type":"product","link":"https:\/\/webdesi-gn.fr\/dev_deltalabo\/produits\/cimenterie-materiaux\/presse\/pastilles-auxiliaires-de-broyage-herzog\/","title":{"rendered":"Pastilles, auxiliaires de broyage HERZOG"},"content":{"rendered":"","protected":false},"excerpt":{"rendered":"<p><strong>Pastilles, auxiliaires de broyage HERZOG :<\/strong><\/p>\n<p>Dans le domaine de la fluorescence X, le broyage des \u00e9chantillons suivi d&rsquo;un pastillage est une \u00e9tape cl\u00e9 pour l&rsquo;obtention d&rsquo;\u00e9chantillons repr\u00e9sentatifs. La pr\u00e9cision de l&rsquo;analyse XRF est fortement influenc\u00e9e par la taille des particules de l&rsquo;\u00e9chantillon broy\u00e9 ainsi que par l&rsquo;homog\u00e9n\u00e9it\u00e9 et la stabilit\u00e9 de la pastille. Les auxiliaires de broyage Herzog \u00e0 base de cire et de paraffine permettent d&rsquo;optimiser les processus de broyage et de pastillage.<\/p>\n<ul>\n<li>Facilit\u00e9 d&rsquo;utilisation dans les syst\u00e8mes de dosage automatiques<\/li>\n<li>Poids constant et facilit\u00e9 de stockage des pastilles<\/li>\n<li>Surface robuste, abrasion minimale dans les r\u00e9servoirs de dosage<\/li>\n<li>Temps de broyage raccourci et finesse optimis\u00e9e<\/li>\n<li>Permet un d\u00e9bit plus important<\/li>\n<li>Comprim\u00e9s stables et donc aucune contamination dans les instruments XRF<\/li>\n<\/ul>\n<p><strong>T\u00e9l\u00e9charger les brochures produit :<\/strong> <a href=\"https:\/\/www.deltalabo.fr\/wp-content\/uploads\/2025\/08\/7-4299-222222-2-HMPA-20-data-sheet-engl-DL.pdf\">Auxiliaire de broyage HMPA 20\u00a0 \/\u00a0 <\/a><a href=\"https:\/\/www.deltalabo.fr\/wp-content\/uploads\/2025\/08\/6-0110-335757-1-HMPA-40-engl-DL.pdf\">Auxiliaire de broyage HMPA 40\u00a0 \/\u00a0 <\/a><a href=\"https:\/\/www.deltalabo.fr\/wp-content\/uploads\/2025\/08\/6-0110-349534-8-HMPA-50-engl-DL.pdf\">Auxiliaire de broyage HMPA 50\u00a0 \/\u00a0 <\/a><a href=\"https:\/\/www.deltalabo.fr\/wp-content\/uploads\/2025\/08\/6-0110-367221-9-HMPA-100-engl-DL.pdf\">Auxiliaire de broyage HMPA 100 \u00a0<\/a>\/\u00a0 <a href=\"https:\/\/www.deltalabo.fr\/wp-content\/uploads\/2025\/08\/7-4299-335766-2-PE-190-engl-DL.pdf\">Auxiliaire de broyage PE 190<\/a><\/p>\n","protected":false},"featured_media":262697,"template":"","meta":{"_acf_changed":false,"site-sidebar-layout":"default","site-content-layout":"","ast-site-content-layout":"default","site-content-style":"default","site-sidebar-style":"default","ast-global-header-display":"","ast-banner-title-visibility":"","ast-main-header-display":"","ast-hfb-above-header-display":"","ast-hfb-below-header-display":"","ast-hfb-mobile-header-display":"","site-post-title":"","ast-breadcrumbs-content":"","ast-featured-img":"","footer-sml-layout":"","ast-disable-related-posts":"","theme-transparent-header-meta":"default","adv-header-id-meta":"","stick-header-meta":"","header-above-stick-meta":"","header-main-stick-meta":"","header-below-stick-meta":"","astra-migrate-meta-layouts":"set","ast-page-background-enabled":"default","ast-page-background-meta":{"desktop":{"background-color":"var(--ast-global-color-5)","background-image":"","background-repeat":"repeat","background-position":"center center","background-size":"auto","background-attachment":"scroll","background-type":"","background-media":"","overlay-type":"","overlay-color":"","overlay-opacity":"","overlay-gradient":""},"tablet":{"background-color":"","background-image":"","background-repeat":"repeat","background-position":"center center","background-size":"auto","background-attachment":"scroll","background-type":"","background-media":"","overlay-type":"","overlay-color":"","overlay-opacity":"","overlay-gradient":""},"mobile":{"background-color":"","background-image":"","background-repeat":"repeat","background-position":"center center","background-size":"auto","background-attachment":"scroll","background-type":"","background-media":"","overlay-type":"","overlay-color":"","overlay-opacity":"","overlay-gradient":""}},"ast-content-background-meta":{"desktop":{"background-color":"var(--ast-global-color-4)","background-image":"","background-repeat":"repeat","background-position":"center center","background-size":"auto","background-attachment":"scroll","background-type":"","background-media":"","overlay-type":"","overlay-color":"","overlay-opacity":"","overlay-gradient":""},"tablet":{"background-color":"var(--ast-global-color-4)","background-image":"","background-repeat":"repeat","background-position":"center center","background-size":"auto","background-attachment":"scroll","background-type":"","background-media":"","overlay-type":"","overlay-color":"","overlay-opacity":"","overlay-gradient":""},"mobile":{"background-color":"var(--ast-global-color-4)","background-image":"","background-repeat":"repeat","background-position":"center center","background-size":"auto","background-attachment":"scroll","background-type":"","background-media":"","overlay-type":"","overlay-color":"","overlay-opacity":"","overlay-gradient":""}}},"domaine":[],"normes":[],"product_brand":[],"product_cat":[17682,17914,17208,17921],"product_tag":[],"class_list":{"0":"post-262608","1":"product","2":"type-product","3":"status-publish","4":"has-post-thumbnail","6":"product_cat-broyage","7":"product_cat-broyage-metallurgie-siderurgie","8":"product_cat-presse","9":"product_cat-presse-metallurgie-siderurgie","10":"desktop-align-left","11":"tablet-align-left","12":"mobile-align-left","14":"first","15":"instock","16":"shipping-taxable","17":"product-type-simple"},"acf":[],"yoast_head":"<!-- This site is optimized with the Yoast SEO plugin v27.4 - https:\/\/yoast.com\/product\/yoast-seo-wordpress\/ -->\n<title>Pastilles, auxiliaires de broyage HERZOG | DeltaLabo<\/title>\n<meta name=\"robots\" content=\"noindex, follow, max-snippet:-1, max-image-preview:large, max-video-preview:-1\" \/>\n<meta property=\"og:locale\" content=\"fr_FR\" \/>\n<meta property=\"og:type\" content=\"article\" \/>\n<meta property=\"og:title\" content=\"Pastilles, auxiliaires de broyage HERZOG | DeltaLabo\" \/>\n<meta property=\"og:description\" content=\"Pastilles, auxiliaires de broyage HERZOG :  Dans le domaine de la fluorescence X, le broyage des \u00e9chantillons suivi d&#039;un pastillage est une \u00e9tape cl\u00e9 pour l&#039;obtention d&#039;\u00e9chantillons repr\u00e9sentatifs. La pr\u00e9cision de l&#039;analyse XRF est fortement influenc\u00e9e par la taille des particules de l&#039;\u00e9chantillon broy\u00e9 ainsi que par l&#039;homog\u00e9n\u00e9it\u00e9 et la stabilit\u00e9 de la pastille. Les auxiliaires de broyage Herzog \u00e0 base de cire et de paraffine permettent d&#039;optimiser les processus de broyage et de pastillage.   Facilit\u00e9 d&#039;utilisation dans les syst\u00e8mes de dosage automatiques  Poids constant et facilit\u00e9 de stockage des pastilles  Surface robuste, abrasion minimale dans les r\u00e9servoirs de dosage  Temps de broyage raccourci et finesse optimis\u00e9e  Permet un d\u00e9bit plus important  Comprim\u00e9s stables et donc aucune contamination dans les instruments XRF  T\u00e9l\u00e9charger les brochures produit : Auxiliaire de broyage HMPA 20\u00a0 \/\u00a0 Auxiliaire de broyage HMPA 40\u00a0 \/\u00a0 Auxiliaire de broyage HMPA 50\u00a0 \/\u00a0 Auxiliaire de broyage HMPA 100 \u00a0\/\u00a0 Auxiliaire de broyage PE 190\" \/>\n<meta property=\"og:url\" content=\"https:\/\/webdesi-gn.fr\/dev_deltalabo\/produits\/cimenterie-materiaux\/presse\/pastilles-auxiliaires-de-broyage-herzog\/\" \/>\n<meta property=\"og:site_name\" content=\"DeltaLabo\" \/>\n<meta property=\"article:modified_time\" content=\"2026-03-27T08:50:25+00:00\" \/>\n<meta property=\"og:image\" content=\"https:\/\/webdesi-gn.fr\/dev_deltalabo\/wp-content\/uploads\/2025\/11\/DELTA-LABO-Auxiliaire-de-broyage-HMPA.jpg\" \/>\n\t<meta property=\"og:image:width\" content=\"333\" \/>\n\t<meta property=\"og:image:height\" content=\"195\" \/>\n\t<meta property=\"og:image:type\" content=\"image\/jpeg\" \/>\n<meta name=\"twitter:card\" content=\"summary_large_image\" \/>\n<meta name=\"twitter:label1\" content=\"Dur\u00e9e de lecture estim\u00e9e\" \/>\n\t<meta name=\"twitter:data1\" content=\"1 minute\" \/>\n<script type=\"application\/ld+json\" class=\"yoast-schema-graph\">{\"@context\":\"https:\\\/\\\/schema.org\",\"@graph\":[{\"@type\":\"WebPage\",\"@id\":\"https:\\\/\\\/webdesi-gn.fr\\\/dev_deltalabo\\\/produits\\\/cimenterie-materiaux\\\/presse\\\/pastilles-auxiliaires-de-broyage-herzog\\\/\",\"url\":\"https:\\\/\\\/webdesi-gn.fr\\\/dev_deltalabo\\\/produits\\\/cimenterie-materiaux\\\/presse\\\/pastilles-auxiliaires-de-broyage-herzog\\\/\",\"name\":\"Pastilles, auxiliaires de broyage HERZOG | DeltaLabo\",\"isPartOf\":{\"@id\":\"https:\\\/\\\/webdesi-gn.fr\\\/dev_deltalabo\\\/#website\"},\"primaryImageOfPage\":{\"@id\":\"https:\\\/\\\/webdesi-gn.fr\\\/dev_deltalabo\\\/produits\\\/cimenterie-materiaux\\\/presse\\\/pastilles-auxiliaires-de-broyage-herzog\\\/#primaryimage\"},\"image\":{\"@id\":\"https:\\\/\\\/webdesi-gn.fr\\\/dev_deltalabo\\\/produits\\\/cimenterie-materiaux\\\/presse\\\/pastilles-auxiliaires-de-broyage-herzog\\\/#primaryimage\"},\"thumbnailUrl\":\"https:\\\/\\\/webdesi-gn.fr\\\/dev_deltalabo\\\/wp-content\\\/uploads\\\/2025\\\/11\\\/DELTA-LABO-Auxiliaire-de-broyage-HMPA.jpg\",\"datePublished\":\"2025-11-24T14:14:02+00:00\",\"dateModified\":\"2026-03-27T08:50:25+00:00\",\"breadcrumb\":{\"@id\":\"https:\\\/\\\/webdesi-gn.fr\\\/dev_deltalabo\\\/produits\\\/cimenterie-materiaux\\\/presse\\\/pastilles-auxiliaires-de-broyage-herzog\\\/#breadcrumb\"},\"inLanguage\":\"fr-FR\",\"potentialAction\":[{\"@type\":\"ReadAction\",\"target\":[\"https:\\\/\\\/webdesi-gn.fr\\\/dev_deltalabo\\\/produits\\\/cimenterie-materiaux\\\/presse\\\/pastilles-auxiliaires-de-broyage-herzog\\\/\"]}]},{\"@type\":\"ImageObject\",\"inLanguage\":\"fr-FR\",\"@id\":\"https:\\\/\\\/webdesi-gn.fr\\\/dev_deltalabo\\\/produits\\\/cimenterie-materiaux\\\/presse\\\/pastilles-auxiliaires-de-broyage-herzog\\\/#primaryimage\",\"url\":\"https:\\\/\\\/webdesi-gn.fr\\\/dev_deltalabo\\\/wp-content\\\/uploads\\\/2025\\\/11\\\/DELTA-LABO-Auxiliaire-de-broyage-HMPA.jpg\",\"contentUrl\":\"https:\\\/\\\/webdesi-gn.fr\\\/dev_deltalabo\\\/wp-content\\\/uploads\\\/2025\\\/11\\\/DELTA-LABO-Auxiliaire-de-broyage-HMPA.jpg\",\"width\":333,\"height\":195},{\"@type\":\"BreadcrumbList\",\"@id\":\"https:\\\/\\\/webdesi-gn.fr\\\/dev_deltalabo\\\/produits\\\/cimenterie-materiaux\\\/presse\\\/pastilles-auxiliaires-de-broyage-herzog\\\/#breadcrumb\",\"itemListElement\":[{\"@type\":\"ListItem\",\"position\":1,\"name\":\"Accueil\",\"item\":\"https:\\\/\\\/webdesi-gn.fr\\\/dev_deltalabo\\\/\"},{\"@type\":\"ListItem\",\"position\":2,\"name\":\"Produits\",\"item\":\"https:\\\/\\\/webdesi-gn.fr\\\/dev_deltalabo\\\/produits\\\/\"},{\"@type\":\"ListItem\",\"position\":3,\"name\":\"Pastilles, auxiliaires de broyage HERZOG\"}]},{\"@type\":\"WebSite\",\"@id\":\"https:\\\/\\\/webdesi-gn.fr\\\/dev_deltalabo\\\/#website\",\"url\":\"https:\\\/\\\/webdesi-gn.fr\\\/dev_deltalabo\\\/\",\"name\":\"Delta Labo\",\"description\":\"Un site utilisant WordPress\",\"publisher\":{\"@id\":\"https:\\\/\\\/webdesi-gn.fr\\\/dev_deltalabo\\\/#organization\"},\"alternateName\":\"Delta Labo\",\"potentialAction\":[{\"@type\":\"SearchAction\",\"target\":{\"@type\":\"EntryPoint\",\"urlTemplate\":\"https:\\\/\\\/webdesi-gn.fr\\\/dev_deltalabo\\\/?s={search_term_string}\"},\"query-input\":{\"@type\":\"PropertyValueSpecification\",\"valueRequired\":true,\"valueName\":\"search_term_string\"}}],\"inLanguage\":\"fr-FR\"},{\"@type\":\"Organization\",\"@id\":\"https:\\\/\\\/webdesi-gn.fr\\\/dev_deltalabo\\\/#organization\",\"name\":\"DeltaLabo\",\"url\":\"https:\\\/\\\/webdesi-gn.fr\\\/dev_deltalabo\\\/\",\"logo\":{\"@type\":\"ImageObject\",\"inLanguage\":\"fr-FR\",\"@id\":\"https:\\\/\\\/webdesi-gn.fr\\\/dev_deltalabo\\\/#\\\/schema\\\/logo\\\/image\\\/\",\"url\":\"https:\\\/\\\/webdesi-gn.fr\\\/dev_deltalabo\\\/wp-content\\\/uploads\\\/2022\\\/07\\\/logo-deltalabo.png\",\"contentUrl\":\"https:\\\/\\\/webdesi-gn.fr\\\/dev_deltalabo\\\/wp-content\\\/uploads\\\/2022\\\/07\\\/logo-deltalabo.png\",\"width\":694,\"height\":306,\"caption\":\"DeltaLabo\"},\"image\":{\"@id\":\"https:\\\/\\\/webdesi-gn.fr\\\/dev_deltalabo\\\/#\\\/schema\\\/logo\\\/image\\\/\"}}]}<\/script>\n<!-- \/ Yoast SEO plugin. -->","yoast_head_json":{"title":"Pastilles, auxiliaires de broyage HERZOG | DeltaLabo","robots":{"index":"noindex","follow":"follow","max-snippet":"max-snippet:-1","max-image-preview":"max-image-preview:large","max-video-preview":"max-video-preview:-1"},"og_locale":"fr_FR","og_type":"article","og_title":"Pastilles, auxiliaires de broyage HERZOG | DeltaLabo","og_description":"Pastilles, auxiliaires de broyage HERZOG :  Dans le domaine de la fluorescence X, le broyage des \u00e9chantillons suivi d'un pastillage est une \u00e9tape cl\u00e9 pour l'obtention d'\u00e9chantillons repr\u00e9sentatifs. La pr\u00e9cision de l'analyse XRF est fortement influenc\u00e9e par la taille des particules de l'\u00e9chantillon broy\u00e9 ainsi que par l'homog\u00e9n\u00e9it\u00e9 et la stabilit\u00e9 de la pastille. Les auxiliaires de broyage Herzog \u00e0 base de cire et de paraffine permettent d'optimiser les processus de broyage et de pastillage.   Facilit\u00e9 d'utilisation dans les syst\u00e8mes de dosage automatiques  Poids constant et facilit\u00e9 de stockage des pastilles  Surface robuste, abrasion minimale dans les r\u00e9servoirs de dosage  Temps de broyage raccourci et finesse optimis\u00e9e  Permet un d\u00e9bit plus important  Comprim\u00e9s stables et donc aucune contamination dans les instruments XRF  T\u00e9l\u00e9charger les brochures produit : Auxiliaire de broyage HMPA 20\u00a0 \/\u00a0 Auxiliaire de broyage HMPA 40\u00a0 \/\u00a0 Auxiliaire de broyage HMPA 50\u00a0 \/\u00a0 Auxiliaire de broyage HMPA 100 \u00a0\/\u00a0 Auxiliaire de broyage PE 190","og_url":"https:\/\/webdesi-gn.fr\/dev_deltalabo\/produits\/cimenterie-materiaux\/presse\/pastilles-auxiliaires-de-broyage-herzog\/","og_site_name":"DeltaLabo","article_modified_time":"2026-03-27T08:50:25+00:00","og_image":[{"width":333,"height":195,"url":"https:\/\/webdesi-gn.fr\/dev_deltalabo\/wp-content\/uploads\/2025\/11\/DELTA-LABO-Auxiliaire-de-broyage-HMPA.jpg","type":"image\/jpeg"}],"twitter_card":"summary_large_image","twitter_misc":{"Dur\u00e9e de lecture estim\u00e9e":"1 minute"},"schema":{"@context":"https:\/\/schema.org","@graph":[{"@type":"WebPage","@id":"https:\/\/webdesi-gn.fr\/dev_deltalabo\/produits\/cimenterie-materiaux\/presse\/pastilles-auxiliaires-de-broyage-herzog\/","url":"https:\/\/webdesi-gn.fr\/dev_deltalabo\/produits\/cimenterie-materiaux\/presse\/pastilles-auxiliaires-de-broyage-herzog\/","name":"Pastilles, auxiliaires de broyage HERZOG | DeltaLabo","isPartOf":{"@id":"https:\/\/webdesi-gn.fr\/dev_deltalabo\/#website"},"primaryImageOfPage":{"@id":"https:\/\/webdesi-gn.fr\/dev_deltalabo\/produits\/cimenterie-materiaux\/presse\/pastilles-auxiliaires-de-broyage-herzog\/#primaryimage"},"image":{"@id":"https:\/\/webdesi-gn.fr\/dev_deltalabo\/produits\/cimenterie-materiaux\/presse\/pastilles-auxiliaires-de-broyage-herzog\/#primaryimage"},"thumbnailUrl":"https:\/\/webdesi-gn.fr\/dev_deltalabo\/wp-content\/uploads\/2025\/11\/DELTA-LABO-Auxiliaire-de-broyage-HMPA.jpg","datePublished":"2025-11-24T14:14:02+00:00","dateModified":"2026-03-27T08:50:25+00:00","breadcrumb":{"@id":"https:\/\/webdesi-gn.fr\/dev_deltalabo\/produits\/cimenterie-materiaux\/presse\/pastilles-auxiliaires-de-broyage-herzog\/#breadcrumb"},"inLanguage":"fr-FR","potentialAction":[{"@type":"ReadAction","target":["https:\/\/webdesi-gn.fr\/dev_deltalabo\/produits\/cimenterie-materiaux\/presse\/pastilles-auxiliaires-de-broyage-herzog\/"]}]},{"@type":"ImageObject","inLanguage":"fr-FR","@id":"https:\/\/webdesi-gn.fr\/dev_deltalabo\/produits\/cimenterie-materiaux\/presse\/pastilles-auxiliaires-de-broyage-herzog\/#primaryimage","url":"https:\/\/webdesi-gn.fr\/dev_deltalabo\/wp-content\/uploads\/2025\/11\/DELTA-LABO-Auxiliaire-de-broyage-HMPA.jpg","contentUrl":"https:\/\/webdesi-gn.fr\/dev_deltalabo\/wp-content\/uploads\/2025\/11\/DELTA-LABO-Auxiliaire-de-broyage-HMPA.jpg","width":333,"height":195},{"@type":"BreadcrumbList","@id":"https:\/\/webdesi-gn.fr\/dev_deltalabo\/produits\/cimenterie-materiaux\/presse\/pastilles-auxiliaires-de-broyage-herzog\/#breadcrumb","itemListElement":[{"@type":"ListItem","position":1,"name":"Accueil","item":"https:\/\/webdesi-gn.fr\/dev_deltalabo\/"},{"@type":"ListItem","position":2,"name":"Produits","item":"https:\/\/webdesi-gn.fr\/dev_deltalabo\/produits\/"},{"@type":"ListItem","position":3,"name":"Pastilles, auxiliaires de broyage HERZOG"}]},{"@type":"WebSite","@id":"https:\/\/webdesi-gn.fr\/dev_deltalabo\/#website","url":"https:\/\/webdesi-gn.fr\/dev_deltalabo\/","name":"Delta Labo","description":"Un site utilisant WordPress","publisher":{"@id":"https:\/\/webdesi-gn.fr\/dev_deltalabo\/#organization"},"alternateName":"Delta Labo","potentialAction":[{"@type":"SearchAction","target":{"@type":"EntryPoint","urlTemplate":"https:\/\/webdesi-gn.fr\/dev_deltalabo\/?s={search_term_string}"},"query-input":{"@type":"PropertyValueSpecification","valueRequired":true,"valueName":"search_term_string"}}],"inLanguage":"fr-FR"},{"@type":"Organization","@id":"https:\/\/webdesi-gn.fr\/dev_deltalabo\/#organization","name":"DeltaLabo","url":"https:\/\/webdesi-gn.fr\/dev_deltalabo\/","logo":{"@type":"ImageObject","inLanguage":"fr-FR","@id":"https:\/\/webdesi-gn.fr\/dev_deltalabo\/#\/schema\/logo\/image\/","url":"https:\/\/webdesi-gn.fr\/dev_deltalabo\/wp-content\/uploads\/2022\/07\/logo-deltalabo.png","contentUrl":"https:\/\/webdesi-gn.fr\/dev_deltalabo\/wp-content\/uploads\/2022\/07\/logo-deltalabo.png","width":694,"height":306,"caption":"DeltaLabo"},"image":{"@id":"https:\/\/webdesi-gn.fr\/dev_deltalabo\/#\/schema\/logo\/image\/"}}]}},"_links":{"self":[{"href":"https:\/\/webdesi-gn.fr\/dev_deltalabo\/wp-json\/wp\/v2\/product\/262608","targetHints":{"allow":["GET"]}}],"collection":[{"href":"https:\/\/webdesi-gn.fr\/dev_deltalabo\/wp-json\/wp\/v2\/product"}],"about":[{"href":"https:\/\/webdesi-gn.fr\/dev_deltalabo\/wp-json\/wp\/v2\/types\/product"}],"wp:featuredmedia":[{"embeddable":true,"href":"https:\/\/webdesi-gn.fr\/dev_deltalabo\/wp-json\/wp\/v2\/media\/262697"}],"wp:attachment":[{"href":"https:\/\/webdesi-gn.fr\/dev_deltalabo\/wp-json\/wp\/v2\/media?parent=262608"}],"wp:term":[{"taxonomy":"domaine","embeddable":true,"href":"https:\/\/webdesi-gn.fr\/dev_deltalabo\/wp-json\/wp\/v2\/domaine?post=262608"},{"taxonomy":"normes","embeddable":true,"href":"https:\/\/webdesi-gn.fr\/dev_deltalabo\/wp-json\/wp\/v2\/normes?post=262608"},{"taxonomy":"product_brand","embeddable":true,"href":"https:\/\/webdesi-gn.fr\/dev_deltalabo\/wp-json\/wp\/v2\/product_brand?post=262608"},{"taxonomy":"product_cat","embeddable":true,"href":"https:\/\/webdesi-gn.fr\/dev_deltalabo\/wp-json\/wp\/v2\/product_cat?post=262608"},{"taxonomy":"product_tag","embeddable":true,"href":"https:\/\/webdesi-gn.fr\/dev_deltalabo\/wp-json\/wp\/v2\/product_tag?post=262608"}],"curies":[{"name":"wp","href":"https:\/\/api.w.org\/{rel}","templated":true}]}}