{"id":262678,"date":"2025-11-24T15:16:38","date_gmt":"2025-11-24T14:16:38","guid":{"rendered":"https:\/\/webdesi-gn.fr\/dev_deltalabo\/?post_type=product&#038;p=262678"},"modified":"2025-11-24T15:19:30","modified_gmt":"2025-11-24T14:19:30","slug":"armoire-negative-ultra-basse-temperature-atex-eberhardt","status":"publish","type":"product","link":"https:\/\/webdesi-gn.fr\/dev_deltalabo\/produits\/categories\/armoire-negative-ultra-basse-temperature-atex-eberhardt\/","title":{"rendered":"Armoire n\u00e9gative ultra basse temp\u00e9rature ATEX Eberhardt"},"content":{"rendered":"","protected":false},"excerpt":{"rendered":"<p><strong>Armoire n\u00e9gative ultra basse temp\u00e9rature ATEX Eberhardt :<\/strong><\/p>\n<p>L&rsquo;armoire n\u00e9gative ultra basse temp\u00e9rature de chez Eberhardt dispose d&rsquo;une cuve ATEX II 3G Ex ec nC ic IIB T1-T6 Gc cat\u00e9gorie 3 zone 2, int\u00e9rieur et ext\u00e9rieur conform\u00e9ment \u00e0 la directive 2014\/34\/UE. Elle est adapt\u00e9e au stockage de produits volatils non corrosifs sur la plage de temp\u00e9rature r\u00e9glable de -86\u00b0C \u00e0 -60\u00b0C.<\/p>\n<p>L&rsquo;armoire n\u00e9gative ultra basse temp\u00e9rature ATEX Eberhardt est livr\u00e9e avec une cartographie de la temp\u00e9rature en 9 points selon la norme FD X15-140.<\/p>\n<p>Caract\u00e9ristiques :<\/p>\n<ul>\n<li>Alarme ouverture de porte et d\u00e9passement de temp\u00e9rature haute et basse<\/li>\n<li>M\u00e9morisation de la temp\u00e9rature min\/max et des historiques d&rsquo;alarmes<\/li>\n<li>Porte avec serrure et sens d&rsquo;ouverture r\u00e9versible<\/li>\n<li>Equip\u00e9e 2 portillons internes isol\u00e9s<\/li>\n<li>Equip\u00e9e de plateaux perfor\u00e9s en inox charge max 40 kg<\/li>\n<li>Garantie 3 ans<\/li>\n<\/ul>\n<p><strong>T\u00e9l\u00e9charger la brochure produit :<\/strong> <a href=\"https:\/\/www.deltalabo.fr\/wp-content\/uploads\/2025\/07\/Doc-UL570L10-fr-DL.pdf\">Armoire n\u00e9gative ultra basse temp\u00e9rature ATEX Eberhardt<\/a><\/p>\n","protected":false},"featured_media":262756,"template":"","meta":{"_acf_changed":false,"site-sidebar-layout":"default","site-content-layout":"","ast-site-content-layout":"default","site-content-style":"default","site-sidebar-style":"default","ast-global-header-display":"","ast-banner-title-visibility":"","ast-main-header-display":"","ast-hfb-above-header-display":"","ast-hfb-below-header-display":"","ast-hfb-mobile-header-display":"","site-post-title":"","ast-breadcrumbs-content":"","ast-featured-img":"","footer-sml-layout":"","ast-disable-related-posts":"","theme-transparent-header-meta":"","adv-header-id-meta":"","stick-header-meta":"","header-above-stick-meta":"","header-main-stick-meta":"","header-below-stick-meta":"","astra-migrate-meta-layouts":"default","ast-page-background-enabled":"default","ast-page-background-meta":{"desktop":{"background-color":"var(--ast-global-color-5)","background-image":"","background-repeat":"repeat","background-position":"center center","background-size":"auto","background-attachment":"scroll","background-type":"","background-media":"","overlay-type":"","overlay-color":"","overlay-opacity":"","overlay-gradient":""},"tablet":{"background-color":"","background-image":"","background-repeat":"repeat","background-position":"center center","background-size":"auto","background-attachment":"scroll","background-type":"","background-media":"","overlay-type":"","overlay-color":"","overlay-opacity":"","overlay-gradient":""},"mobile":{"background-color":"","background-image":"","background-repeat":"repeat","background-position":"center center","background-size":"auto","background-attachment":"scroll","background-type":"","background-media":"","overlay-type":"","overlay-color":"","overlay-opacity":"","overlay-gradient":""}},"ast-content-background-meta":{"desktop":{"background-color":"var(--ast-global-color-4)","background-image":"","background-repeat":"repeat","background-position":"center center","background-size":"auto","background-attachment":"scroll","background-type":"","background-media":"","overlay-type":"","overlay-color":"","overlay-opacity":"","overlay-gradient":""},"tablet":{"background-color":"var(--ast-global-color-4)","background-image":"","background-repeat":"repeat","background-position":"center center","background-size":"auto","background-attachment":"scroll","background-type":"","background-media":"","overlay-type":"","overlay-color":"","overlay-opacity":"","overlay-gradient":""},"mobile":{"background-color":"var(--ast-global-color-4)","background-image":"","background-repeat":"repeat","background-position":"center center","background-size":"auto","background-attachment":"scroll","background-type":"","background-media":"","overlay-type":"","overlay-color":"","overlay-opacity":"","overlay-gradient":""}}},"domaine":[],"normes":[],"product_brand":[],"product_cat":[17240,17423],"product_tag":[],"class_list":{"0":"post-262678","1":"product","2":"type-product","3":"status-publish","4":"has-post-thumbnail","6":"product_cat-categories","7":"product_cat-thermostatisation","8":"desktop-align-left","9":"tablet-align-left","10":"mobile-align-left","12":"first","13":"instock","14":"shipping-taxable","15":"product-type-simple"},"acf":[],"yoast_head":"<!-- This site is optimized with the Yoast SEO plugin v27.4 - https:\/\/yoast.com\/product\/yoast-seo-wordpress\/ -->\n<title>Armoire n\u00e9gative ultra basse temp\u00e9rature ATEX Eberhardt | DeltaLabo<\/title>\n<meta name=\"robots\" content=\"noindex, follow, max-snippet:-1, max-image-preview:large, max-video-preview:-1\" \/>\n<meta property=\"og:locale\" content=\"fr_FR\" \/>\n<meta property=\"og:type\" content=\"article\" \/>\n<meta property=\"og:title\" content=\"Armoire n\u00e9gative ultra basse temp\u00e9rature ATEX Eberhardt | DeltaLabo\" \/>\n<meta property=\"og:description\" content=\"Armoire n\u00e9gative ultra basse temp\u00e9rature ATEX Eberhardt :  L&#039;armoire n\u00e9gative ultra basse temp\u00e9rature de chez Eberhardt dispose d&#039;une cuve ATEX II 3G Ex ec nC ic IIB T1-T6 Gc cat\u00e9gorie 3 zone 2, int\u00e9rieur et ext\u00e9rieur conform\u00e9ment \u00e0 la directive 2014\/34\/UE. Elle est adapt\u00e9e au stockage de produits volatils non corrosifs sur la plage de temp\u00e9rature r\u00e9glable de -86\u00b0C \u00e0 -60\u00b0C.  L&#039;armoire n\u00e9gative ultra basse temp\u00e9rature ATEX Eberhardt est livr\u00e9e avec une cartographie de la temp\u00e9rature en 9 points selon la norme FD X15-140.  Caract\u00e9ristiques :   Alarme ouverture de porte et d\u00e9passement de temp\u00e9rature haute et basse  M\u00e9morisation de la temp\u00e9rature min\/max et des historiques d&#039;alarmes  Porte avec serrure et sens d&#039;ouverture r\u00e9versible  Equip\u00e9e 2 portillons internes isol\u00e9s  Equip\u00e9e de plateaux perfor\u00e9s en inox charge max 40 kg  Garantie 3 ans  T\u00e9l\u00e9charger la brochure produit : Armoire n\u00e9gative ultra basse temp\u00e9rature ATEX Eberhardt\" \/>\n<meta property=\"og:url\" content=\"https:\/\/webdesi-gn.fr\/dev_deltalabo\/produits\/cat-produit\/armoire-negative-ultra-basse-temperature-atex-eberhardt\/\" \/>\n<meta property=\"og:site_name\" content=\"DeltaLabo\" \/>\n<meta property=\"article:modified_time\" content=\"2025-11-24T14:19:30+00:00\" \/>\n<meta property=\"og:image\" content=\"https:\/\/webdesi-gn.fr\/dev_deltalabo\/wp-content\/uploads\/2022\/01\/laboratory-g43d8b3442_1280.jpg\" \/>\n\t<meta property=\"og:image:width\" content=\"1280\" \/>\n\t<meta property=\"og:image:height\" content=\"853\" \/>\n\t<meta property=\"og:image:type\" content=\"image\/jpeg\" \/>\n<meta name=\"twitter:card\" content=\"summary_large_image\" \/>\n<script type=\"application\/ld+json\" class=\"yoast-schema-graph\">{\"@context\":\"https:\\\/\\\/schema.org\",\"@graph\":[{\"@type\":\"WebPage\",\"@id\":\"https:\\\/\\\/webdesi-gn.fr\\\/dev_deltalabo\\\/produits\\\/cat-produit\\\/armoire-negative-ultra-basse-temperature-atex-eberhardt\\\/\",\"url\":\"https:\\\/\\\/webdesi-gn.fr\\\/dev_deltalabo\\\/produits\\\/cat-produit\\\/armoire-negative-ultra-basse-temperature-atex-eberhardt\\\/\",\"name\":\"Armoire n\u00e9gative ultra basse temp\u00e9rature ATEX Eberhardt | DeltaLabo\",\"isPartOf\":{\"@id\":\"https:\\\/\\\/webdesi-gn.fr\\\/dev_deltalabo\\\/#website\"},\"primaryImageOfPage\":{\"@id\":\"https:\\\/\\\/webdesi-gn.fr\\\/dev_deltalabo\\\/produits\\\/cat-produit\\\/armoire-negative-ultra-basse-temperature-atex-eberhardt\\\/#primaryimage\"},\"image\":{\"@id\":\"https:\\\/\\\/webdesi-gn.fr\\\/dev_deltalabo\\\/produits\\\/cat-produit\\\/armoire-negative-ultra-basse-temperature-atex-eberhardt\\\/#primaryimage\"},\"thumbnailUrl\":\"https:\\\/\\\/webdesi-gn.fr\\\/dev_deltalabo\\\/wp-content\\\/uploads\\\/2025\\\/11\\\/DELTA-LABO-armoire-Eberhardt.webp\",\"datePublished\":\"2025-11-24T14:16:38+00:00\",\"dateModified\":\"2025-11-24T14:19:30+00:00\",\"breadcrumb\":{\"@id\":\"https:\\\/\\\/webdesi-gn.fr\\\/dev_deltalabo\\\/produits\\\/cat-produit\\\/armoire-negative-ultra-basse-temperature-atex-eberhardt\\\/#breadcrumb\"},\"inLanguage\":\"fr-FR\",\"potentialAction\":[{\"@type\":\"ReadAction\",\"target\":[\"https:\\\/\\\/webdesi-gn.fr\\\/dev_deltalabo\\\/produits\\\/cat-produit\\\/armoire-negative-ultra-basse-temperature-atex-eberhardt\\\/\"]}]},{\"@type\":\"ImageObject\",\"inLanguage\":\"fr-FR\",\"@id\":\"https:\\\/\\\/webdesi-gn.fr\\\/dev_deltalabo\\\/produits\\\/cat-produit\\\/armoire-negative-ultra-basse-temperature-atex-eberhardt\\\/#primaryimage\",\"url\":\"https:\\\/\\\/webdesi-gn.fr\\\/dev_deltalabo\\\/wp-content\\\/uploads\\\/2025\\\/11\\\/DELTA-LABO-armoire-Eberhardt.webp\",\"contentUrl\":\"https:\\\/\\\/webdesi-gn.fr\\\/dev_deltalabo\\\/wp-content\\\/uploads\\\/2025\\\/11\\\/DELTA-LABO-armoire-Eberhardt.webp\",\"width\":596,\"height\":596},{\"@type\":\"BreadcrumbList\",\"@id\":\"https:\\\/\\\/webdesi-gn.fr\\\/dev_deltalabo\\\/produits\\\/cat-produit\\\/armoire-negative-ultra-basse-temperature-atex-eberhardt\\\/#breadcrumb\",\"itemListElement\":[{\"@type\":\"ListItem\",\"position\":1,\"name\":\"Accueil\",\"item\":\"https:\\\/\\\/webdesi-gn.fr\\\/dev_deltalabo\\\/\"},{\"@type\":\"ListItem\",\"position\":2,\"name\":\"Produits\",\"item\":\"https:\\\/\\\/webdesi-gn.fr\\\/dev_deltalabo\\\/produits\\\/\"},{\"@type\":\"ListItem\",\"position\":3,\"name\":\"Armoire n\u00e9gative ultra basse temp\u00e9rature ATEX Eberhardt\"}]},{\"@type\":\"WebSite\",\"@id\":\"https:\\\/\\\/webdesi-gn.fr\\\/dev_deltalabo\\\/#website\",\"url\":\"https:\\\/\\\/webdesi-gn.fr\\\/dev_deltalabo\\\/\",\"name\":\"Delta Labo\",\"description\":\"Un site utilisant WordPress\",\"publisher\":{\"@id\":\"https:\\\/\\\/webdesi-gn.fr\\\/dev_deltalabo\\\/#organization\"},\"alternateName\":\"Delta Labo\",\"potentialAction\":[{\"@type\":\"SearchAction\",\"target\":{\"@type\":\"EntryPoint\",\"urlTemplate\":\"https:\\\/\\\/webdesi-gn.fr\\\/dev_deltalabo\\\/?s={search_term_string}\"},\"query-input\":{\"@type\":\"PropertyValueSpecification\",\"valueRequired\":true,\"valueName\":\"search_term_string\"}}],\"inLanguage\":\"fr-FR\"},{\"@type\":\"Organization\",\"@id\":\"https:\\\/\\\/webdesi-gn.fr\\\/dev_deltalabo\\\/#organization\",\"name\":\"DeltaLabo\",\"url\":\"https:\\\/\\\/webdesi-gn.fr\\\/dev_deltalabo\\\/\",\"logo\":{\"@type\":\"ImageObject\",\"inLanguage\":\"fr-FR\",\"@id\":\"https:\\\/\\\/webdesi-gn.fr\\\/dev_deltalabo\\\/#\\\/schema\\\/logo\\\/image\\\/\",\"url\":\"https:\\\/\\\/webdesi-gn.fr\\\/dev_deltalabo\\\/wp-content\\\/uploads\\\/2022\\\/07\\\/logo-deltalabo.png\",\"contentUrl\":\"https:\\\/\\\/webdesi-gn.fr\\\/dev_deltalabo\\\/wp-content\\\/uploads\\\/2022\\\/07\\\/logo-deltalabo.png\",\"width\":694,\"height\":306,\"caption\":\"DeltaLabo\"},\"image\":{\"@id\":\"https:\\\/\\\/webdesi-gn.fr\\\/dev_deltalabo\\\/#\\\/schema\\\/logo\\\/image\\\/\"}}]}<\/script>\n<!-- \/ Yoast SEO plugin. -->","yoast_head_json":{"title":"Armoire n\u00e9gative ultra basse temp\u00e9rature ATEX Eberhardt | DeltaLabo","robots":{"index":"noindex","follow":"follow","max-snippet":"max-snippet:-1","max-image-preview":"max-image-preview:large","max-video-preview":"max-video-preview:-1"},"og_locale":"fr_FR","og_type":"article","og_title":"Armoire n\u00e9gative ultra basse temp\u00e9rature ATEX Eberhardt | DeltaLabo","og_description":"Armoire n\u00e9gative ultra basse temp\u00e9rature ATEX Eberhardt :  L'armoire n\u00e9gative ultra basse temp\u00e9rature de chez Eberhardt dispose d'une cuve ATEX II 3G Ex ec nC ic IIB T1-T6 Gc cat\u00e9gorie 3 zone 2, int\u00e9rieur et ext\u00e9rieur conform\u00e9ment \u00e0 la directive 2014\/34\/UE. Elle est adapt\u00e9e au stockage de produits volatils non corrosifs sur la plage de temp\u00e9rature r\u00e9glable de -86\u00b0C \u00e0 -60\u00b0C.  L'armoire n\u00e9gative ultra basse temp\u00e9rature ATEX Eberhardt est livr\u00e9e avec une cartographie de la temp\u00e9rature en 9 points selon la norme FD X15-140.  Caract\u00e9ristiques :   Alarme ouverture de porte et d\u00e9passement de temp\u00e9rature haute et basse  M\u00e9morisation de la temp\u00e9rature min\/max et des historiques d'alarmes  Porte avec serrure et sens d'ouverture r\u00e9versible  Equip\u00e9e 2 portillons internes isol\u00e9s  Equip\u00e9e de plateaux perfor\u00e9s en inox charge max 40 kg  Garantie 3 ans  T\u00e9l\u00e9charger la brochure produit : Armoire n\u00e9gative ultra basse temp\u00e9rature ATEX Eberhardt","og_url":"https:\/\/webdesi-gn.fr\/dev_deltalabo\/produits\/cat-produit\/armoire-negative-ultra-basse-temperature-atex-eberhardt\/","og_site_name":"DeltaLabo","article_modified_time":"2025-11-24T14:19:30+00:00","og_image":[{"width":1280,"height":853,"url":"https:\/\/webdesi-gn.fr\/dev_deltalabo\/wp-content\/uploads\/2022\/01\/laboratory-g43d8b3442_1280.jpg","type":"image\/jpeg"}],"twitter_card":"summary_large_image","schema":{"@context":"https:\/\/schema.org","@graph":[{"@type":"WebPage","@id":"https:\/\/webdesi-gn.fr\/dev_deltalabo\/produits\/cat-produit\/armoire-negative-ultra-basse-temperature-atex-eberhardt\/","url":"https:\/\/webdesi-gn.fr\/dev_deltalabo\/produits\/cat-produit\/armoire-negative-ultra-basse-temperature-atex-eberhardt\/","name":"Armoire n\u00e9gative ultra basse temp\u00e9rature ATEX Eberhardt | DeltaLabo","isPartOf":{"@id":"https:\/\/webdesi-gn.fr\/dev_deltalabo\/#website"},"primaryImageOfPage":{"@id":"https:\/\/webdesi-gn.fr\/dev_deltalabo\/produits\/cat-produit\/armoire-negative-ultra-basse-temperature-atex-eberhardt\/#primaryimage"},"image":{"@id":"https:\/\/webdesi-gn.fr\/dev_deltalabo\/produits\/cat-produit\/armoire-negative-ultra-basse-temperature-atex-eberhardt\/#primaryimage"},"thumbnailUrl":"https:\/\/webdesi-gn.fr\/dev_deltalabo\/wp-content\/uploads\/2025\/11\/DELTA-LABO-armoire-Eberhardt.webp","datePublished":"2025-11-24T14:16:38+00:00","dateModified":"2025-11-24T14:19:30+00:00","breadcrumb":{"@id":"https:\/\/webdesi-gn.fr\/dev_deltalabo\/produits\/cat-produit\/armoire-negative-ultra-basse-temperature-atex-eberhardt\/#breadcrumb"},"inLanguage":"fr-FR","potentialAction":[{"@type":"ReadAction","target":["https:\/\/webdesi-gn.fr\/dev_deltalabo\/produits\/cat-produit\/armoire-negative-ultra-basse-temperature-atex-eberhardt\/"]}]},{"@type":"ImageObject","inLanguage":"fr-FR","@id":"https:\/\/webdesi-gn.fr\/dev_deltalabo\/produits\/cat-produit\/armoire-negative-ultra-basse-temperature-atex-eberhardt\/#primaryimage","url":"https:\/\/webdesi-gn.fr\/dev_deltalabo\/wp-content\/uploads\/2025\/11\/DELTA-LABO-armoire-Eberhardt.webp","contentUrl":"https:\/\/webdesi-gn.fr\/dev_deltalabo\/wp-content\/uploads\/2025\/11\/DELTA-LABO-armoire-Eberhardt.webp","width":596,"height":596},{"@type":"BreadcrumbList","@id":"https:\/\/webdesi-gn.fr\/dev_deltalabo\/produits\/cat-produit\/armoire-negative-ultra-basse-temperature-atex-eberhardt\/#breadcrumb","itemListElement":[{"@type":"ListItem","position":1,"name":"Accueil","item":"https:\/\/webdesi-gn.fr\/dev_deltalabo\/"},{"@type":"ListItem","position":2,"name":"Produits","item":"https:\/\/webdesi-gn.fr\/dev_deltalabo\/produits\/"},{"@type":"ListItem","position":3,"name":"Armoire n\u00e9gative ultra basse temp\u00e9rature ATEX Eberhardt"}]},{"@type":"WebSite","@id":"https:\/\/webdesi-gn.fr\/dev_deltalabo\/#website","url":"https:\/\/webdesi-gn.fr\/dev_deltalabo\/","name":"Delta Labo","description":"Un site utilisant WordPress","publisher":{"@id":"https:\/\/webdesi-gn.fr\/dev_deltalabo\/#organization"},"alternateName":"Delta Labo","potentialAction":[{"@type":"SearchAction","target":{"@type":"EntryPoint","urlTemplate":"https:\/\/webdesi-gn.fr\/dev_deltalabo\/?s={search_term_string}"},"query-input":{"@type":"PropertyValueSpecification","valueRequired":true,"valueName":"search_term_string"}}],"inLanguage":"fr-FR"},{"@type":"Organization","@id":"https:\/\/webdesi-gn.fr\/dev_deltalabo\/#organization","name":"DeltaLabo","url":"https:\/\/webdesi-gn.fr\/dev_deltalabo\/","logo":{"@type":"ImageObject","inLanguage":"fr-FR","@id":"https:\/\/webdesi-gn.fr\/dev_deltalabo\/#\/schema\/logo\/image\/","url":"https:\/\/webdesi-gn.fr\/dev_deltalabo\/wp-content\/uploads\/2022\/07\/logo-deltalabo.png","contentUrl":"https:\/\/webdesi-gn.fr\/dev_deltalabo\/wp-content\/uploads\/2022\/07\/logo-deltalabo.png","width":694,"height":306,"caption":"DeltaLabo"},"image":{"@id":"https:\/\/webdesi-gn.fr\/dev_deltalabo\/#\/schema\/logo\/image\/"}}]}},"_links":{"self":[{"href":"https:\/\/webdesi-gn.fr\/dev_deltalabo\/wp-json\/wp\/v2\/product\/262678","targetHints":{"allow":["GET"]}}],"collection":[{"href":"https:\/\/webdesi-gn.fr\/dev_deltalabo\/wp-json\/wp\/v2\/product"}],"about":[{"href":"https:\/\/webdesi-gn.fr\/dev_deltalabo\/wp-json\/wp\/v2\/types\/product"}],"wp:featuredmedia":[{"embeddable":true,"href":"https:\/\/webdesi-gn.fr\/dev_deltalabo\/wp-json\/wp\/v2\/media\/262756"}],"wp:attachment":[{"href":"https:\/\/webdesi-gn.fr\/dev_deltalabo\/wp-json\/wp\/v2\/media?parent=262678"}],"wp:term":[{"taxonomy":"domaine","embeddable":true,"href":"https:\/\/webdesi-gn.fr\/dev_deltalabo\/wp-json\/wp\/v2\/domaine?post=262678"},{"taxonomy":"normes","embeddable":true,"href":"https:\/\/webdesi-gn.fr\/dev_deltalabo\/wp-json\/wp\/v2\/normes?post=262678"},{"taxonomy":"product_brand","embeddable":true,"href":"https:\/\/webdesi-gn.fr\/dev_deltalabo\/wp-json\/wp\/v2\/product_brand?post=262678"},{"taxonomy":"product_cat","embeddable":true,"href":"https:\/\/webdesi-gn.fr\/dev_deltalabo\/wp-json\/wp\/v2\/product_cat?post=262678"},{"taxonomy":"product_tag","embeddable":true,"href":"https:\/\/webdesi-gn.fr\/dev_deltalabo\/wp-json\/wp\/v2\/product_tag?post=262678"}],"curies":[{"name":"wp","href":"https:\/\/api.w.org\/{rel}","templated":true}]}}