{"id":262691,"date":"2025-11-24T15:17:06","date_gmt":"2025-11-24T14:17:06","guid":{"rendered":"https:\/\/webdesi-gn.fr\/dev_deltalabo\/?post_type=product&#038;p=262691"},"modified":"2025-11-24T15:20:20","modified_gmt":"2025-11-24T14:20:20","slug":"systeme-deau-purifiee-evoqua-ultra-clear-ro-edi","status":"publish","type":"product","link":"https:\/\/webdesi-gn.fr\/dev_deltalabo\/produits\/categories\/systeme-deau-purifiee-evoqua-ultra-clear-ro-edi\/","title":{"rendered":"Syst\u00e8me d\u2019eau purifi\u00e9e EVOQUA &#8211; Ultra Clear\u2122 RO EDI"},"content":{"rendered":"","protected":false},"excerpt":{"rendered":"<p><strong>Syst\u00e8me d\u2019eau purifi\u00e9e EVOQUA &#8211; Ultra Clear\u2122 RO EDI :\u00a0<\/strong><\/p>\n<p>Le syst\u00e8me d&rsquo;eau purifi\u00e9e EVOQUA Ultra Clear\u2122 RO EDI produit une eau purifi\u00e9e de haute qualit\u00e9 gr\u00e2ce \u00e0 des cellules Ionpure\u00ae EDI combin\u00e9es avec la technologie \u00e9prouv\u00e9e d\u2019osmose inverse.<\/p>\n<p>De faible consommation en \u00e9nergie, il apporte un fort rendement en eau produite et un fonctionnement \u00e9conomique, tout en \u00e9tant quasi silencieux.<\/p>\n<p>Les cellules EDI ne n\u00e9cessitent pas de produits chimiques de r\u00e9g\u00e9n\u00e9ration. Les r\u00e9sultats sont impressionnants : la conductivit\u00e9 habituelle &lt; 0.07 \u00b5S\/cm et la diminution des valeurs de mati\u00e8res premi\u00e8res organiques \u00e0 &lt; 30 ppb d\u00e9finissent de nouvelles normes pour l\u2019\u00e9lectro-d\u00e9sionisation.<\/p>\n<p>Tous les syst\u00e8mes affichent l\u2019arriv\u00e9e et la qualit\u00e9 de l\u2019eau produite. Le taux de r\u00e9duction de sel s\u2019affiche en pourcentage.<\/p>\n<p>Trois mod\u00e8les existent : Ultra Clear RO EDI 10 &#8211; Ultra Clear RO EDI 20 &#8211; Ultra Clear RO EDI 30.<\/p>\n<p><strong>T\u00e9l\u00e9charger la brochure produit :<\/strong> <a href=\"https:\/\/www.deltalabo.fr\/wp-content\/uploads\/2025\/10\/Ultra-Clear-RO-DI-EDI-fr-DL-2025-new-2.pdf\">Syst\u00e8me d\u2019eau purifi\u00e9e EVOQUA &#8211; Ultra Clear\u2122 RO EDI<\/a><\/p>\n","protected":false},"featured_media":262781,"template":"","meta":{"_acf_changed":false,"site-sidebar-layout":"default","site-content-layout":"","ast-site-content-layout":"default","site-content-style":"default","site-sidebar-style":"default","ast-global-header-display":"","ast-banner-title-visibility":"","ast-main-header-display":"","ast-hfb-above-header-display":"","ast-hfb-below-header-display":"","ast-hfb-mobile-header-display":"","site-post-title":"","ast-breadcrumbs-content":"","ast-featured-img":"","footer-sml-layout":"","ast-disable-related-posts":"","theme-transparent-header-meta":"","adv-header-id-meta":"","stick-header-meta":"","header-above-stick-meta":"","header-main-stick-meta":"","header-below-stick-meta":"","astra-migrate-meta-layouts":"default","ast-page-background-enabled":"default","ast-page-background-meta":{"desktop":{"background-color":"var(--ast-global-color-5)","background-image":"","background-repeat":"repeat","background-position":"center center","background-size":"auto","background-attachment":"scroll","background-type":"","background-media":"","overlay-type":"","overlay-color":"","overlay-opacity":"","overlay-gradient":""},"tablet":{"background-color":"","background-image":"","background-repeat":"repeat","background-position":"center center","background-size":"auto","background-attachment":"scroll","background-type":"","background-media":"","overlay-type":"","overlay-color":"","overlay-opacity":"","overlay-gradient":""},"mobile":{"background-color":"","background-image":"","background-repeat":"repeat","background-position":"center center","background-size":"auto","background-attachment":"scroll","background-type":"","background-media":"","overlay-type":"","overlay-color":"","overlay-opacity":"","overlay-gradient":""}},"ast-content-background-meta":{"desktop":{"background-color":"var(--ast-global-color-4)","background-image":"","background-repeat":"repeat","background-position":"center center","background-size":"auto","background-attachment":"scroll","background-type":"","background-media":"","overlay-type":"","overlay-color":"","overlay-opacity":"","overlay-gradient":""},"tablet":{"background-color":"var(--ast-global-color-4)","background-image":"","background-repeat":"repeat","background-position":"center center","background-size":"auto","background-attachment":"scroll","background-type":"","background-media":"","overlay-type":"","overlay-color":"","overlay-opacity":"","overlay-gradient":""},"mobile":{"background-color":"var(--ast-global-color-4)","background-image":"","background-repeat":"repeat","background-position":"center center","background-size":"auto","background-attachment":"scroll","background-type":"","background-media":"","overlay-type":"","overlay-color":"","overlay-opacity":"","overlay-gradient":""}}},"domaine":[],"normes":[],"product_brand":[],"product_cat":[17240],"product_tag":[],"class_list":{"0":"post-262691","1":"product","2":"type-product","3":"status-publish","4":"has-post-thumbnail","6":"product_cat-categories","7":"desktop-align-left","8":"tablet-align-left","9":"mobile-align-left","11":"first","12":"instock","13":"shipping-taxable","14":"product-type-simple"},"acf":[],"yoast_head":"<!-- This site is optimized with the Yoast SEO plugin v27.4 - https:\/\/yoast.com\/product\/yoast-seo-wordpress\/ -->\n<title>Syst\u00e8me d\u2019eau purifi\u00e9e EVOQUA - Ultra Clear\u2122 RO EDI | DeltaLabo<\/title>\n<meta name=\"robots\" content=\"noindex, follow, max-snippet:-1, max-image-preview:large, max-video-preview:-1\" \/>\n<meta property=\"og:locale\" content=\"fr_FR\" \/>\n<meta property=\"og:type\" content=\"article\" \/>\n<meta property=\"og:title\" content=\"Syst\u00e8me d\u2019eau purifi\u00e9e EVOQUA - Ultra Clear\u2122 RO EDI | DeltaLabo\" \/>\n<meta property=\"og:description\" content=\"Syst\u00e8me d\u2019eau purifi\u00e9e EVOQUA - Ultra Clear\u2122 RO EDI :\u00a0  Le syst\u00e8me d&#039;eau purifi\u00e9e EVOQUA Ultra Clear\u2122 RO EDI produit une eau purifi\u00e9e de haute qualit\u00e9 gr\u00e2ce \u00e0 des cellules Ionpure\u00ae EDI combin\u00e9es avec la technologie \u00e9prouv\u00e9e d\u2019osmose inverse.  De faible consommation en \u00e9nergie, il apporte un fort rendement en eau produite et un fonctionnement \u00e9conomique, tout en \u00e9tant quasi silencieux.  Les cellules EDI ne n\u00e9cessitent pas de produits chimiques de r\u00e9g\u00e9n\u00e9ration. Les r\u00e9sultats sont impressionnants : la conductivit\u00e9 habituelle &lt; 0.07 \u00b5S\/cm et la diminution des valeurs de mati\u00e8res premi\u00e8res organiques \u00e0 &lt; 30 ppb d\u00e9finissent de nouvelles normes pour l\u2019\u00e9lectro-d\u00e9sionisation.  Tous les syst\u00e8mes affichent l\u2019arriv\u00e9e et la qualit\u00e9 de l\u2019eau produite. Le taux de r\u00e9duction de sel s\u2019affiche en pourcentage.  Trois mod\u00e8les existent : Ultra Clear RO EDI 10 - Ultra Clear RO EDI 20 - Ultra Clear RO EDI 30.  T\u00e9l\u00e9charger la brochure produit : Syst\u00e8me d\u2019eau purifi\u00e9e EVOQUA - Ultra Clear\u2122 RO EDI\" \/>\n<meta property=\"og:url\" content=\"https:\/\/webdesi-gn.fr\/dev_deltalabo\/produits\/cat-produit\/systeme-deau-purifiee-evoqua-ultra-clear-ro-edi\/\" \/>\n<meta property=\"og:site_name\" content=\"DeltaLabo\" \/>\n<meta property=\"article:modified_time\" content=\"2025-11-24T14:20:20+00:00\" \/>\n<meta property=\"og:image\" content=\"https:\/\/webdesi-gn.fr\/dev_deltalabo\/wp-content\/uploads\/2022\/01\/laboratory-g43d8b3442_1280.jpg\" \/>\n\t<meta property=\"og:image:width\" content=\"1280\" \/>\n\t<meta property=\"og:image:height\" content=\"853\" \/>\n\t<meta property=\"og:image:type\" content=\"image\/jpeg\" \/>\n<meta name=\"twitter:card\" content=\"summary_large_image\" \/>\n<script type=\"application\/ld+json\" class=\"yoast-schema-graph\">{\"@context\":\"https:\\\/\\\/schema.org\",\"@graph\":[{\"@type\":\"WebPage\",\"@id\":\"https:\\\/\\\/webdesi-gn.fr\\\/dev_deltalabo\\\/produits\\\/cat-produit\\\/systeme-deau-purifiee-evoqua-ultra-clear-ro-edi\\\/\",\"url\":\"https:\\\/\\\/webdesi-gn.fr\\\/dev_deltalabo\\\/produits\\\/cat-produit\\\/systeme-deau-purifiee-evoqua-ultra-clear-ro-edi\\\/\",\"name\":\"Syst\u00e8me d\u2019eau purifi\u00e9e EVOQUA - Ultra Clear\u2122 RO EDI | DeltaLabo\",\"isPartOf\":{\"@id\":\"https:\\\/\\\/webdesi-gn.fr\\\/dev_deltalabo\\\/#website\"},\"primaryImageOfPage\":{\"@id\":\"https:\\\/\\\/webdesi-gn.fr\\\/dev_deltalabo\\\/produits\\\/cat-produit\\\/systeme-deau-purifiee-evoqua-ultra-clear-ro-edi\\\/#primaryimage\"},\"image\":{\"@id\":\"https:\\\/\\\/webdesi-gn.fr\\\/dev_deltalabo\\\/produits\\\/cat-produit\\\/systeme-deau-purifiee-evoqua-ultra-clear-ro-edi\\\/#primaryimage\"},\"thumbnailUrl\":\"https:\\\/\\\/webdesi-gn.fr\\\/dev_deltalabo\\\/wp-content\\\/uploads\\\/2025\\\/11\\\/DELTA-LABO-ultra_clear-RO-EDI-20.png\",\"datePublished\":\"2025-11-24T14:17:06+00:00\",\"dateModified\":\"2025-11-24T14:20:20+00:00\",\"breadcrumb\":{\"@id\":\"https:\\\/\\\/webdesi-gn.fr\\\/dev_deltalabo\\\/produits\\\/cat-produit\\\/systeme-deau-purifiee-evoqua-ultra-clear-ro-edi\\\/#breadcrumb\"},\"inLanguage\":\"fr-FR\",\"potentialAction\":[{\"@type\":\"ReadAction\",\"target\":[\"https:\\\/\\\/webdesi-gn.fr\\\/dev_deltalabo\\\/produits\\\/cat-produit\\\/systeme-deau-purifiee-evoqua-ultra-clear-ro-edi\\\/\"]}]},{\"@type\":\"ImageObject\",\"inLanguage\":\"fr-FR\",\"@id\":\"https:\\\/\\\/webdesi-gn.fr\\\/dev_deltalabo\\\/produits\\\/cat-produit\\\/systeme-deau-purifiee-evoqua-ultra-clear-ro-edi\\\/#primaryimage\",\"url\":\"https:\\\/\\\/webdesi-gn.fr\\\/dev_deltalabo\\\/wp-content\\\/uploads\\\/2025\\\/11\\\/DELTA-LABO-ultra_clear-RO-EDI-20.png\",\"contentUrl\":\"https:\\\/\\\/webdesi-gn.fr\\\/dev_deltalabo\\\/wp-content\\\/uploads\\\/2025\\\/11\\\/DELTA-LABO-ultra_clear-RO-EDI-20.png\",\"width\":500,\"height\":500},{\"@type\":\"BreadcrumbList\",\"@id\":\"https:\\\/\\\/webdesi-gn.fr\\\/dev_deltalabo\\\/produits\\\/cat-produit\\\/systeme-deau-purifiee-evoqua-ultra-clear-ro-edi\\\/#breadcrumb\",\"itemListElement\":[{\"@type\":\"ListItem\",\"position\":1,\"name\":\"Accueil\",\"item\":\"https:\\\/\\\/webdesi-gn.fr\\\/dev_deltalabo\\\/\"},{\"@type\":\"ListItem\",\"position\":2,\"name\":\"Produits\",\"item\":\"https:\\\/\\\/webdesi-gn.fr\\\/dev_deltalabo\\\/produits\\\/\"},{\"@type\":\"ListItem\",\"position\":3,\"name\":\"Syst\u00e8me d\u2019eau purifi\u00e9e EVOQUA &#8211; Ultra Clear\u2122 RO EDI\"}]},{\"@type\":\"WebSite\",\"@id\":\"https:\\\/\\\/webdesi-gn.fr\\\/dev_deltalabo\\\/#website\",\"url\":\"https:\\\/\\\/webdesi-gn.fr\\\/dev_deltalabo\\\/\",\"name\":\"Delta Labo\",\"description\":\"Un site utilisant WordPress\",\"publisher\":{\"@id\":\"https:\\\/\\\/webdesi-gn.fr\\\/dev_deltalabo\\\/#organization\"},\"alternateName\":\"Delta Labo\",\"potentialAction\":[{\"@type\":\"SearchAction\",\"target\":{\"@type\":\"EntryPoint\",\"urlTemplate\":\"https:\\\/\\\/webdesi-gn.fr\\\/dev_deltalabo\\\/?s={search_term_string}\"},\"query-input\":{\"@type\":\"PropertyValueSpecification\",\"valueRequired\":true,\"valueName\":\"search_term_string\"}}],\"inLanguage\":\"fr-FR\"},{\"@type\":\"Organization\",\"@id\":\"https:\\\/\\\/webdesi-gn.fr\\\/dev_deltalabo\\\/#organization\",\"name\":\"DeltaLabo\",\"url\":\"https:\\\/\\\/webdesi-gn.fr\\\/dev_deltalabo\\\/\",\"logo\":{\"@type\":\"ImageObject\",\"inLanguage\":\"fr-FR\",\"@id\":\"https:\\\/\\\/webdesi-gn.fr\\\/dev_deltalabo\\\/#\\\/schema\\\/logo\\\/image\\\/\",\"url\":\"https:\\\/\\\/webdesi-gn.fr\\\/dev_deltalabo\\\/wp-content\\\/uploads\\\/2022\\\/07\\\/logo-deltalabo.png\",\"contentUrl\":\"https:\\\/\\\/webdesi-gn.fr\\\/dev_deltalabo\\\/wp-content\\\/uploads\\\/2022\\\/07\\\/logo-deltalabo.png\",\"width\":694,\"height\":306,\"caption\":\"DeltaLabo\"},\"image\":{\"@id\":\"https:\\\/\\\/webdesi-gn.fr\\\/dev_deltalabo\\\/#\\\/schema\\\/logo\\\/image\\\/\"}}]}<\/script>\n<!-- \/ Yoast SEO plugin. -->","yoast_head_json":{"title":"Syst\u00e8me d\u2019eau purifi\u00e9e EVOQUA - Ultra Clear\u2122 RO EDI | DeltaLabo","robots":{"index":"noindex","follow":"follow","max-snippet":"max-snippet:-1","max-image-preview":"max-image-preview:large","max-video-preview":"max-video-preview:-1"},"og_locale":"fr_FR","og_type":"article","og_title":"Syst\u00e8me d\u2019eau purifi\u00e9e EVOQUA - Ultra Clear\u2122 RO EDI | DeltaLabo","og_description":"Syst\u00e8me d\u2019eau purifi\u00e9e EVOQUA - Ultra Clear\u2122 RO EDI :\u00a0  Le syst\u00e8me d'eau purifi\u00e9e EVOQUA Ultra Clear\u2122 RO EDI produit une eau purifi\u00e9e de haute qualit\u00e9 gr\u00e2ce \u00e0 des cellules Ionpure\u00ae EDI combin\u00e9es avec la technologie \u00e9prouv\u00e9e d\u2019osmose inverse.  De faible consommation en \u00e9nergie, il apporte un fort rendement en eau produite et un fonctionnement \u00e9conomique, tout en \u00e9tant quasi silencieux.  Les cellules EDI ne n\u00e9cessitent pas de produits chimiques de r\u00e9g\u00e9n\u00e9ration. Les r\u00e9sultats sont impressionnants : la conductivit\u00e9 habituelle &lt; 0.07 \u00b5S\/cm et la diminution des valeurs de mati\u00e8res premi\u00e8res organiques \u00e0 &lt; 30 ppb d\u00e9finissent de nouvelles normes pour l\u2019\u00e9lectro-d\u00e9sionisation.  Tous les syst\u00e8mes affichent l\u2019arriv\u00e9e et la qualit\u00e9 de l\u2019eau produite. Le taux de r\u00e9duction de sel s\u2019affiche en pourcentage.  Trois mod\u00e8les existent : Ultra Clear RO EDI 10 - Ultra Clear RO EDI 20 - Ultra Clear RO EDI 30.  T\u00e9l\u00e9charger la brochure produit : Syst\u00e8me d\u2019eau purifi\u00e9e EVOQUA - Ultra Clear\u2122 RO EDI","og_url":"https:\/\/webdesi-gn.fr\/dev_deltalabo\/produits\/cat-produit\/systeme-deau-purifiee-evoqua-ultra-clear-ro-edi\/","og_site_name":"DeltaLabo","article_modified_time":"2025-11-24T14:20:20+00:00","og_image":[{"width":1280,"height":853,"url":"https:\/\/webdesi-gn.fr\/dev_deltalabo\/wp-content\/uploads\/2022\/01\/laboratory-g43d8b3442_1280.jpg","type":"image\/jpeg"}],"twitter_card":"summary_large_image","schema":{"@context":"https:\/\/schema.org","@graph":[{"@type":"WebPage","@id":"https:\/\/webdesi-gn.fr\/dev_deltalabo\/produits\/cat-produit\/systeme-deau-purifiee-evoqua-ultra-clear-ro-edi\/","url":"https:\/\/webdesi-gn.fr\/dev_deltalabo\/produits\/cat-produit\/systeme-deau-purifiee-evoqua-ultra-clear-ro-edi\/","name":"Syst\u00e8me d\u2019eau purifi\u00e9e EVOQUA - Ultra Clear\u2122 RO EDI | DeltaLabo","isPartOf":{"@id":"https:\/\/webdesi-gn.fr\/dev_deltalabo\/#website"},"primaryImageOfPage":{"@id":"https:\/\/webdesi-gn.fr\/dev_deltalabo\/produits\/cat-produit\/systeme-deau-purifiee-evoqua-ultra-clear-ro-edi\/#primaryimage"},"image":{"@id":"https:\/\/webdesi-gn.fr\/dev_deltalabo\/produits\/cat-produit\/systeme-deau-purifiee-evoqua-ultra-clear-ro-edi\/#primaryimage"},"thumbnailUrl":"https:\/\/webdesi-gn.fr\/dev_deltalabo\/wp-content\/uploads\/2025\/11\/DELTA-LABO-ultra_clear-RO-EDI-20.png","datePublished":"2025-11-24T14:17:06+00:00","dateModified":"2025-11-24T14:20:20+00:00","breadcrumb":{"@id":"https:\/\/webdesi-gn.fr\/dev_deltalabo\/produits\/cat-produit\/systeme-deau-purifiee-evoqua-ultra-clear-ro-edi\/#breadcrumb"},"inLanguage":"fr-FR","potentialAction":[{"@type":"ReadAction","target":["https:\/\/webdesi-gn.fr\/dev_deltalabo\/produits\/cat-produit\/systeme-deau-purifiee-evoqua-ultra-clear-ro-edi\/"]}]},{"@type":"ImageObject","inLanguage":"fr-FR","@id":"https:\/\/webdesi-gn.fr\/dev_deltalabo\/produits\/cat-produit\/systeme-deau-purifiee-evoqua-ultra-clear-ro-edi\/#primaryimage","url":"https:\/\/webdesi-gn.fr\/dev_deltalabo\/wp-content\/uploads\/2025\/11\/DELTA-LABO-ultra_clear-RO-EDI-20.png","contentUrl":"https:\/\/webdesi-gn.fr\/dev_deltalabo\/wp-content\/uploads\/2025\/11\/DELTA-LABO-ultra_clear-RO-EDI-20.png","width":500,"height":500},{"@type":"BreadcrumbList","@id":"https:\/\/webdesi-gn.fr\/dev_deltalabo\/produits\/cat-produit\/systeme-deau-purifiee-evoqua-ultra-clear-ro-edi\/#breadcrumb","itemListElement":[{"@type":"ListItem","position":1,"name":"Accueil","item":"https:\/\/webdesi-gn.fr\/dev_deltalabo\/"},{"@type":"ListItem","position":2,"name":"Produits","item":"https:\/\/webdesi-gn.fr\/dev_deltalabo\/produits\/"},{"@type":"ListItem","position":3,"name":"Syst\u00e8me d\u2019eau purifi\u00e9e EVOQUA &#8211; Ultra Clear\u2122 RO EDI"}]},{"@type":"WebSite","@id":"https:\/\/webdesi-gn.fr\/dev_deltalabo\/#website","url":"https:\/\/webdesi-gn.fr\/dev_deltalabo\/","name":"Delta Labo","description":"Un site utilisant WordPress","publisher":{"@id":"https:\/\/webdesi-gn.fr\/dev_deltalabo\/#organization"},"alternateName":"Delta Labo","potentialAction":[{"@type":"SearchAction","target":{"@type":"EntryPoint","urlTemplate":"https:\/\/webdesi-gn.fr\/dev_deltalabo\/?s={search_term_string}"},"query-input":{"@type":"PropertyValueSpecification","valueRequired":true,"valueName":"search_term_string"}}],"inLanguage":"fr-FR"},{"@type":"Organization","@id":"https:\/\/webdesi-gn.fr\/dev_deltalabo\/#organization","name":"DeltaLabo","url":"https:\/\/webdesi-gn.fr\/dev_deltalabo\/","logo":{"@type":"ImageObject","inLanguage":"fr-FR","@id":"https:\/\/webdesi-gn.fr\/dev_deltalabo\/#\/schema\/logo\/image\/","url":"https:\/\/webdesi-gn.fr\/dev_deltalabo\/wp-content\/uploads\/2022\/07\/logo-deltalabo.png","contentUrl":"https:\/\/webdesi-gn.fr\/dev_deltalabo\/wp-content\/uploads\/2022\/07\/logo-deltalabo.png","width":694,"height":306,"caption":"DeltaLabo"},"image":{"@id":"https:\/\/webdesi-gn.fr\/dev_deltalabo\/#\/schema\/logo\/image\/"}}]}},"_links":{"self":[{"href":"https:\/\/webdesi-gn.fr\/dev_deltalabo\/wp-json\/wp\/v2\/product\/262691","targetHints":{"allow":["GET"]}}],"collection":[{"href":"https:\/\/webdesi-gn.fr\/dev_deltalabo\/wp-json\/wp\/v2\/product"}],"about":[{"href":"https:\/\/webdesi-gn.fr\/dev_deltalabo\/wp-json\/wp\/v2\/types\/product"}],"wp:featuredmedia":[{"embeddable":true,"href":"https:\/\/webdesi-gn.fr\/dev_deltalabo\/wp-json\/wp\/v2\/media\/262781"}],"wp:attachment":[{"href":"https:\/\/webdesi-gn.fr\/dev_deltalabo\/wp-json\/wp\/v2\/media?parent=262691"}],"wp:term":[{"taxonomy":"domaine","embeddable":true,"href":"https:\/\/webdesi-gn.fr\/dev_deltalabo\/wp-json\/wp\/v2\/domaine?post=262691"},{"taxonomy":"normes","embeddable":true,"href":"https:\/\/webdesi-gn.fr\/dev_deltalabo\/wp-json\/wp\/v2\/normes?post=262691"},{"taxonomy":"product_brand","embeddable":true,"href":"https:\/\/webdesi-gn.fr\/dev_deltalabo\/wp-json\/wp\/v2\/product_brand?post=262691"},{"taxonomy":"product_cat","embeddable":true,"href":"https:\/\/webdesi-gn.fr\/dev_deltalabo\/wp-json\/wp\/v2\/product_cat?post=262691"},{"taxonomy":"product_tag","embeddable":true,"href":"https:\/\/webdesi-gn.fr\/dev_deltalabo\/wp-json\/wp\/v2\/product_tag?post=262691"}],"curies":[{"name":"wp","href":"https:\/\/api.w.org\/{rel}","templated":true}]}}