{"id":262761,"date":"2025-11-24T15:19:31","date_gmt":"2025-11-24T14:19:31","guid":{"rendered":"https:\/\/webdesi-gn.fr\/dev_deltalabo\/?post_type=product&#038;p=262761"},"modified":"2025-11-24T15:22:01","modified_gmt":"2025-11-24T14:22:01","slug":"ph-ionometre-wtw-inolab-ph-ion-7320","status":"publish","type":"product","link":"https:\/\/webdesi-gn.fr\/dev_deltalabo\/produits\/categories\/ph-ionometre-wtw-inolab-ph-ion-7320\/","title":{"rendered":"pH Ionom\u00e8tre WTW &#8211; InoLab\u00ae pH\/ION 7320"},"content":{"rendered":"","protected":false},"excerpt":{"rendered":"<p><strong>pH Ionom\u00e8tre WTW &#8211; InoLab\u00ae pH\/ION 7320 :\u00a0<\/strong><\/p>\n<p>L&rsquo;instrument pH Ionom\u00e8tre WTW &#8211; InoLab\u00ae pH\/ION 7320 est un instrument de laboratoire de pr\u00e9cision pour des mesures de concentrations ioniques et de pH gr\u00e2ce \u00e0 des m\u00e9thodes ISE am\u00e9lior\u00e9es pour la mesure de concentration avec des \u00e9lectrodes ioniques sp\u00e9cifiques.<\/p>\n<p>Caract\u00e9ristiques :<\/p>\n<ul>\n<li>\u00c9talonnage 1 \u00e0 5 points pour le pH<\/li>\n<li>\u00c9talonnage 1 \u00e0 7 points pour la concentration ionique, lin\u00e9aire ou non lin\u00e9aire<\/li>\n<li>Correction de la valeur \u00e0 blanc, m\u00e9thodes incr\u00e9mentales : addition\/soustraction standard, addition\/soustraction d&rsquo;\u00e9chantillons<\/li>\n<li>Concentration en diff\u00e9rentes unit\u00e9s<\/li>\n<li>Option AutoRead<\/li>\n<li>Version DIN ou BNC<\/li>\n<li>\u00c9cran graphique r\u00e9tro-\u00e9clair\u00e9<\/li>\n<li>Disponible avec une imprimante int\u00e9gr\u00e9e.<\/li>\n<\/ul>\n<p><strong>T\u00e9l\u00e9charger la brochure produit :<\/strong> <a href=\"https:\/\/www.deltalabo.fr\/wp-content\/uploads\/2025\/07\/Doc-WTW-Inolab-7000-series-engl-DL-2025-1.pdf\">Appareil de laboratoire WTW &#8211; InoLab\u00ae pH\/ION 7320<\/a><\/p>\n","protected":false},"featured_media":262834,"template":"","meta":{"_acf_changed":false,"site-sidebar-layout":"default","site-content-layout":"","ast-site-content-layout":"default","site-content-style":"default","site-sidebar-style":"default","ast-global-header-display":"","ast-banner-title-visibility":"","ast-main-header-display":"","ast-hfb-above-header-display":"","ast-hfb-below-header-display":"","ast-hfb-mobile-header-display":"","site-post-title":"","ast-breadcrumbs-content":"","ast-featured-img":"","footer-sml-layout":"","ast-disable-related-posts":"","theme-transparent-header-meta":"","adv-header-id-meta":"","stick-header-meta":"","header-above-stick-meta":"","header-main-stick-meta":"","header-below-stick-meta":"","astra-migrate-meta-layouts":"default","ast-page-background-enabled":"default","ast-page-background-meta":{"desktop":{"background-color":"var(--ast-global-color-5)","background-image":"","background-repeat":"repeat","background-position":"center center","background-size":"auto","background-attachment":"scroll","background-type":"","background-media":"","overlay-type":"","overlay-color":"","overlay-opacity":"","overlay-gradient":""},"tablet":{"background-color":"","background-image":"","background-repeat":"repeat","background-position":"center center","background-size":"auto","background-attachment":"scroll","background-type":"","background-media":"","overlay-type":"","overlay-color":"","overlay-opacity":"","overlay-gradient":""},"mobile":{"background-color":"","background-image":"","background-repeat":"repeat","background-position":"center center","background-size":"auto","background-attachment":"scroll","background-type":"","background-media":"","overlay-type":"","overlay-color":"","overlay-opacity":"","overlay-gradient":""}},"ast-content-background-meta":{"desktop":{"background-color":"var(--ast-global-color-4)","background-image":"","background-repeat":"repeat","background-position":"center center","background-size":"auto","background-attachment":"scroll","background-type":"","background-media":"","overlay-type":"","overlay-color":"","overlay-opacity":"","overlay-gradient":""},"tablet":{"background-color":"var(--ast-global-color-4)","background-image":"","background-repeat":"repeat","background-position":"center center","background-size":"auto","background-attachment":"scroll","background-type":"","background-media":"","overlay-type":"","overlay-color":"","overlay-opacity":"","overlay-gradient":""},"mobile":{"background-color":"var(--ast-global-color-4)","background-image":"","background-repeat":"repeat","background-position":"center center","background-size":"auto","background-attachment":"scroll","background-type":"","background-media":"","overlay-type":"","overlay-color":"","overlay-opacity":"","overlay-gradient":""}}},"domaine":[],"normes":[],"product_brand":[],"product_cat":[17240],"product_tag":[],"class_list":{"0":"post-262761","1":"product","2":"type-product","3":"status-publish","4":"has-post-thumbnail","6":"product_cat-categories","7":"desktop-align-left","8":"tablet-align-left","9":"mobile-align-left","11":"first","12":"instock","13":"shipping-taxable","14":"product-type-simple"},"acf":[],"yoast_head":"<!-- This site is optimized with the Yoast SEO plugin v27.4 - https:\/\/yoast.com\/product\/yoast-seo-wordpress\/ -->\n<title>pH Ionom\u00e8tre WTW - InoLab\u00ae pH\/ION 7320 | DeltaLabo<\/title>\n<meta name=\"robots\" content=\"noindex, follow, max-snippet:-1, max-image-preview:large, max-video-preview:-1\" \/>\n<meta property=\"og:locale\" content=\"fr_FR\" \/>\n<meta property=\"og:type\" content=\"article\" \/>\n<meta property=\"og:title\" content=\"pH Ionom\u00e8tre WTW - InoLab\u00ae pH\/ION 7320 | DeltaLabo\" \/>\n<meta property=\"og:description\" content=\"pH Ionom\u00e8tre WTW - InoLab\u00ae pH\/ION 7320 :\u00a0  L&#039;instrument pH Ionom\u00e8tre WTW - InoLab\u00ae pH\/ION 7320 est un instrument de laboratoire de pr\u00e9cision pour des mesures de concentrations ioniques et de pH gr\u00e2ce \u00e0 des m\u00e9thodes ISE am\u00e9lior\u00e9es pour la mesure de concentration avec des \u00e9lectrodes ioniques sp\u00e9cifiques.  Caract\u00e9ristiques :   \u00c9talonnage 1 \u00e0 5 points pour le pH  \u00c9talonnage 1 \u00e0 7 points pour la concentration ionique, lin\u00e9aire ou non lin\u00e9aire  Correction de la valeur \u00e0 blanc, m\u00e9thodes incr\u00e9mentales : addition\/soustraction standard, addition\/soustraction d&#039;\u00e9chantillons  Concentration en diff\u00e9rentes unit\u00e9s  Option AutoRead  Version DIN ou BNC  \u00c9cran graphique r\u00e9tro-\u00e9clair\u00e9  Disponible avec une imprimante int\u00e9gr\u00e9e.  T\u00e9l\u00e9charger la brochure produit : Appareil de laboratoire WTW - InoLab\u00ae pH\/ION 7320\" \/>\n<meta property=\"og:url\" content=\"https:\/\/webdesi-gn.fr\/dev_deltalabo\/produits\/cat-produit\/ph-ionometre-wtw-inolab-ph-ion-7320\/\" \/>\n<meta property=\"og:site_name\" content=\"DeltaLabo\" \/>\n<meta property=\"article:modified_time\" content=\"2025-11-24T14:22:01+00:00\" \/>\n<meta property=\"og:image\" content=\"https:\/\/webdesi-gn.fr\/dev_deltalabo\/wp-content\/uploads\/2022\/01\/laboratory-g43d8b3442_1280.jpg\" \/>\n\t<meta property=\"og:image:width\" content=\"1280\" \/>\n\t<meta property=\"og:image:height\" content=\"853\" \/>\n\t<meta property=\"og:image:type\" content=\"image\/jpeg\" \/>\n<meta name=\"twitter:card\" content=\"summary_large_image\" \/>\n<script type=\"application\/ld+json\" class=\"yoast-schema-graph\">{\"@context\":\"https:\\\/\\\/schema.org\",\"@graph\":[{\"@type\":\"WebPage\",\"@id\":\"https:\\\/\\\/webdesi-gn.fr\\\/dev_deltalabo\\\/produits\\\/cat-produit\\\/ph-ionometre-wtw-inolab-ph-ion-7320\\\/\",\"url\":\"https:\\\/\\\/webdesi-gn.fr\\\/dev_deltalabo\\\/produits\\\/cat-produit\\\/ph-ionometre-wtw-inolab-ph-ion-7320\\\/\",\"name\":\"pH Ionom\u00e8tre WTW - InoLab\u00ae pH\\\/ION 7320 | DeltaLabo\",\"isPartOf\":{\"@id\":\"https:\\\/\\\/webdesi-gn.fr\\\/dev_deltalabo\\\/#website\"},\"primaryImageOfPage\":{\"@id\":\"https:\\\/\\\/webdesi-gn.fr\\\/dev_deltalabo\\\/produits\\\/cat-produit\\\/ph-ionometre-wtw-inolab-ph-ion-7320\\\/#primaryimage\"},\"image\":{\"@id\":\"https:\\\/\\\/webdesi-gn.fr\\\/dev_deltalabo\\\/produits\\\/cat-produit\\\/ph-ionometre-wtw-inolab-ph-ion-7320\\\/#primaryimage\"},\"thumbnailUrl\":\"https:\\\/\\\/webdesi-gn.fr\\\/dev_deltalabo\\\/wp-content\\\/uploads\\\/2025\\\/11\\\/DELTA-LABO-Appareil-de-laboratoire-WTW-InoLab-pH-ION-7320.png\",\"datePublished\":\"2025-11-24T14:19:31+00:00\",\"dateModified\":\"2025-11-24T14:22:01+00:00\",\"breadcrumb\":{\"@id\":\"https:\\\/\\\/webdesi-gn.fr\\\/dev_deltalabo\\\/produits\\\/cat-produit\\\/ph-ionometre-wtw-inolab-ph-ion-7320\\\/#breadcrumb\"},\"inLanguage\":\"fr-FR\",\"potentialAction\":[{\"@type\":\"ReadAction\",\"target\":[\"https:\\\/\\\/webdesi-gn.fr\\\/dev_deltalabo\\\/produits\\\/cat-produit\\\/ph-ionometre-wtw-inolab-ph-ion-7320\\\/\"]}]},{\"@type\":\"ImageObject\",\"inLanguage\":\"fr-FR\",\"@id\":\"https:\\\/\\\/webdesi-gn.fr\\\/dev_deltalabo\\\/produits\\\/cat-produit\\\/ph-ionometre-wtw-inolab-ph-ion-7320\\\/#primaryimage\",\"url\":\"https:\\\/\\\/webdesi-gn.fr\\\/dev_deltalabo\\\/wp-content\\\/uploads\\\/2025\\\/11\\\/DELTA-LABO-Appareil-de-laboratoire-WTW-InoLab-pH-ION-7320.png\",\"contentUrl\":\"https:\\\/\\\/webdesi-gn.fr\\\/dev_deltalabo\\\/wp-content\\\/uploads\\\/2025\\\/11\\\/DELTA-LABO-Appareil-de-laboratoire-WTW-InoLab-pH-ION-7320.png\",\"width\":500,\"height\":500},{\"@type\":\"BreadcrumbList\",\"@id\":\"https:\\\/\\\/webdesi-gn.fr\\\/dev_deltalabo\\\/produits\\\/cat-produit\\\/ph-ionometre-wtw-inolab-ph-ion-7320\\\/#breadcrumb\",\"itemListElement\":[{\"@type\":\"ListItem\",\"position\":1,\"name\":\"Accueil\",\"item\":\"https:\\\/\\\/webdesi-gn.fr\\\/dev_deltalabo\\\/\"},{\"@type\":\"ListItem\",\"position\":2,\"name\":\"Produits\",\"item\":\"https:\\\/\\\/webdesi-gn.fr\\\/dev_deltalabo\\\/produits\\\/\"},{\"@type\":\"ListItem\",\"position\":3,\"name\":\"pH Ionom\u00e8tre WTW &#8211; InoLab\u00ae pH\\\/ION 7320\"}]},{\"@type\":\"WebSite\",\"@id\":\"https:\\\/\\\/webdesi-gn.fr\\\/dev_deltalabo\\\/#website\",\"url\":\"https:\\\/\\\/webdesi-gn.fr\\\/dev_deltalabo\\\/\",\"name\":\"Delta Labo\",\"description\":\"Un site utilisant WordPress\",\"publisher\":{\"@id\":\"https:\\\/\\\/webdesi-gn.fr\\\/dev_deltalabo\\\/#organization\"},\"alternateName\":\"Delta Labo\",\"potentialAction\":[{\"@type\":\"SearchAction\",\"target\":{\"@type\":\"EntryPoint\",\"urlTemplate\":\"https:\\\/\\\/webdesi-gn.fr\\\/dev_deltalabo\\\/?s={search_term_string}\"},\"query-input\":{\"@type\":\"PropertyValueSpecification\",\"valueRequired\":true,\"valueName\":\"search_term_string\"}}],\"inLanguage\":\"fr-FR\"},{\"@type\":\"Organization\",\"@id\":\"https:\\\/\\\/webdesi-gn.fr\\\/dev_deltalabo\\\/#organization\",\"name\":\"DeltaLabo\",\"url\":\"https:\\\/\\\/webdesi-gn.fr\\\/dev_deltalabo\\\/\",\"logo\":{\"@type\":\"ImageObject\",\"inLanguage\":\"fr-FR\",\"@id\":\"https:\\\/\\\/webdesi-gn.fr\\\/dev_deltalabo\\\/#\\\/schema\\\/logo\\\/image\\\/\",\"url\":\"https:\\\/\\\/webdesi-gn.fr\\\/dev_deltalabo\\\/wp-content\\\/uploads\\\/2022\\\/07\\\/logo-deltalabo.png\",\"contentUrl\":\"https:\\\/\\\/webdesi-gn.fr\\\/dev_deltalabo\\\/wp-content\\\/uploads\\\/2022\\\/07\\\/logo-deltalabo.png\",\"width\":694,\"height\":306,\"caption\":\"DeltaLabo\"},\"image\":{\"@id\":\"https:\\\/\\\/webdesi-gn.fr\\\/dev_deltalabo\\\/#\\\/schema\\\/logo\\\/image\\\/\"}}]}<\/script>\n<!-- \/ Yoast SEO plugin. -->","yoast_head_json":{"title":"pH Ionom\u00e8tre WTW - InoLab\u00ae pH\/ION 7320 | DeltaLabo","robots":{"index":"noindex","follow":"follow","max-snippet":"max-snippet:-1","max-image-preview":"max-image-preview:large","max-video-preview":"max-video-preview:-1"},"og_locale":"fr_FR","og_type":"article","og_title":"pH Ionom\u00e8tre WTW - InoLab\u00ae pH\/ION 7320 | DeltaLabo","og_description":"pH Ionom\u00e8tre WTW - InoLab\u00ae pH\/ION 7320 :\u00a0  L'instrument pH Ionom\u00e8tre WTW - InoLab\u00ae pH\/ION 7320 est un instrument de laboratoire de pr\u00e9cision pour des mesures de concentrations ioniques et de pH gr\u00e2ce \u00e0 des m\u00e9thodes ISE am\u00e9lior\u00e9es pour la mesure de concentration avec des \u00e9lectrodes ioniques sp\u00e9cifiques.  Caract\u00e9ristiques :   \u00c9talonnage 1 \u00e0 5 points pour le pH  \u00c9talonnage 1 \u00e0 7 points pour la concentration ionique, lin\u00e9aire ou non lin\u00e9aire  Correction de la valeur \u00e0 blanc, m\u00e9thodes incr\u00e9mentales : addition\/soustraction standard, addition\/soustraction d'\u00e9chantillons  Concentration en diff\u00e9rentes unit\u00e9s  Option AutoRead  Version DIN ou BNC  \u00c9cran graphique r\u00e9tro-\u00e9clair\u00e9  Disponible avec une imprimante int\u00e9gr\u00e9e.  T\u00e9l\u00e9charger la brochure produit : Appareil de laboratoire WTW - InoLab\u00ae pH\/ION 7320","og_url":"https:\/\/webdesi-gn.fr\/dev_deltalabo\/produits\/cat-produit\/ph-ionometre-wtw-inolab-ph-ion-7320\/","og_site_name":"DeltaLabo","article_modified_time":"2025-11-24T14:22:01+00:00","og_image":[{"width":1280,"height":853,"url":"https:\/\/webdesi-gn.fr\/dev_deltalabo\/wp-content\/uploads\/2022\/01\/laboratory-g43d8b3442_1280.jpg","type":"image\/jpeg"}],"twitter_card":"summary_large_image","schema":{"@context":"https:\/\/schema.org","@graph":[{"@type":"WebPage","@id":"https:\/\/webdesi-gn.fr\/dev_deltalabo\/produits\/cat-produit\/ph-ionometre-wtw-inolab-ph-ion-7320\/","url":"https:\/\/webdesi-gn.fr\/dev_deltalabo\/produits\/cat-produit\/ph-ionometre-wtw-inolab-ph-ion-7320\/","name":"pH Ionom\u00e8tre WTW - InoLab\u00ae pH\/ION 7320 | DeltaLabo","isPartOf":{"@id":"https:\/\/webdesi-gn.fr\/dev_deltalabo\/#website"},"primaryImageOfPage":{"@id":"https:\/\/webdesi-gn.fr\/dev_deltalabo\/produits\/cat-produit\/ph-ionometre-wtw-inolab-ph-ion-7320\/#primaryimage"},"image":{"@id":"https:\/\/webdesi-gn.fr\/dev_deltalabo\/produits\/cat-produit\/ph-ionometre-wtw-inolab-ph-ion-7320\/#primaryimage"},"thumbnailUrl":"https:\/\/webdesi-gn.fr\/dev_deltalabo\/wp-content\/uploads\/2025\/11\/DELTA-LABO-Appareil-de-laboratoire-WTW-InoLab-pH-ION-7320.png","datePublished":"2025-11-24T14:19:31+00:00","dateModified":"2025-11-24T14:22:01+00:00","breadcrumb":{"@id":"https:\/\/webdesi-gn.fr\/dev_deltalabo\/produits\/cat-produit\/ph-ionometre-wtw-inolab-ph-ion-7320\/#breadcrumb"},"inLanguage":"fr-FR","potentialAction":[{"@type":"ReadAction","target":["https:\/\/webdesi-gn.fr\/dev_deltalabo\/produits\/cat-produit\/ph-ionometre-wtw-inolab-ph-ion-7320\/"]}]},{"@type":"ImageObject","inLanguage":"fr-FR","@id":"https:\/\/webdesi-gn.fr\/dev_deltalabo\/produits\/cat-produit\/ph-ionometre-wtw-inolab-ph-ion-7320\/#primaryimage","url":"https:\/\/webdesi-gn.fr\/dev_deltalabo\/wp-content\/uploads\/2025\/11\/DELTA-LABO-Appareil-de-laboratoire-WTW-InoLab-pH-ION-7320.png","contentUrl":"https:\/\/webdesi-gn.fr\/dev_deltalabo\/wp-content\/uploads\/2025\/11\/DELTA-LABO-Appareil-de-laboratoire-WTW-InoLab-pH-ION-7320.png","width":500,"height":500},{"@type":"BreadcrumbList","@id":"https:\/\/webdesi-gn.fr\/dev_deltalabo\/produits\/cat-produit\/ph-ionometre-wtw-inolab-ph-ion-7320\/#breadcrumb","itemListElement":[{"@type":"ListItem","position":1,"name":"Accueil","item":"https:\/\/webdesi-gn.fr\/dev_deltalabo\/"},{"@type":"ListItem","position":2,"name":"Produits","item":"https:\/\/webdesi-gn.fr\/dev_deltalabo\/produits\/"},{"@type":"ListItem","position":3,"name":"pH Ionom\u00e8tre WTW &#8211; InoLab\u00ae pH\/ION 7320"}]},{"@type":"WebSite","@id":"https:\/\/webdesi-gn.fr\/dev_deltalabo\/#website","url":"https:\/\/webdesi-gn.fr\/dev_deltalabo\/","name":"Delta Labo","description":"Un site utilisant WordPress","publisher":{"@id":"https:\/\/webdesi-gn.fr\/dev_deltalabo\/#organization"},"alternateName":"Delta Labo","potentialAction":[{"@type":"SearchAction","target":{"@type":"EntryPoint","urlTemplate":"https:\/\/webdesi-gn.fr\/dev_deltalabo\/?s={search_term_string}"},"query-input":{"@type":"PropertyValueSpecification","valueRequired":true,"valueName":"search_term_string"}}],"inLanguage":"fr-FR"},{"@type":"Organization","@id":"https:\/\/webdesi-gn.fr\/dev_deltalabo\/#organization","name":"DeltaLabo","url":"https:\/\/webdesi-gn.fr\/dev_deltalabo\/","logo":{"@type":"ImageObject","inLanguage":"fr-FR","@id":"https:\/\/webdesi-gn.fr\/dev_deltalabo\/#\/schema\/logo\/image\/","url":"https:\/\/webdesi-gn.fr\/dev_deltalabo\/wp-content\/uploads\/2022\/07\/logo-deltalabo.png","contentUrl":"https:\/\/webdesi-gn.fr\/dev_deltalabo\/wp-content\/uploads\/2022\/07\/logo-deltalabo.png","width":694,"height":306,"caption":"DeltaLabo"},"image":{"@id":"https:\/\/webdesi-gn.fr\/dev_deltalabo\/#\/schema\/logo\/image\/"}}]}},"_links":{"self":[{"href":"https:\/\/webdesi-gn.fr\/dev_deltalabo\/wp-json\/wp\/v2\/product\/262761","targetHints":{"allow":["GET"]}}],"collection":[{"href":"https:\/\/webdesi-gn.fr\/dev_deltalabo\/wp-json\/wp\/v2\/product"}],"about":[{"href":"https:\/\/webdesi-gn.fr\/dev_deltalabo\/wp-json\/wp\/v2\/types\/product"}],"wp:featuredmedia":[{"embeddable":true,"href":"https:\/\/webdesi-gn.fr\/dev_deltalabo\/wp-json\/wp\/v2\/media\/262834"}],"wp:attachment":[{"href":"https:\/\/webdesi-gn.fr\/dev_deltalabo\/wp-json\/wp\/v2\/media?parent=262761"}],"wp:term":[{"taxonomy":"domaine","embeddable":true,"href":"https:\/\/webdesi-gn.fr\/dev_deltalabo\/wp-json\/wp\/v2\/domaine?post=262761"},{"taxonomy":"normes","embeddable":true,"href":"https:\/\/webdesi-gn.fr\/dev_deltalabo\/wp-json\/wp\/v2\/normes?post=262761"},{"taxonomy":"product_brand","embeddable":true,"href":"https:\/\/webdesi-gn.fr\/dev_deltalabo\/wp-json\/wp\/v2\/product_brand?post=262761"},{"taxonomy":"product_cat","embeddable":true,"href":"https:\/\/webdesi-gn.fr\/dev_deltalabo\/wp-json\/wp\/v2\/product_cat?post=262761"},{"taxonomy":"product_tag","embeddable":true,"href":"https:\/\/webdesi-gn.fr\/dev_deltalabo\/wp-json\/wp\/v2\/product_tag?post=262761"}],"curies":[{"name":"wp","href":"https:\/\/api.w.org\/{rel}","templated":true}]}}